65.108.125.120 - - [13/May/2026:22:00:25 +0530] "GET /india/product/ultra-fortyfying-200ml/?action=yith-woocompare-add-product&id=3842&_wpnonce=e4689179e4 HTTP/1.1" 302 - "-" "Mozilla/5.0 (compatible; MJ12bot/v1.4.8; http://mj12bot.com/)"
65.108.125.120 - - [13/May/2026:22:00:28 +0530] "GET /india/product/ultra-fortyfying-200ml/ HTTP/1.1" 200 130531 "-" "Mozilla/5.0 (compatible; MJ12bot/v1.4.8; http://mj12bot.com/)"
65.108.125.120 - - [13/May/2026:22:00:32 +0530] "GET /india/product/ultra-fortyfying-200ml/?add_to_wishlist=3808&action=yith-woocompare-add-product&id=3808&_wpnonce=e4689179e4 HTTP/1.1" 302 - "-" "Mozilla/5.0 (compatible; MJ12bot/v1.4.8; http://mj12bot.com/)"
65.108.125.120 - - [13/May/2026:22:00:36 +0530] "GET /india/product/ultra-fortyfying-200ml/?add_to_wishlist=3808 HTTP/1.1" 200 130864 "-" "Mozilla/5.0 (compatible; MJ12bot/v1.4.8; http://mj12bot.com/)"
65.108.125.120 - - [13/May/2026:22:00:40 +0530] "GET /india/product/ultra-fortyfying-200ml/?add_to_wishlist=3808&action=yith-woocompare-add-product&id=3815&_wpnonce=e4689179e4 HTTP/1.1" 302 - "-" "Mozilla/5.0 (compatible; MJ12bot/v1.4.8; http://mj12bot.com/)"
65.108.125.120 - - [13/May/2026:22:00:43 +0530] "GET /india/product/ultra-fortyfying-200ml/?add_to_wishlist=3808 HTTP/1.1" 200 130863 "-" "Mozilla/5.0 (compatible; MJ12bot/v1.4.8; http://mj12bot.com/)"
65.108.125.120 - - [13/May/2026:22:00:47 +0530] "GET /india/product/ultra-fortyfying-200ml/?add_to_wishlist=3808&action=yith-woocompare-add-product&id=3820&_wpnonce=e4689179e4 HTTP/1.1" 302 - "-" "Mozilla/5.0 (compatible; MJ12bot/v1.4.8; http://mj12bot.com/)"
65.108.125.120 - - [13/May/2026:22:00:50 +0530] "GET /india/product/ultra-fortyfying-200ml/?add_to_wishlist=3808 HTTP/1.1" 200 130864 "-" "Mozilla/5.0 (compatible; MJ12bot/v1.4.8; http://mj12bot.com/)"
65.108.125.120 - - [13/May/2026:22:00:54 +0530] "GET /india/product/ultra-fortyfying-200ml/?add_to_wishlist=3808&action=yith-woocompare-add-product&id=3821&_wpnonce=e4689179e4 HTTP/1.1" 302 - "-" "Mozilla/5.0 (compatible; MJ12bot/v1.4.8; http://mj12bot.com/)"
65.108.125.120 - - [13/May/2026:22:00:58 +0530] "GET /india/product/ultra-fortyfying-200ml/?add_to_wishlist=3808 HTTP/1.1" 200 130864 "-" "Mozilla/5.0 (compatible; MJ12bot/v1.4.8; http://mj12bot.com/)"
65.108.125.120 - - [13/May/2026:22:01:01 +0530] "GET /india/product/ultra-fortyfying-200ml/?add_to_wishlist=3808&action=yith-woocompare-add-product&id=3822&_wpnonce=e4689179e4 HTTP/1.1" 302 - "-" "Mozilla/5.0 (compatible; MJ12bot/v1.4.8; http://mj12bot.com/)"
65.108.125.120 - - [13/May/2026:22:01:05 +0530] "GET /india/product/ultra-fortyfying-200ml/?add_to_wishlist=3808 HTTP/1.1" 200 130864 "-" "Mozilla/5.0 (compatible; MJ12bot/v1.4.8; http://mj12bot.com/)"
17.241.227.179 - - [13/May/2026:22:01:08 +0530] "GET /india/product/gentle-soothing-225ml/?action=yith-woocompare-add-product&id=3841&_wpnonce=7098bf61dd HTTP/1.1" 302 - "-" "Mozilla/5.0 (Macintosh; Intel Mac OS X 10_15_7) AppleWebKit/605.1.15 (KHTML, like Gecko) Version/17.4 Safari/605.1.15 (Applebot/0.1; +http://www.apple.com/go/applebot)"
65.108.125.120 - - [13/May/2026:22:01:10 +0530] "GET /india/product/ultra-fortyfying-200ml/?add_to_wishlist=3808&action=yith-woocompare-add-product&id=3823&_wpnonce=e4689179e4 HTTP/1.1" 302 - "-" "Mozilla/5.0 (compatible; MJ12bot/v1.4.8; http://mj12bot.com/)"
17.241.227.179 - - [13/May/2026:22:01:11 +0530] "GET /india/product/gentle-soothing-225ml/ HTTP/1.1" 200 127445 "-" "Mozilla/5.0 (Macintosh; Intel Mac OS X 10_15_7) AppleWebKit/605.1.15 (KHTML, like Gecko) Version/17.4 Safari/605.1.15 (Applebot/0.1; +http://www.apple.com/go/applebot)"
65.108.125.120 - - [13/May/2026:22:01:14 +0530] "GET /india/product/ultra-fortyfying-200ml/?add_to_wishlist=3808 HTTP/1.1" 200 130864 "-" "Mozilla/5.0 (compatible; MJ12bot/v1.4.8; http://mj12bot.com/)"
65.108.125.120 - - [13/May/2026:22:01:18 +0530] "GET /india/product/ultra-fortyfying-200ml/?add_to_wishlist=3808&action=yith-woocompare-add-product&id=3827&_wpnonce=e4689179e4 HTTP/1.1" 302 - "-" "Mozilla/5.0 (compatible; MJ12bot/v1.4.8; http://mj12bot.com/)"
114.119.157.108 - - [13/May/2026:22:01:21 +0530] "GET /india/product/dandruff-guard-140ml?action=yith-woocompare-add-product&id=3875 HTTP/1.1" 302 - "-" "Mozilla/5.0 (Linux; Android 7.0;) AppleWebKit/537.36 (KHTML, like Gecko) Mobile Safari/537.36 (compatible; PetalBot;+https://webmaster.petalsearch.com/site/petalbot)"
65.108.125.120 - - [13/May/2026:22:01:23 +0530] "GET /india/product/ultra-fortyfying-200ml/?add_to_wishlist=3808 HTTP/1.1" 200 130863 "-" "Mozilla/5.0 (compatible; MJ12bot/v1.4.8; http://mj12bot.com/)"
114.119.157.108 - - [13/May/2026:22:01:27 +0530] "GET /india/product/dandruff-guard-140ml HTTP/1.1" 301 - "-" "Mozilla/5.0 (Linux; Android 7.0;) AppleWebKit/537.36 (KHTML, like Gecko) Mobile Safari/537.36 (compatible; PetalBot;+https://webmaster.petalsearch.com/site/petalbot)"
65.108.125.120 - - [13/May/2026:22:01:30 +0530] "GET /india/product/ultra-fortyfying-200ml/?add_to_wishlist=3808&action=yith-woocompare-add-product&id=3828&_wpnonce=e4689179e4 HTTP/1.1" 302 - "-" "Mozilla/5.0 (compatible; MJ12bot/v1.4.8; http://mj12bot.com/)"
114.119.157.108 - - [13/May/2026:22:01:32 +0530] "GET /india/product/dandruff-guard-140ml/ HTTP/1.1" 200 70014 "-" "Mozilla/5.0 (Linux; Android 7.0;) AppleWebKit/537.36 (KHTML, like Gecko) Mobile Safari/537.36 (compatible; PetalBot;+https://webmaster.petalsearch.com/site/petalbot)"
17.246.15.65 - - [13/May/2026:22:01:33 +0530] "GET /india/product/dandruff-guard-500g/?action=yith-woocompare-add-product&id=3876&_wpnonce=27f0f8dd53 HTTP/1.1" 302 - "-" "Mozilla/5.0 (Macintosh; Intel Mac OS X 10_15_7) AppleWebKit/605.1.15 (KHTML, like Gecko) Version/17.4 Safari/605.1.15 (Applebot/0.1; +http://www.apple.com/go/applebot)"
65.108.125.120 - - [13/May/2026:22:01:34 +0530] "GET /india/product/ultra-fortyfying-200ml/?add_to_wishlist=3808 HTTP/1.1" 200 130863 "-" "Mozilla/5.0 (compatible; MJ12bot/v1.4.8; http://mj12bot.com/)"
17.246.15.65 - - [13/May/2026:22:01:37 +0530] "GET /india/product/dandruff-guard-500g/ HTTP/1.1" 200 127901 "-" "Mozilla/5.0 (Macintosh; Intel Mac OS X 10_15_7) AppleWebKit/605.1.15 (KHTML, like Gecko) Version/17.4 Safari/605.1.15 (Applebot/0.1; +http://www.apple.com/go/applebot)"
65.108.125.120 - - [13/May/2026:22:01:41 +0530] "GET /india/product/ultra-fortyfying-200ml/?add_to_wishlist=3808&action=yith-woocompare-add-product&id=3837&_wpnonce=e4689179e4 HTTP/1.1" 302 - "-" "Mozilla/5.0 (compatible; MJ12bot/v1.4.8; http://mj12bot.com/)"
65.108.125.120 - - [13/May/2026:22:01:44 +0530] "GET /india/product/ultra-fortyfying-200ml/?add_to_wishlist=3808 HTTP/1.1" 200 130863 "-" "Mozilla/5.0 (compatible; MJ12bot/v1.4.8; http://mj12bot.com/)"
65.108.125.120 - - [13/May/2026:22:01:48 +0530] "GET /india/product/ultra-fortyfying-200ml/?add_to_wishlist=3808&action=yith-woocompare-add-product&id=3841&_wpnonce=e4689179e4 HTTP/1.1" 302 - "-" "Mozilla/5.0 (compatible; MJ12bot/v1.4.8; http://mj12bot.com/)"
65.108.125.120 - - [13/May/2026:22:01:52 +0530] "GET /india/product/ultra-fortyfying-200ml/?add_to_wishlist=3808 HTTP/1.1" 200 130864 "-" "Mozilla/5.0 (compatible; MJ12bot/v1.4.8; http://mj12bot.com/)"
65.108.125.120 - - [13/May/2026:22:01:55 +0530] "GET /india/product/ultra-fortyfying-200ml/?add_to_wishlist=3808&action=yith-woocompare-add-product&id=3842&_wpnonce=e4689179e4 HTTP/1.1" 302 - "-" "Mozilla/5.0 (compatible; MJ12bot/v1.4.8; http://mj12bot.com/)"
65.108.125.120 - - [13/May/2026:22:01:59 +0530] "GET /india/product/ultra-fortyfying-200ml/?add_to_wishlist=3808 HTTP/1.1" 200 130864 "-" "Mozilla/5.0 (compatible; MJ12bot/v1.4.8; http://mj12bot.com/)"
65.108.125.120 - - [13/May/2026:22:02:02 +0530] "GET /india/product/ultra-fortyfying-200ml/?add_to_wishlist=3815&action=yith-woocompare-add-product&id=3808&_wpnonce=e4689179e4 HTTP/1.1" 302 - "-" "Mozilla/5.0 (compatible; MJ12bot/v1.4.8; http://mj12bot.com/)"
65.108.125.120 - - [13/May/2026:22:02:06 +0530] "GET /india/product/ultra-fortyfying-200ml/?add_to_wishlist=3815 HTTP/1.1" 200 130864 "-" "Mozilla/5.0 (compatible; MJ12bot/v1.4.8; http://mj12bot.com/)"
65.108.125.120 - - [13/May/2026:22:02:11 +0530] "GET /india/product/ultra-fortyfying-200ml/?add_to_wishlist=3815&action=yith-woocompare-add-product&id=3815&_wpnonce=e4689179e4 HTTP/1.1" 302 - "-" "Mozilla/5.0 (compatible; MJ12bot/v1.4.8; http://mj12bot.com/)"
65.108.125.120 - - [13/May/2026:22:02:14 +0530] "GET /india/product/ultra-fortyfying-200ml/?add_to_wishlist=3815 HTTP/1.1" 200 130864 "-" "Mozilla/5.0 (compatible; MJ12bot/v1.4.8; http://mj12bot.com/)"
65.108.125.120 - - [13/May/2026:22:02:18 +0530] "GET /india/product/ultra-fortyfying-200ml/?add_to_wishlist=3815&action=yith-woocompare-add-product&id=3820&_wpnonce=e4689179e4 HTTP/1.1" 302 - "-" "Mozilla/5.0 (compatible; MJ12bot/v1.4.8; http://mj12bot.com/)"
65.108.125.120 - - [13/May/2026:22:02:22 +0530] "GET /india/product/ultra-fortyfying-200ml/?add_to_wishlist=3815 HTTP/1.1" 200 130864 "-" "Mozilla/5.0 (compatible; MJ12bot/v1.4.8; http://mj12bot.com/)"
65.108.125.120 - - [13/May/2026:22:02:30 +0530] "GET /india/product/ultra-fortyfying-200ml/?add_to_wishlist=3815&action=yith-woocompare-add-product&id=3821&_wpnonce=e4689179e4 HTTP/1.1" 302 - "-" "Mozilla/5.0 (compatible; MJ12bot/v1.4.8; http://mj12bot.com/)"
65.108.125.120 - - [13/May/2026:22:02:38 +0530] "GET /india/product/ultra-fortyfying-200ml/?add_to_wishlist=3815 HTTP/1.1" 200 130863 "-" "Mozilla/5.0 (compatible; MJ12bot/v1.4.8; http://mj12bot.com/)"
65.108.125.120 - - [13/May/2026:22:02:46 +0530] "GET /india/product/ultra-fortyfying-200ml/?add_to_wishlist=3815&action=yith-woocompare-add-product&id=3822&_wpnonce=e4689179e4 HTTP/1.1" 302 - "-" "Mozilla/5.0 (compatible; MJ12bot/v1.4.8; http://mj12bot.com/)"
65.108.125.120 - - [13/May/2026:22:02:49 +0530] "GET /india/product/ultra-fortyfying-200ml/?add_to_wishlist=3815 HTTP/1.1" 200 130863 "-" "Mozilla/5.0 (compatible; MJ12bot/v1.4.8; http://mj12bot.com/)"
65.108.125.120 - - [13/May/2026:22:02:53 +0530] "GET /india/product/ultra-fortyfying-200ml/?add_to_wishlist=3815&action=yith-woocompare-add-product&id=3823&_wpnonce=e4689179e4 HTTP/1.1" 302 - "-" "Mozilla/5.0 (compatible; MJ12bot/v1.4.8; http://mj12bot.com/)"
114.119.136.138 - - [13/May/2026:22:02:53 +0530] "GET /india/product/dandruff-guard-140ml?action=yith-woocompare-add-product&id=3875 HTTP/1.1" 302 - "-" "Mozilla/5.0 (Linux; Android 7.0;) AppleWebKit/537.36 (KHTML, like Gecko) Mobile Safari/537.36 (compatible; PetalBot;+https://webmaster.petalsearch.com/site/petalbot)"
65.108.125.120 - - [13/May/2026:22:02:56 +0530] "GET /india/product/ultra-fortyfying-200ml/?add_to_wishlist=3815 HTTP/1.1" 200 130864 "-" "Mozilla/5.0 (compatible; MJ12bot/v1.4.8; http://mj12bot.com/)"
114.119.136.138 - - [13/May/2026:22:02:57 +0530] "GET /india/product/dandruff-guard-140ml HTTP/1.1" 301 - "-" "Mozilla/5.0 (Linux; Android 7.0;) AppleWebKit/537.36 (KHTML, like Gecko) Mobile Safari/537.36 (compatible; PetalBot;+https://webmaster.petalsearch.com/site/petalbot)"
65.108.125.120 - - [13/May/2026:22:03:00 +0530] "GET /india/product/ultra-fortyfying-200ml/?add_to_wishlist=3815&action=yith-woocompare-add-product&id=3827&_wpnonce=e4689179e4 HTTP/1.1" 302 - "-" "Mozilla/5.0 (compatible; MJ12bot/v1.4.8; http://mj12bot.com/)"
114.119.136.138 - - [13/May/2026:22:03:01 +0530] "GET /india/product/dandruff-guard-140ml/ HTTP/1.1" 200 70014 "-" "Mozilla/5.0 (Linux; Android 7.0;) AppleWebKit/537.36 (KHTML, like Gecko) Mobile Safari/537.36 (compatible; PetalBot;+https://webmaster.petalsearch.com/site/petalbot)"
65.108.125.120 - - [13/May/2026:22:03:04 +0530] "GET /india/product/ultra-fortyfying-200ml/?add_to_wishlist=3815 HTTP/1.1" 200 130864 "-" "Mozilla/5.0 (compatible; MJ12bot/v1.4.8; http://mj12bot.com/)"
65.108.125.120 - - [13/May/2026:22:03:08 +0530] "GET /india/product/ultra-fortyfying-200ml/?add_to_wishlist=3815&action=yith-woocompare-add-product&id=3828&_wpnonce=e4689179e4 HTTP/1.1" 302 - "-" "Mozilla/5.0 (compatible; MJ12bot/v1.4.8; http://mj12bot.com/)"
65.108.125.120 - - [13/May/2026:22:03:12 +0530] "GET /india/product/ultra-fortyfying-200ml/?add_to_wishlist=3815 HTTP/1.1" 200 130863 "-" "Mozilla/5.0 (compatible; MJ12bot/v1.4.8; http://mj12bot.com/)"
65.108.125.120 - - [13/May/2026:22:03:16 +0530] "GET /india/product/ultra-fortyfying-200ml/?add_to_wishlist=3815&action=yith-woocompare-add-product&id=3837&_wpnonce=e4689179e4 HTTP/1.1" 302 - "-" "Mozilla/5.0 (compatible; MJ12bot/v1.4.8; http://mj12bot.com/)"
65.108.125.120 - - [13/May/2026:22:03:19 +0530] "GET /india/product/ultra-fortyfying-200ml/?add_to_wishlist=3815 HTTP/1.1" 200 130863 "-" "Mozilla/5.0 (compatible; MJ12bot/v1.4.8; http://mj12bot.com/)"
65.108.125.120 - - [13/May/2026:22:03:23 +0530] "GET /india/product/ultra-fortyfying-200ml/?add_to_wishlist=3815&action=yith-woocompare-add-product&id=3841&_wpnonce=e4689179e4 HTTP/1.1" 302 - "-" "Mozilla/5.0 (compatible; MJ12bot/v1.4.8; http://mj12bot.com/)"
65.108.125.120 - - [13/May/2026:22:03:26 +0530] "GET /india/product/ultra-fortyfying-200ml/?add_to_wishlist=3815 HTTP/1.1" 200 130863 "-" "Mozilla/5.0 (compatible; MJ12bot/v1.4.8; http://mj12bot.com/)"
65.108.125.120 - - [13/May/2026:22:03:30 +0530] "GET /india/product/ultra-fortyfying-200ml/?add_to_wishlist=3815&action=yith-woocompare-add-product&id=3842&_wpnonce=e4689179e4 HTTP/1.1" 302 - "-" "Mozilla/5.0 (compatible; MJ12bot/v1.4.8; http://mj12bot.com/)"
65.108.125.120 - - [13/May/2026:22:03:34 +0530] "GET /india/product/ultra-fortyfying-200ml/?add_to_wishlist=3815 HTTP/1.1" 200 130864 "-" "Mozilla/5.0 (compatible; MJ12bot/v1.4.8; http://mj12bot.com/)"
65.108.125.120 - - [13/May/2026:22:03:39 +0530] "GET /india/product/ultra-fortyfying-200ml/?add_to_wishlist=3820&action=yith-woocompare-add-product&id=3808&_wpnonce=e4689179e4 HTTP/1.1" 302 - "-" "Mozilla/5.0 (compatible; MJ12bot/v1.4.8; http://mj12bot.com/)"
65.108.125.120 - - [13/May/2026:22:03:42 +0530] "GET /india/product/ultra-fortyfying-200ml/?add_to_wishlist=3820 HTTP/1.1" 200 130863 "-" "Mozilla/5.0 (compatible; MJ12bot/v1.4.8; http://mj12bot.com/)"
65.108.125.120 - - [13/May/2026:22:03:46 +0530] "GET /india/product/ultra-fortyfying-200ml/?add_to_wishlist=3820&action=yith-woocompare-add-product&id=3815&_wpnonce=e4689179e4 HTTP/1.1" 302 - "-" "Mozilla/5.0 (compatible; MJ12bot/v1.4.8; http://mj12bot.com/)"
65.108.125.120 - - [13/May/2026:22:03:49 +0530] "GET /india/product/ultra-fortyfying-200ml/?add_to_wishlist=3820 HTTP/1.1" 200 130863 "-" "Mozilla/5.0 (compatible; MJ12bot/v1.4.8; http://mj12bot.com/)"
65.108.125.120 - - [13/May/2026:22:03:54 +0530] "GET /india/product/ultra-fortyfying-200ml/?add_to_wishlist=3820&action=yith-woocompare-add-product&id=3820&_wpnonce=e4689179e4 HTTP/1.1" 302 - "-" "Mozilla/5.0 (compatible; MJ12bot/v1.4.8; http://mj12bot.com/)"
65.108.125.120 - - [13/May/2026:22:03:57 +0530] "GET /india/product/ultra-fortyfying-200ml/?add_to_wishlist=3820 HTTP/1.1" 200 130863 "-" "Mozilla/5.0 (compatible; MJ12bot/v1.4.8; http://mj12bot.com/)"
17.246.23.176 - - [13/May/2026:22:03:59 +0530] "GET /india/wp-content/plugins/yith-woocommerce-zoom-magnifier/assets/js/yith_magnifier.min.js?ver=1.2.14 HTTP/1.1" 200 9857 "http://dermoviva.com/india/product/deep-conditioning-500g/?add_to_wishlist=3861" "Mozilla/5.0 (Macintosh; Intel Mac OS X 10_15_7) AppleWebKit/605.1.15 (KHTML, like Gecko) Version/17.4 Safari/605.1.15 (Applebot/0.1; +http://www.apple.com/go/applebot)"
65.108.125.120 - - [13/May/2026:22:04:01 +0530] "GET /india/product/ultra-fortyfying-200ml/?add_to_wishlist=3820&action=yith-woocompare-add-product&id=3821&_wpnonce=e4689179e4 HTTP/1.1" 302 - "-" "Mozilla/5.0 (compatible; MJ12bot/v1.4.8; http://mj12bot.com/)"
17.246.15.46 - - [13/May/2026:22:04:03 +0530] "POST /india/product/deep-conditioning-500g/?add_to_wishlist=3861&wc-ajax=get_refreshed_fragments HTTP/1.1" 200 1532 "http://dermoviva.com/india/product/deep-conditioning-500g/?add_to_wishlist=3861" "Mozilla/5.0 (Macintosh; Intel Mac OS X 10_15_7) AppleWebKit/605.1.15 (KHTML, like Gecko) Version/17.4 Safari/605.1.15 (Applebot/0.1; +http://www.apple.com/go/applebot)"
65.108.125.120 - - [13/May/2026:22:04:04 +0530] "GET /india/product/ultra-fortyfying-200ml/?add_to_wishlist=3820 HTTP/1.1" 200 130864 "-" "Mozilla/5.0 (compatible; MJ12bot/v1.4.8; http://mj12bot.com/)"
65.108.125.120 - - [13/May/2026:22:04:08 +0530] "GET /india/product/ultra-fortyfying-200ml/?add_to_wishlist=3820&action=yith-woocompare-add-product&id=3822&_wpnonce=e4689179e4 HTTP/1.1" 302 - "-" "Mozilla/5.0 (compatible; MJ12bot/v1.4.8; http://mj12bot.com/)"
65.108.125.120 - - [13/May/2026:22:04:13 +0530] "GET /india/product/ultra-fortyfying-200ml/?add_to_wishlist=3820 HTTP/1.1" 200 130864 "-" "Mozilla/5.0 (compatible; MJ12bot/v1.4.8; http://mj12bot.com/)"
114.119.142.7 - - [13/May/2026:22:04:15 +0530] "GET /india/product/dandruff-guard-140ml?action=yith-woocompare-add-product&id=3875 HTTP/1.1" 302 - "http://dermoviva.com/india/product/dandruff-guard-140ml?action=yith-woocompare-add-product&id=3875" "Mozilla/5.0 (Linux; Android 7.0;) AppleWebKit/537.36 (HTML, like Gecko) Mobile Safari/537.36 (compatible; PetalBot;+https://webmaster.petalsearch.com/site/petalbot)"
65.108.125.120 - - [13/May/2026:22:04:17 +0530] "GET /india/product/ultra-fortyfying-200ml/?add_to_wishlist=3820&action=yith-woocompare-add-product&id=3823&_wpnonce=e4689179e4 HTTP/1.1" 302 - "-" "Mozilla/5.0 (compatible; MJ12bot/v1.4.8; http://mj12bot.com/)"
114.119.142.7 - - [13/May/2026:22:04:17 +0530] "GET /india/product/dandruff-guard-140ml HTTP/1.1" 301 - "http://dermoviva.com/india/product/dandruff-guard-140ml?action=yith-woocompare-add-product&id=3875" "Mozilla/5.0 (Linux; Android 7.0;) AppleWebKit/537.36 (HTML, like Gecko) Mobile Safari/537.36 (compatible; PetalBot;+https://webmaster.petalsearch.com/site/petalbot)"
114.119.142.7 - - [13/May/2026:22:04:19 +0530] "GET /india/product/dandruff-guard-140ml/ HTTP/1.1" 200 70015 "http://dermoviva.com/india/product/dandruff-guard-140ml?action=yith-woocompare-add-product&id=3875" "Mozilla/5.0 (Linux; Android 7.0;) AppleWebKit/537.36 (HTML, like Gecko) Mobile Safari/537.36 (compatible; PetalBot;+https://webmaster.petalsearch.com/site/petalbot)"
65.108.125.120 - - [13/May/2026:22:04:20 +0530] "GET /india/product/ultra-fortyfying-200ml/?add_to_wishlist=3820 HTTP/1.1" 200 130863 "-" "Mozilla/5.0 (compatible; MJ12bot/v1.4.8; http://mj12bot.com/)"
65.108.125.120 - - [13/May/2026:22:04:24 +0530] "GET /india/product/ultra-fortyfying-200ml/?add_to_wishlist=3820&action=yith-woocompare-add-product&id=3827&_wpnonce=e4689179e4 HTTP/1.1" 302 - "-" "Mozilla/5.0 (compatible; MJ12bot/v1.4.8; http://mj12bot.com/)"
65.108.125.120 - - [13/May/2026:22:04:27 +0530] "GET /india/product/ultra-fortyfying-200ml/?add_to_wishlist=3820 HTTP/1.1" 200 130862 "-" "Mozilla/5.0 (compatible; MJ12bot/v1.4.8; http://mj12bot.com/)"
65.108.125.120 - - [13/May/2026:22:04:31 +0530] "GET /india/product/ultra-fortyfying-200ml/?add_to_wishlist=3820&action=yith-woocompare-add-product&id=3828&_wpnonce=e4689179e4 HTTP/1.1" 302 - "-" "Mozilla/5.0 (compatible; MJ12bot/v1.4.8; http://mj12bot.com/)"
65.108.125.120 - - [13/May/2026:22:04:35 +0530] "GET /india/product/ultra-fortyfying-200ml/?add_to_wishlist=3820 HTTP/1.1" 200 130863 "-" "Mozilla/5.0 (compatible; MJ12bot/v1.4.8; http://mj12bot.com/)"
65.108.125.120 - - [13/May/2026:22:04:39 +0530] "GET /india/product/ultra-fortyfying-200ml/?add_to_wishlist=3820&action=yith-woocompare-add-product&id=3837&_wpnonce=e4689179e4 HTTP/1.1" 302 - "-" "Mozilla/5.0 (compatible; MJ12bot/v1.4.8; http://mj12bot.com/)"
65.108.125.120 - - [13/May/2026:22:04:43 +0530] "GET /india/product/ultra-fortyfying-200ml/?add_to_wishlist=3820 HTTP/1.1" 200 130863 "-" "Mozilla/5.0 (compatible; MJ12bot/v1.4.8; http://mj12bot.com/)"
65.108.125.120 - - [13/May/2026:22:04:47 +0530] "GET /india/product/ultra-fortyfying-200ml/?add_to_wishlist=3820&action=yith-woocompare-add-product&id=3841&_wpnonce=e4689179e4 HTTP/1.1" 302 - "-" "Mozilla/5.0 (compatible; MJ12bot/v1.4.8; http://mj12bot.com/)"
65.108.125.120 - - [13/May/2026:22:04:50 +0530] "GET /india/product/ultra-fortyfying-200ml/?add_to_wishlist=3820 HTTP/1.1" 200 130862 "-" "Mozilla/5.0 (compatible; MJ12bot/v1.4.8; http://mj12bot.com/)"
65.108.125.120 - - [13/May/2026:22:04:54 +0530] "GET /india/product/ultra-fortyfying-200ml/?add_to_wishlist=3820&action=yith-woocompare-add-product&id=3842&_wpnonce=e4689179e4 HTTP/1.1" 302 - "-" "Mozilla/5.0 (compatible; MJ12bot/v1.4.8; http://mj12bot.com/)"
17.22.237.11 - - [13/May/2026:22:04:54 +0530] "GET /india/product/fair-radiant-200ml/?action=yith-woocompare-add-product&id=3822&_wpnonce=cd14445d14 HTTP/1.1" 302 - "-" "Mozilla/5.0 (Macintosh; Intel Mac OS X 10_15_7) AppleWebKit/605.1.15 (KHTML, like Gecko) Version/17.4 Safari/605.1.15 (Applebot/0.1; +http://www.apple.com/go/applebot)"
17.22.237.11 - - [13/May/2026:22:04:56 +0530] "GET /india/product/fair-radiant-200ml/ HTTP/1.1" 200 130090 "-" "Mozilla/5.0 (Macintosh; Intel Mac OS X 10_15_7) AppleWebKit/605.1.15 (KHTML, like Gecko) Version/17.4 Safari/605.1.15 (Applebot/0.1; +http://www.apple.com/go/applebot)"
65.108.125.120 - - [13/May/2026:22:04:57 +0530] "GET /india/product/ultra-fortyfying-200ml/?add_to_wishlist=3820 HTTP/1.1" 200 130863 "-" "Mozilla/5.0 (compatible; MJ12bot/v1.4.8; http://mj12bot.com/)"
65.108.125.120 - - [13/May/2026:22:05:01 +0530] "GET /india/product/ultra-fortyfying-200ml/?add_to_wishlist=3821&action=yith-woocompare-add-product&id=3808&_wpnonce=e4689179e4 HTTP/1.1" 302 - "-" "Mozilla/5.0 (compatible; MJ12bot/v1.4.8; http://mj12bot.com/)"
65.108.125.120 - - [13/May/2026:22:05:05 +0530] "GET /india/product/ultra-fortyfying-200ml/?add_to_wishlist=3821 HTTP/1.1" 200 130864 "-" "Mozilla/5.0 (compatible; MJ12bot/v1.4.8; http://mj12bot.com/)"
65.108.125.120 - - [13/May/2026:22:05:09 +0530] "GET /india/product/ultra-fortyfying-200ml/?add_to_wishlist=3821&action=yith-woocompare-add-product&id=3815&_wpnonce=e4689179e4 HTTP/1.1" 302 - "-" "Mozilla/5.0 (compatible; MJ12bot/v1.4.8; http://mj12bot.com/)"
65.108.125.120 - - [13/May/2026:22:05:13 +0530] "GET /india/product/ultra-fortyfying-200ml/?add_to_wishlist=3821 HTTP/1.1" 200 130863 "-" "Mozilla/5.0 (compatible; MJ12bot/v1.4.8; http://mj12bot.com/)"
65.108.125.120 - - [13/May/2026:22:05:17 +0530] "GET /india/product/ultra-fortyfying-200ml/?add_to_wishlist=3821&action=yith-woocompare-add-product&id=3820&_wpnonce=e4689179e4 HTTP/1.1" 302 - "-" "Mozilla/5.0 (compatible; MJ12bot/v1.4.8; http://mj12bot.com/)"
65.108.125.120 - - [13/May/2026:22:05:20 +0530] "GET /india/product/ultra-fortyfying-200ml/?add_to_wishlist=3821 HTTP/1.1" 200 130862 "-" "Mozilla/5.0 (compatible; MJ12bot/v1.4.8; http://mj12bot.com/)"
65.108.125.120 - - [13/May/2026:22:05:24 +0530] "GET /india/product/ultra-fortyfying-200ml/?add_to_wishlist=3821&action=yith-woocompare-add-product&id=3821&_wpnonce=e4689179e4 HTTP/1.1" 302 - "-" "Mozilla/5.0 (compatible; MJ12bot/v1.4.8; http://mj12bot.com/)"
65.108.125.120 - - [13/May/2026:22:05:28 +0530] "GET /india/product/ultra-fortyfying-200ml/?add_to_wishlist=3821 HTTP/1.1" 200 130864 "-" "Mozilla/5.0 (compatible; MJ12bot/v1.4.8; http://mj12bot.com/)"
65.108.125.120 - - [13/May/2026:22:05:32 +0530] "GET /india/product/ultra-fortyfying-200ml/?add_to_wishlist=3821&action=yith-woocompare-add-product&id=3822&_wpnonce=e4689179e4 HTTP/1.1" 302 - "-" "Mozilla/5.0 (compatible; MJ12bot/v1.4.8; http://mj12bot.com/)"
65.108.125.120 - - [13/May/2026:22:05:36 +0530] "GET /india/product/ultra-fortyfying-200ml/?add_to_wishlist=3821 HTTP/1.1" 200 130863 "-" "Mozilla/5.0 (compatible; MJ12bot/v1.4.8; http://mj12bot.com/)"
65.108.125.120 - - [13/May/2026:22:05:40 +0530] "GET /india/product/ultra-fortyfying-200ml/?add_to_wishlist=3821&action=yith-woocompare-add-product&id=3823&_wpnonce=e4689179e4 HTTP/1.1" 302 - "-" "Mozilla/5.0 (compatible; MJ12bot/v1.4.8; http://mj12bot.com/)"
65.108.125.120 - - [13/May/2026:22:05:44 +0530] "GET /india/product/ultra-fortyfying-200ml/?add_to_wishlist=3821 HTTP/1.1" 200 130864 "-" "Mozilla/5.0 (compatible; MJ12bot/v1.4.8; http://mj12bot.com/)"
65.108.125.120 - - [13/May/2026:22:05:48 +0530] "GET /india/product/ultra-fortyfying-200ml/?add_to_wishlist=3821&action=yith-woocompare-add-product&id=3827&_wpnonce=e4689179e4 HTTP/1.1" 302 - "-" "Mozilla/5.0 (compatible; MJ12bot/v1.4.8; http://mj12bot.com/)"
65.108.125.120 - - [13/May/2026:22:05:51 +0530] "GET /india/product/ultra-fortyfying-200ml/?add_to_wishlist=3821 HTTP/1.1" 200 130863 "-" "Mozilla/5.0 (compatible; MJ12bot/v1.4.8; http://mj12bot.com/)"
17.22.253.205 - - [13/May/2026:22:05:57 +0530] "GET /india/wp-content/plugins/rit-core/assets/css/rit-core-front.css?ver=1.0 HTTP/1.1" 200 13914 "http://dermoviva.com/india/product/fair-radiant-200ml/" "Mozilla/5.0 (Macintosh; Intel Mac OS X 10_15_7) AppleWebKit/605.1.15 (KHTML, like Gecko) Version/17.4 Safari/605.1.15 (Applebot/0.1; +http://www.apple.com/go/applebot)"
65.108.125.120 - - [13/May/2026:22:05:55 +0530] "GET /india/product/ultra-fortyfying-200ml/?add_to_wishlist=3821&action=yith-woocompare-add-product&id=3828&_wpnonce=e4689179e4 HTTP/1.1" 302 - "-" "Mozilla/5.0 (compatible; MJ12bot/v1.4.8; http://mj12bot.com/)"
17.22.245.207 - - [13/May/2026:22:05:58 +0530] "GET /india/wp-content/plugins/contact-form-7/includes/css/styles.css?ver=4.3.1 HTTP/1.1" 200 1099 "http://dermoviva.com/india/product/fair-radiant-200ml/" "Mozilla/5.0 (Macintosh; Intel Mac OS X 10_15_7) AppleWebKit/605.1.15 (KHTML, like Gecko) Version/17.4 Safari/605.1.15 (Applebot/0.1; +http://www.apple.com/go/applebot)"
17.22.245.12 - - [13/May/2026:22:06:00 +0530] "GET /india/wp-content/plugins/rit-core/assets/css/rit-masonry.css?ver=1.0 HTTP/1.1" 200 2712 "http://dermoviva.com/india/product/fair-radiant-200ml/" "Mozilla/5.0 (Macintosh; Intel Mac OS X 10_15_7) AppleWebKit/605.1.15 (KHTML, like Gecko) Version/17.4 Safari/605.1.15 (Applebot/0.1; +http://www.apple.com/go/applebot)"
65.108.125.120 - - [13/May/2026:22:05:59 +0530] "GET /india/product/ultra-fortyfying-200ml/?add_to_wishlist=3821 HTTP/1.1" 200 130864 "-" "Mozilla/5.0 (compatible; MJ12bot/v1.4.8; http://mj12bot.com/)"
17.22.237.186 - - [13/May/2026:22:06:01 +0530] "GET /india/wp-includes/js/wp-emoji-release.min.js?ver=4.4.33 HTTP/1.1" 200 33853 "http://dermoviva.com/india/product/fair-radiant-200ml/" "Mozilla/5.0 (Macintosh; Intel Mac OS X 10_15_7) AppleWebKit/605.1.15 (KHTML, like Gecko) Version/17.4 Safari/605.1.15 (Applebot/0.1; +http://www.apple.com/go/applebot)"
17.22.245.32 - - [13/May/2026:22:06:03 +0530] "GET /india/wp-content/plugins/revslider/public/assets/css/settings.css?ver=5.0.4.1 HTTP/1.1" 200 33494 "http://dermoviva.com/india/product/fair-radiant-200ml/" "Mozilla/5.0 (Macintosh; Intel Mac OS X 10_15_7) AppleWebKit/605.1.15 (KHTML, like Gecko) Version/17.4 Safari/605.1.15 (Applebot/0.1; +http://www.apple.com/go/applebot)"
17.22.245.254 - - [13/May/2026:22:06:05 +0530] "GET /india/wp-content/plugins/rit-core/assets/css/blog-style.css?ver=1.0 HTTP/1.1" 200 - "http://dermoviva.com/india/product/fair-radiant-200ml/" "Mozilla/5.0 (Macintosh; Intel Mac OS X 10_15_7) AppleWebKit/605.1.15 (KHTML, like Gecko) Version/17.4 Safari/605.1.15 (Applebot/0.1; +http://www.apple.com/go/applebot)"
65.108.125.120 - - [13/May/2026:22:06:03 +0530] "GET /india/product/ultra-fortyfying-200ml/?add_to_wishlist=3821&action=yith-woocompare-add-product&id=3837&_wpnonce=e4689179e4 HTTP/1.1" 302 - "-" "Mozilla/5.0 (compatible; MJ12bot/v1.4.8; http://mj12bot.com/)"
17.241.75.229 - - [13/May/2026:22:06:02 +0530] "GET /india/product/wet-look-250ml/?action=yith-woocompare-add-product&id=3880&_wpnonce=cd14445d14 HTTP/1.1" 302 - "-" "Mozilla/5.0 (Macintosh; Intel Mac OS X 10_15_7) AppleWebKit/605.1.15 (KHTML, like Gecko) Version/17.4 Safari/605.1.15 (Applebot/0.1; +http://www.apple.com/go/applebot)"
17.22.245.87 - - [13/May/2026:22:06:06 +0530] "GET /india/wp-content/plugins/rit-core/assets/css/rit-news.css?ver=1.0 HTTP/1.1" 200 5584 "http://dermoviva.com/india/product/fair-radiant-200ml/" "Mozilla/5.0 (Macintosh; Intel Mac OS X 10_15_7) AppleWebKit/605.1.15 (KHTML, like Gecko) Version/17.4 Safari/605.1.15 (Applebot/0.1; +http://www.apple.com/go/applebot)"
17.22.253.137 - - [13/May/2026:22:06:07 +0530] "GET /india/wp-content/uploads/maxmegamenu/style.css?ver=ae5934 HTTP/1.1" 200 33160 "http://dermoviva.com/india/product/fair-radiant-200ml/" "Mozilla/5.0 (Macintosh; Intel Mac OS X 10_15_7) AppleWebKit/605.1.15 (KHTML, like Gecko) Version/17.4 Safari/605.1.15 (Applebot/0.1; +http://www.apple.com/go/applebot)"
17.241.75.229 - - [13/May/2026:22:06:06 +0530] "GET /india/product/wet-look-250ml/ HTTP/1.1" 200 127563 "-" "Mozilla/5.0 (Macintosh; Intel Mac OS X 10_15_7) AppleWebKit/605.1.15 (KHTML, like Gecko) Version/17.4 Safari/605.1.15 (Applebot/0.1; +http://www.apple.com/go/applebot)"
65.108.125.120 - - [13/May/2026:22:06:07 +0530] "GET /india/product/ultra-fortyfying-200ml/?add_to_wishlist=3821 HTTP/1.1" 200 130864 "-" "Mozilla/5.0 (compatible; MJ12bot/v1.4.8; http://mj12bot.com/)"
17.22.253.60 - - [13/May/2026:22:06:09 +0530] "GET /india/wp-includes/css/dashicons.min.css?ver=4.4.33 HTTP/1.1" 200 46136 "http://dermoviva.com/india/product/fair-radiant-200ml/" "Mozilla/5.0 (Macintosh; Intel Mac OS X 10_15_7) AppleWebKit/605.1.15 (KHTML, like Gecko) Version/17.4 Safari/605.1.15 (Applebot/0.1; +http://www.apple.com/go/applebot)"
17.22.245.80 - - [13/May/2026:22:06:11 +0530] "GET /india/wp-content/plugins/recent-facebook-posts/assets/css/default.min.css?ver=2.0.8 HTTP/1.1" 200 2339 "http://dermoviva.com/india/product/fair-radiant-200ml/" "Mozilla/5.0 (Macintosh; Intel Mac OS X 10_15_7) AppleWebKit/605.1.15 (KHTML, like Gecko) Version/17.4 Safari/605.1.15 (Applebot/0.1; +http://www.apple.com/go/applebot)"
51.195.103.76 - - [13/May/2026:22:06:11 +0530] "GET /robots.txt HTTP/1.1" 404 - "-" "Mozilla/5.0 (compatible; MJ12bot/v1.4.8; http://mj12bot.com/)"
17.22.253.200 - - [13/May/2026:22:06:12 +0530] "GET /india/wp-content/plugins/yith-woocommerce-compare/assets/css/colorbox.css?ver=4.4.33 HTTP/1.1" 200 3941 "http://dermoviva.com/india/product/fair-radiant-200ml/" "Mozilla/5.0 (Macintosh; Intel Mac OS X 10_15_7) AppleWebKit/605.1.15 (KHTML, like Gecko) Version/17.4 Safari/605.1.15 (Applebot/0.1; +http://www.apple.com/go/applebot)"
65.108.125.120 - - [13/May/2026:22:06:11 +0530] "GET /india/product/ultra-fortyfying-200ml/?add_to_wishlist=3821&action=yith-woocompare-add-product&id=3841&_wpnonce=e4689179e4 HTTP/1.1" 302 - "-" "Mozilla/5.0 (compatible; MJ12bot/v1.4.8; http://mj12bot.com/)"
17.22.237.47 - - [13/May/2026:22:06:14 +0530] "GET /india/wp-content/plugins/yith-woocommerce-quick-view/assets/css/yith-quick-view.css?ver=4.4.33 HTTP/1.1" 200 3058 "http://dermoviva.com/india/product/fair-radiant-200ml/" "Mozilla/5.0 (Macintosh; Intel Mac OS X 10_15_7) AppleWebKit/605.1.15 (KHTML, like Gecko) Version/17.4 Safari/605.1.15 (Applebot/0.1; +http://www.apple.com/go/applebot)"
5.155.5.157 - - [13/May/2026:22:06:15 +0530] "GET /doc/Special:Recentchanges HTTP/1.1" 404 - "-" "Mozilla/5.0 (Windows NT 6.2; mni-IN; rv:1.9.2.20) Gecko/4506-02-06 05:21:44.865784 Firefox/3.8"
17.22.253.200 - - [13/May/2026:22:06:15 +0530] "GET /india/wp-content/plugins/woocommerce/assets/css/prettyPhoto.css?ver=3.1.6 HTTP/1.1" 200 8677 "http://dermoviva.com/india/product/fair-radiant-200ml/" "Mozilla/5.0 (Macintosh; Intel Mac OS X 10_15_7) AppleWebKit/605.1.15 (KHTML, like Gecko) Version/17.4 Safari/605.1.15 (Applebot/0.1; +http://www.apple.com/go/applebot)"
51.195.103.76 - - [13/May/2026:22:06:13 +0530] "GET /india/?action=yith-woocompare-add-product&id=3871&_wpnonce=e4689179e4 HTTP/1.1" 302 - "-" "Mozilla/5.0 (compatible; MJ12bot/v1.4.8; http://mj12bot.com/)"
114.119.156.134 - - [13/May/2026:22:06:14 +0530] "GET /india/product/dandruff-guard-140ml?action=yith-woocompare-add-product&id=3875 HTTP/1.1" 302 - "-" "Mozilla/5.0 (Linux; Android 7.0;) AppleWebKit/537.36 (KHTML, like Gecko) Mobile Safari/537.36 (compatible; PetalBot;+https://webmaster.petalsearch.com/site/petalbot)"
17.22.245.135 - - [13/May/2026:22:06:17 +0530] "GET /india/wp-content/plugins/yith-woocommerce-wishlist/assets/css/jquery.selectBox.css?ver=1.2.0 HTTP/1.1" 200 3572 "http://dermoviva.com/india/product/fair-radiant-200ml/" "Mozilla/5.0 (Macintosh; Intel Mac OS X 10_15_7) AppleWebKit/605.1.15 (KHTML, like Gecko) Version/17.4 Safari/605.1.15 (Applebot/0.1; +http://www.apple.com/go/applebot)"
65.108.125.120 - - [13/May/2026:22:06:15 +0530] "GET /india/product/ultra-fortyfying-200ml/?add_to_wishlist=3821 HTTP/1.1" 200 130864 "-" "Mozilla/5.0 (compatible; MJ12bot/v1.4.8; http://mj12bot.com/)"
17.22.253.90 - - [13/May/2026:22:06:18 +0530] "GET /india/wp-content/plugins/yith-woocommerce-wishlist/assets/css/style.css?ver=2.0.13 HTTP/1.1" 200 14197 "http://dermoviva.com/india/product/fair-radiant-200ml/" "Mozilla/5.0 (Macintosh; Intel Mac OS X 10_15_7) AppleWebKit/605.1.15 (KHTML, like Gecko) Version/17.4 Safari/605.1.15 (Applebot/0.1; +http://www.apple.com/go/applebot)"
51.195.103.76 - - [13/May/2026:22:06:17 +0530] "GET /india/ HTTP/1.1" 200 112109 "-" "Mozilla/5.0 (compatible; MJ12bot/v1.4.8; http://mj12bot.com/)"
17.22.253.86 - - [13/May/2026:22:06:20 +0530] "GET /india/wp-content/plugins/yith-woocommerce-wishlist/assets/css/font-awesome.min.css?ver=4.3.0 HTTP/1.1" 200 23775 "http://dermoviva.com/india/product/fair-radiant-200ml/" "Mozilla/5.0 (Macintosh; Intel Mac OS X 10_15_7) AppleWebKit/605.1.15 (KHTML, like Gecko) Version/17.4 Safari/605.1.15 (Applebot/0.1; +http://www.apple.com/go/applebot)"
114.119.156.134 - - [13/May/2026:22:06:18 +0530] "GET /india/product/dandruff-guard-140ml HTTP/1.1" 301 - "-" "Mozilla/5.0 (Linux; Android 7.0;) AppleWebKit/537.36 (KHTML, like Gecko) Mobile Safari/537.36 (compatible; PetalBot;+https://webmaster.petalsearch.com/site/petalbot)"
65.108.125.120 - - [13/May/2026:22:06:19 +0530] "GET /india/product/ultra-fortyfying-200ml/?add_to_wishlist=3821&action=yith-woocompare-add-product&id=3842&_wpnonce=e4689179e4 HTTP/1.1" 302 - "-" "Mozilla/5.0 (compatible; MJ12bot/v1.4.8; http://mj12bot.com/)"
17.22.237.252 - - [13/May/2026:22:06:21 +0530] "GET /india/wp-content/themes/ri-colias/css/bootstrap.css HTTP/1.1" 200 227565 "http://dermoviva.com/india/product/fair-radiant-200ml/" "Mozilla/5.0 (Macintosh; Intel Mac OS X 10_15_7) AppleWebKit/605.1.15 (KHTML, like Gecko) Version/17.4 Safari/605.1.15 (Applebot/0.1; +http://www.apple.com/go/applebot)"
17.22.237.70 - - [13/May/2026:22:06:23 +0530] "GET /india/wp-content/plugins/js_composer/assets/lib/bower/font-awesome/css/font-awesome.min.css?ver=4.8.1 HTTP/1.1" 200 21984 "http://dermoviva.com/india/product/fair-radiant-200ml/" "Mozilla/5.0 (Macintosh; Intel Mac OS X 10_15_7) AppleWebKit/605.1.15 (KHTML, like Gecko) Version/17.4 Safari/605.1.15 (Applebot/0.1; +http://www.apple.com/go/applebot)"
51.195.103.76 - - [13/May/2026:22:06:21 +0530] "GET /india/?action=yith-woocompare-add-product&id=3873&_wpnonce=e4689179e4 HTTP/1.1" 302 - "-" "Mozilla/5.0 (compatible; MJ12bot/v1.4.8; http://mj12bot.com/)"
17.22.245.22 - - [13/May/2026:22:06:24 +0530] "GET /india/wp-content/themes/ri-colias/css/owl.carousel.css HTTP/1.1" 200 1476 "http://dermoviva.com/india/product/fair-radiant-200ml/" "Mozilla/5.0 (Macintosh; Intel Mac OS X 10_15_7) AppleWebKit/605.1.15 (KHTML, like Gecko) Version/17.4 Safari/605.1.15 (Applebot/0.1; +http://www.apple.com/go/applebot)"
114.119.156.134 - - [13/May/2026:22:06:22 +0530] "GET /india/product/dandruff-guard-140ml/ HTTP/1.1" 200 70015 "-" "Mozilla/5.0 (Linux; Android 7.0;) AppleWebKit/537.36 (KHTML, like Gecko) Mobile Safari/537.36 (compatible; PetalBot;+https://webmaster.petalsearch.com/site/petalbot)"
65.108.125.120 - - [13/May/2026:22:06:23 +0530] "GET /india/product/ultra-fortyfying-200ml/?add_to_wishlist=3821 HTTP/1.1" 200 130862 "-" "Mozilla/5.0 (compatible; MJ12bot/v1.4.8; http://mj12bot.com/)"
17.22.237.25 - - [13/May/2026:22:06:26 +0530] "GET /india/wp-content/themes/ri-colias/css/owl.theme.css HTTP/1.1" 200 1327 "http://dermoviva.com/india/product/fair-radiant-200ml/" "Mozilla/5.0 (Macintosh; Intel Mac OS X 10_15_7) AppleWebKit/605.1.15 (KHTML, like Gecko) Version/17.4 Safari/605.1.15 (Applebot/0.1; +http://www.apple.com/go/applebot)"
51.195.103.76 - - [13/May/2026:22:06:25 +0530] "GET /india/ HTTP/1.1" 200 112109 "-" "Mozilla/5.0 (compatible; MJ12bot/v1.4.8; http://mj12bot.com/)"
17.22.237.68 - - [13/May/2026:22:06:27 +0530] "GET /india/wp-content/themes/ri-colias/style.css HTTP/1.1" 200 5454 "http://dermoviva.com/india/product/fair-radiant-200ml/" "Mozilla/5.0 (Macintosh; Intel Mac OS X 10_15_7) AppleWebKit/605.1.15 (KHTML, like Gecko) Version/17.4 Safari/605.1.15 (Applebot/0.1; +http://www.apple.com/go/applebot)"
17.22.237.114 - - [13/May/2026:22:06:29 +0530] "GET /india/wp-content/themes/ri-colias/css/style-default.css?ver=4.4.33 HTTP/1.1" 200 192094 "http://dermoviva.com/india/product/fair-radiant-200ml/" "Mozilla/5.0 (Macintosh; Intel Mac OS X 10_15_7) AppleWebKit/605.1.15 (KHTML, like Gecko) Version/17.4 Safari/605.1.15 (Applebot/0.1; +http://www.apple.com/go/applebot)"
65.108.125.120 - - [13/May/2026:22:06:27 +0530] "GET /india/product/ultra-fortyfying-200ml/?add_to_wishlist=3822&action=yith-woocompare-add-product&id=3808&_wpnonce=e4689179e4 HTTP/1.1" 302 - "-" "Mozilla/5.0 (compatible; MJ12bot/v1.4.8; http://mj12bot.com/)"
51.195.103.76 - - [13/May/2026:22:06:29 +0530] "GET /india/?action=yith-woocompare-add-product&id=3874&_wpnonce=e4689179e4 HTTP/1.1" 302 - "-" "Mozilla/5.0 (compatible; MJ12bot/v1.4.8; http://mj12bot.com/)"
17.22.253.238 - - [13/May/2026:22:06:30 +0530] "GET /india/wp-content/themes/ri-colias/assets/masterslider/css/masterslider.main.min.css?ver=4.4.33 HTTP/1.1" 200 53954 "http://dermoviva.com/india/product/fair-radiant-200ml/" "Mozilla/5.0 (Macintosh; Intel Mac OS X 10_15_7) AppleWebKit/605.1.15 (KHTML, like Gecko) Version/17.4 Safari/605.1.15 (Applebot/0.1; +http://www.apple.com/go/applebot)"
17.22.237.54 - - [13/May/2026:22:06:32 +0530] "GET /india/wp-content/themes/ri-colias/assets/easyResponsiveTabs/easy-responsive-tabs.css?ver=4.4.33 HTTP/1.1" 200 3538 "http://dermoviva.com/india/product/fair-radiant-200ml/" "Mozilla/5.0 (Macintosh; Intel Mac OS X 10_15_7) AppleWebKit/605.1.15 (KHTML, like Gecko) Version/17.4 Safari/605.1.15 (Applebot/0.1; +http://www.apple.com/go/applebot)"
65.108.125.120 - - [13/May/2026:22:06:31 +0530] "GET /india/product/ultra-fortyfying-200ml/?add_to_wishlist=3822 HTTP/1.1" 200 130864 "-" "Mozilla/5.0 (compatible; MJ12bot/v1.4.8; http://mj12bot.com/)"
17.22.253.22 - - [13/May/2026:22:06:33 +0530] "GET /india/wp-content/themes/ri-colias/css/slicknav.css?ver=4.4.33 HTTP/1.1" 200 6304 "http://dermoviva.com/india/product/fair-radiant-200ml/" "Mozilla/5.0 (Macintosh; Intel Mac OS X 10_15_7) AppleWebKit/605.1.15 (KHTML, like Gecko) Version/17.4 Safari/605.1.15 (Applebot/0.1; +http://www.apple.com/go/applebot)"
51.195.103.76 - - [13/May/2026:22:06:32 +0530] "GET /india/ HTTP/1.1" 200 112109 "-" "Mozilla/5.0 (compatible; MJ12bot/v1.4.8; http://mj12bot.com/)"
17.22.237.58 - - [13/May/2026:22:06:35 +0530] "GET /india/wp-content/plugins/footer-putter/styles/footer-credits.css?ver=1.14.1 HTTP/1.1" 200 2807 "http://dermoviva.com/india/product/fair-radiant-200ml/" "Mozilla/5.0 (Macintosh; Intel Mac OS X 10_15_7) AppleWebKit/605.1.15 (KHTML, like Gecko) Version/17.4 Safari/605.1.15 (Applebot/0.1; +http://www.apple.com/go/applebot)"
17.22.237.138 - - [13/May/2026:22:06:36 +0530] "GET /india/wp-content/plugins/yith-woocommerce-zoom-magnifier/assets/css/yith_magnifier.css?ver=4.4.33 HTTP/1.1" 200 1177 "http://dermoviva.com/india/product/fair-radiant-200ml/" "Mozilla/5.0 (Macintosh; Intel Mac OS X 10_15_7) AppleWebKit/605.1.15 (KHTML, like Gecko) Version/17.4 Safari/605.1.15 (Applebot/0.1; +http://www.apple.com/go/applebot)"
65.108.125.120 - - [13/May/2026:22:06:35 +0530] "GET /india/product/ultra-fortyfying-200ml/?add_to_wishlist=3822&action=yith-woocompare-add-product&id=3815&_wpnonce=e4689179e4 HTTP/1.1" 302 - "-" "Mozilla/5.0 (compatible; MJ12bot/v1.4.8; http://mj12bot.com/)"
51.195.103.76 - - [13/May/2026:22:06:36 +0530] "GET /india/?action=yith-woocompare-add-product&id=3875&_wpnonce=e4689179e4 HTTP/1.1" 302 - "-" "Mozilla/5.0 (compatible; MJ12bot/v1.4.8; http://mj12bot.com/)"
17.22.253.38 - - [13/May/2026:22:06:38 +0530] "GET /india/wp-content/plugins/yith-woocommerce-zoom-magnifier/assets/css/frontend.css?ver=4.4.33 HTTP/1.1" 200 1360 "http://dermoviva.com/india/product/fair-radiant-200ml/" "Mozilla/5.0 (Macintosh; Intel Mac OS X 10_15_7) AppleWebKit/605.1.15 (KHTML, like Gecko) Version/17.4 Safari/605.1.15 (Applebot/0.1; +http://www.apple.com/go/applebot)"
17.22.245.247 - - [13/May/2026:22:06:39 +0530] "GET /india/wp-content/plugins/mailchimp-for-wp/assets/css/form-themes.min.css?ver=3.0.9 HTTP/1.1" 200 9502 "http://dermoviva.com/india/product/fair-radiant-200ml/" "Mozilla/5.0 (Macintosh; Intel Mac OS X 10_15_7) AppleWebKit/605.1.15 (KHTML, like Gecko) Version/17.4 Safari/605.1.15 (Applebot/0.1; +http://www.apple.com/go/applebot)"
17.22.245.208 - - [13/May/2026:22:06:41 +0530] "GET /india/wp-content/plugins/woocommerce-currency-switcher/css/front.css?ver=4.4.33 HTTP/1.1" 200 1524 "http://dermoviva.com/india/product/fair-radiant-200ml/" "Mozilla/5.0 (Macintosh; Intel Mac OS X 10_15_7) AppleWebKit/605.1.15 (KHTML, like Gecko) Version/17.4 Safari/605.1.15 (Applebot/0.1; +http://www.apple.com/go/applebot)"
65.108.125.120 - - [13/May/2026:22:06:38 +0530] "GET /india/product/ultra-fortyfying-200ml/?add_to_wishlist=3822 HTTP/1.1" 200 130864 "-" "Mozilla/5.0 (compatible; MJ12bot/v1.4.8; http://mj12bot.com/)"
51.195.103.76 - - [13/May/2026:22:06:39 +0530] "GET /india/ HTTP/1.1" 200 112109 "-" "Mozilla/5.0 (compatible; MJ12bot/v1.4.8; http://mj12bot.com/)"
17.22.237.124 - - [13/May/2026:22:06:42 +0530] "GET /india/wp-content/plugins/jetpack/css/jetpack.css?ver=3.3.2 HTTP/1.1" 200 52258 "http://dermoviva.com/india/product/fair-radiant-200ml/" "Mozilla/5.0 (Macintosh; Intel Mac OS X 10_15_7) AppleWebKit/605.1.15 (KHTML, like Gecko) Version/17.4 Safari/605.1.15 (Applebot/0.1; +http://www.apple.com/go/applebot)"
17.22.245.48 - - [13/May/2026:22:06:43 +0530] "GET /india/wp-includes/js/jquery/jquery.js?ver=1.11.3 HTTP/1.1" 200 95977 "http://dermoviva.com/india/product/fair-radiant-200ml/" "Mozilla/5.0 (Macintosh; Intel Mac OS X 10_15_7) AppleWebKit/605.1.15 (KHTML, like Gecko) Version/17.4 Safari/605.1.15 (Applebot/0.1; +http://www.apple.com/go/applebot)"
65.108.125.120 - - [13/May/2026:22:06:43 +0530] "GET /india/product/ultra-fortyfying-200ml/?add_to_wishlist=3822&action=yith-woocompare-add-product&id=3820&_wpnonce=e4689179e4 HTTP/1.1" 302 - "-" "Mozilla/5.0 (compatible; MJ12bot/v1.4.8; http://mj12bot.com/)"
17.22.237.236 - - [13/May/2026:22:06:45 +0530] "GET /india/wp-includes/js/jquery/jquery-migrate.min.js?ver=1.2.1 HTTP/1.1" 200 7200 "http://dermoviva.com/india/product/fair-radiant-200ml/" "Mozilla/5.0 (Macintosh; Intel Mac OS X 10_15_7) AppleWebKit/605.1.15 (KHTML, like Gecko) Version/17.4 Safari/605.1.15 (Applebot/0.1; +http://www.apple.com/go/applebot)"
17.22.253.113 - - [13/May/2026:22:06:46 +0530] "GET /india/wp-includes/js/jquery/ui/core.min.js?ver=1.11.4 HTTP/1.1" 200 3929 "http://dermoviva.com/india/product/fair-radiant-200ml/" "Mozilla/5.0 (Macintosh; Intel Mac OS X 10_15_7) AppleWebKit/605.1.15 (KHTML, like Gecko) Version/17.4 Safari/605.1.15 (Applebot/0.1; +http://www.apple.com/go/applebot)"
17.22.245.202 - - [13/May/2026:22:06:48 +0530] "GET /india/wp-includes/js/jquery/ui/widget.min.js?ver=1.11.4 HTTP/1.1" 200 6832 "http://dermoviva.com/india/product/fair-radiant-200ml/" "Mozilla/5.0 (Macintosh; Intel Mac OS X 10_15_7) AppleWebKit/605.1.15 (KHTML, like Gecko) Version/17.4 Safari/605.1.15 (Applebot/0.1; +http://www.apple.com/go/applebot)"
65.108.125.120 - - [13/May/2026:22:06:47 +0530] "GET /india/product/ultra-fortyfying-200ml/?add_to_wishlist=3822 HTTP/1.1" 200 130863 "-" "Mozilla/5.0 (compatible; MJ12bot/v1.4.8; http://mj12bot.com/)"
17.22.237.115 - - [13/May/2026:22:06:49 +0530] "GET /india/wp-includes/js/jquery/ui/mouse.min.js?ver=1.11.4 HTTP/1.1" 200 3142 "http://dermoviva.com/india/product/fair-radiant-200ml/" "Mozilla/5.0 (Macintosh; Intel Mac OS X 10_15_7) AppleWebKit/605.1.15 (KHTML, like Gecko) Version/17.4 Safari/605.1.15 (Applebot/0.1; +http://www.apple.com/go/applebot)"
17.22.253.176 - - [13/May/2026:22:06:51 +0530] "GET /india/wp-includes/js/jquery/ui/slider.min.js?ver=1.11.4 HTTP/1.1" 200 10911 "http://dermoviva.com/india/product/fair-radiant-200ml/" "Mozilla/5.0 (Macintosh; Intel Mac OS X 10_15_7) AppleWebKit/605.1.15 (KHTML, like Gecko) Version/17.4 Safari/605.1.15 (Applebot/0.1; +http://www.apple.com/go/applebot)"
17.22.245.142 - - [13/May/2026:22:06:52 +0530] "GET /india/wp-content/plugins/revslider/public/assets/js/jquery.themepunch.tools.min.js?ver=5.0.4.1 HTTP/1.1" 200 101869 "http://dermoviva.com/india/product/fair-radiant-200ml/" "Mozilla/5.0 (Macintosh; Intel Mac OS X 10_15_7) AppleWebKit/605.1.15 (KHTML, like Gecko) Version/17.4 Safari/605.1.15 (Applebot/0.1; +http://www.apple.com/go/applebot)"
65.108.125.120 - - [13/May/2026:22:06:50 +0530] "GET /india/product/ultra-fortyfying-200ml/?add_to_wishlist=3822&action=yith-woocompare-add-product&id=3821&_wpnonce=e4689179e4 HTTP/1.1" 302 - "-" "Mozilla/5.0 (compatible; MJ12bot/v1.4.8; http://mj12bot.com/)"
17.22.237.206 - - [13/May/2026:22:06:54 +0530] "GET /india/wp-content/plugins/revslider/public/assets/js/jquery.themepunch.revolution.min.js?ver=5.0.4.1 HTTP/1.1" 200 43467 "http://dermoviva.com/india/product/fair-radiant-200ml/" "Mozilla/5.0 (Macintosh; Intel Mac OS X 10_15_7) AppleWebKit/605.1.15 (KHTML, like Gecko) Version/17.4 Safari/605.1.15 (Applebot/0.1; +http://www.apple.com/go/applebot)"
17.22.253.132 - - [13/May/2026:22:06:55 +0530] "GET /india/wp-content/plugins/woocommerce/assets/js/frontend/add-to-cart.min.js?ver=2.4.12 HTTP/1.1" 200 1734 "http://dermoviva.com/india/product/fair-radiant-200ml/" "Mozilla/5.0 (Macintosh; Intel Mac OS X 10_15_7) AppleWebKit/605.1.15 (KHTML, like Gecko) Version/17.4 Safari/605.1.15 (Applebot/0.1; +http://www.apple.com/go/applebot)"
17.246.19.22 - - [13/May/2026:22:06:54 +0530] "GET /india/product/fairness-glow-150ml/?action=yith-woocompare-add-product&id=3837&_wpnonce=b6dd6feeb9 HTTP/1.1" 302 - "-" "Mozilla/5.0 (Macintosh; Intel Mac OS X 10_15_7) AppleWebKit/605.1.15 (KHTML, like Gecko) Version/17.4 Safari/605.1.15 (Applebot/0.1; +http://www.apple.com/go/applebot)"
65.108.125.120 - - [13/May/2026:22:06:54 +0530] "GET /india/product/ultra-fortyfying-200ml/?add_to_wishlist=3822 HTTP/1.1" 200 130864 "-" "Mozilla/5.0 (compatible; MJ12bot/v1.4.8; http://mj12bot.com/)"
17.22.253.99 - - [13/May/2026:22:06:56 +0530] "GET /india/wp-content/plugins/woocommerce/assets/js/frontend/single-product.min.js?ver=2.4.12 HTTP/1.1" 200 1610 "http://dermoviva.com/india/product/fair-radiant-200ml/" "Mozilla/5.0 (Macintosh; Intel Mac OS X 10_15_7) AppleWebKit/605.1.15 (KHTML, like Gecko) Version/17.4 Safari/605.1.15 (Applebot/0.1; +http://www.apple.com/go/applebot)"
17.246.19.22 - - [13/May/2026:22:06:56 +0530] "GET /india/product/fairness-glow-150ml/ HTTP/1.1" 200 130275 "-" "Mozilla/5.0 (Macintosh; Intel Mac OS X 10_15_7) AppleWebKit/605.1.15 (KHTML, like Gecko) Version/17.4 Safari/605.1.15 (Applebot/0.1; +http://www.apple.com/go/applebot)"
17.22.245.208 - - [13/May/2026:22:06:58 +0530] "GET /india/wp-content/plugins/woocommerce/assets/js/jquery-cookie/jquery.cookie.min.js?ver=1.4.1 HTTP/1.1" 200 1414 "http://dermoviva.com/india/product/fair-radiant-200ml/" "Mozilla/5.0 (Macintosh; Intel Mac OS X 10_15_7) AppleWebKit/605.1.15 (KHTML, like Gecko) Version/17.4 Safari/605.1.15 (Applebot/0.1; +http://www.apple.com/go/applebot)"
17.22.237.219 - - [13/May/2026:22:06:59 +0530] "GET /india/wp-content/plugins/yith-woocommerce-wishlist/assets/js/jquery.yith-wcwl.js?ver=2.0.13 HTTP/1.1" 200 9960 "http://dermoviva.com/india/product/fair-radiant-200ml/" "Mozilla/5.0 (Macintosh; Intel Mac OS X 10_15_7) AppleWebKit/605.1.15 (KHTML, like Gecko) Version/17.4 Safari/605.1.15 (Applebot/0.1; +http://www.apple.com/go/applebot)"
65.108.125.120 - - [13/May/2026:22:06:58 +0530] "GET /india/product/ultra-fortyfying-200ml/?add_to_wishlist=3822&action=yith-woocompare-add-product&id=3822&_wpnonce=e4689179e4 HTTP/1.1" 302 - "-" "Mozilla/5.0 (compatible; MJ12bot/v1.4.8; http://mj12bot.com/)"
17.22.253.184 - - [13/May/2026:22:07:01 +0530] "GET /india/wp-content/themes/ri-colias/js/skip-link-focus-fix.js?ver=20141010 HTTP/1.1" 200 727 "http://dermoviva.com/india/product/fair-radiant-200ml/" "Mozilla/5.0 (Macintosh; Intel Mac OS X 10_15_7) AppleWebKit/605.1.15 (KHTML, like Gecko) Version/17.4 Safari/605.1.15 (Applebot/0.1; +http://www.apple.com/go/applebot)"
145.223.130.207 - - [13/May/2026:22:06:58 +0530] "GET /india/product/gentle-soothing-225ml/?amp%3Bid=3821&%3Baction=yith-woocompare-add-product&%3B_wpnonce=cde32ab774&%3Bid=3823 HTTP/1.1" 200 128760 "-" "Mozilla/5.0 (Macintosh; Intel Mac OS X 10_15_7) AppleWebKit/537.36 (KHTML, like Gecko) Chrome/123.0.0.0 Safari/537.36"
17.22.245.83 - - [13/May/2026:22:07:02 +0530] "GET /india/wp-includes/js/comment-reply.min.js?ver=4.4.33 HTTP/1.1" 200 1076 "http://dermoviva.com/india/product/fair-radiant-200ml/" "Mozilla/5.0 (Macintosh; Intel Mac OS X 10_15_7) AppleWebKit/605.1.15 (KHTML, like Gecko) Version/17.4 Safari/605.1.15 (Applebot/0.1; +http://www.apple.com/go/applebot)"
17.22.245.228 - - [13/May/2026:22:07:04 +0530] "GET /india/wp-content/plugins/yith-woocommerce-zoom-magnifier/assets/js/jquery.carouFredSel.min.js?ver=6.2.1 HTTP/1.1" 200 54477 "http://dermoviva.com/india/product/fair-radiant-200ml/" "Mozilla/5.0 (Macintosh; Intel Mac OS X 10_15_7) AppleWebKit/605.1.15 (KHTML, like Gecko) Version/17.4 Safari/605.1.15 (Applebot/0.1; +http://www.apple.com/go/applebot)"
