114.119.131.97 - - [13/May/2026:17:56:46 +0530] "GET /india/product/dandruff-guard-500g?action=yith-woocompare-add-product&id=3892 HTTP/1.1" 302 - "-" "Mozilla/5.0 (Linux; Android 7.0;) AppleWebKit/537.36 (KHTML, like Gecko) Mobile Safari/537.36 (compatible; PetalBot;+https://webmaster.petalsearch.com/site/petalbot)"
114.119.131.97 - - [13/May/2026:17:56:49 +0530] "GET /india/product/dandruff-guard-500g HTTP/1.1" 301 - "-" "Mozilla/5.0 (Linux; Android 7.0;) AppleWebKit/537.36 (KHTML, like Gecko) Mobile Safari/537.36 (compatible; PetalBot;+https://webmaster.petalsearch.com/site/petalbot)"
114.119.131.97 - - [13/May/2026:17:56:53 +0530] "GET /india/product/dandruff-guard-500g/ HTTP/1.1" 200 69879 "-" "Mozilla/5.0 (Linux; Android 7.0;) AppleWebKit/537.36 (KHTML, like Gecko) Mobile Safari/537.36 (compatible; PetalBot;+https://webmaster.petalsearch.com/site/petalbot)"
114.119.157.108 - - [13/May/2026:17:58:05 +0530] "GET /india/product/dandruff-guard-140ml?action=yith-woocompare-add-product&id=3875 HTTP/1.1" 302 - "-" "Mozilla/5.0 (Linux; Android 7.0;) AppleWebKit/537.36 (KHTML, like Gecko) Mobile Safari/537.36 (compatible; PetalBot;+https://webmaster.petalsearch.com/site/petalbot)"
114.119.157.108 - - [13/May/2026:17:58:09 +0530] "GET /india/product/dandruff-guard-140ml HTTP/1.1" 301 - "-" "Mozilla/5.0 (Linux; Android 7.0;) AppleWebKit/537.36 (KHTML, like Gecko) Mobile Safari/537.36 (compatible; PetalBot;+https://webmaster.petalsearch.com/site/petalbot)"
114.119.157.108 - - [13/May/2026:17:58:13 +0530] "GET /india/product/dandruff-guard-140ml/ HTTP/1.1" 200 70015 "-" "Mozilla/5.0 (Linux; Android 7.0;) AppleWebKit/537.36 (KHTML, like Gecko) Mobile Safari/537.36 (compatible; PetalBot;+https://webmaster.petalsearch.com/site/petalbot)"
17.246.19.219 - - [13/May/2026:17:58:23 +0530] "GET /india/product/extreme-moisturizing-140ml/?action=yith-woocompare-add-product&id=3858&_wpnonce=542b0f8f23 HTTP/1.1" 302 - "-" "Mozilla/5.0 (Macintosh; Intel Mac OS X 10_15_7) AppleWebKit/605.1.15 (KHTML, like Gecko) Version/17.4 Safari/605.1.15 (Applebot/0.1; +http://www.apple.com/go/applebot)"
17.22.237.216 - - [13/May/2026:17:58:41 +0530] "GET /india/product/fairness-glow-150ml/?action=yith-woocompare-add-product&id=3827&_wpnonce=571764d4b5 HTTP/1.1" 302 - "-" "Mozilla/5.0 (Macintosh; Intel Mac OS X 10_15_7) AppleWebKit/605.1.15 (KHTML, like Gecko) Version/17.4 Safari/605.1.15 (Applebot/0.1; +http://www.apple.com/go/applebot)"
114.77.131.32 - - [13/May/2026:17:59:00 +0530] "GET /india/product/extreme-hold-250ml/?amp%3Bid=3864&%3Baction=yith-woocompare-add-product&%3B_wpnonce=6da1685df0&%3Bid=3858 HTTP/1.1" 200 129385 "-" "Mozilla/5.0 (Macintosh; Intel Mac OS X 10_15_7) AppleWebKit/537.36 (KHTML, like Gecko) Chrome/123.0.0.0 Safari/537.36"
113.163.250.32 - - [13/May/2026:17:59:37 +0530] "GET /india/product/gentle-soothing-225ml/?add_to_wishlist=3841&%3Baction=yith-woocompare-add-product&%3Bid=3827&%3B_wpnonce=0e007aad6b HTTP/1.1" 200 128891 "-" "Mozilla/5.0 (Macintosh; Intel Mac OS X 10_15_7) AppleWebKit/537.36 (KHTML, like Gecko) Chrome/120.0.0.0 Safari/537.36"
17.22.245.19 - - [13/May/2026:17:59:47 +0530] "GET /india/product-category/products/hair-care/?action=yith-woocompare-add-product&id=3864&_wpnonce=7808360e4b HTTP/1.1" 302 - "-" "Mozilla/5.0 (Macintosh; Intel Mac OS X 10_15_7) AppleWebKit/605.1.15 (KHTML, like Gecko) Version/17.4 Safari/605.1.15 (Applebot/0.1; +http://www.apple.com/go/applebot)"
17.22.245.19 - - [13/May/2026:17:59:49 +0530] "GET /india/product-category/products/hair-care/ HTTP/1.1" 200 89873 "-" "Mozilla/5.0 (Macintosh; Intel Mac OS X 10_15_7) AppleWebKit/605.1.15 (KHTML, like Gecko) Version/17.4 Safari/605.1.15 (Applebot/0.1; +http://www.apple.com/go/applebot)"
17.22.245.169 - - [13/May/2026:18:00:06 +0530] "POST /india/product/gentle-exfoliating-150ml/?wc-ajax=get_refreshed_fragments HTTP/1.1" 200 1532 "http://dermoviva.com/india/product/gentle-exfoliating-150ml/" "Mozilla/5.0 (Macintosh; Intel Mac OS X 10_15_7) AppleWebKit/605.1.15 (KHTML, like Gecko) Version/17.4 Safari/605.1.15 (Applebot/0.1; +http://www.apple.com/go/applebot)"
17.246.19.213 - - [13/May/2026:18:00:30 +0530] "GET /india/product/extreme-shine-200ml/?action=yith-woocompare-add-product&id=3880&_wpnonce=b41494d26c HTTP/1.1" 302 - "-" "Mozilla/5.0 (Macintosh; Intel Mac OS X 10_15_7) AppleWebKit/605.1.15 (KHTML, like Gecko) Version/17.4 Safari/605.1.15 (Applebot/0.1; +http://www.apple.com/go/applebot)"
17.246.19.213 - - [13/May/2026:18:00:32 +0530] "GET /india/product/extreme-shine-200ml/ HTTP/1.1" 200 127749 "-" "Mozilla/5.0 (Macintosh; Intel Mac OS X 10_15_7) AppleWebKit/605.1.15 (KHTML, like Gecko) Version/17.4 Safari/605.1.15 (Applebot/0.1; +http://www.apple.com/go/applebot)"
114.119.157.108 - - [13/May/2026:18:01:32 +0530] "GET /india/product/chamomile?action=yith-woocompare-add-product&id=4069 HTTP/1.1" 302 - "-" "Mozilla/5.0 (Linux; Android 7.0;) AppleWebKit/537.36 (KHTML, like Gecko) Mobile Safari/537.36 (compatible; PetalBot;+https://webmaster.petalsearch.com/site/petalbot)"
114.119.157.108 - - [13/May/2026:18:01:38 +0530] "GET /india/product/chamomile HTTP/1.1" 301 - "-" "Mozilla/5.0 (Linux; Android 7.0;) AppleWebKit/537.36 (KHTML, like Gecko) Mobile Safari/537.36 (compatible; PetalBot;+https://webmaster.petalsearch.com/site/petalbot)"
114.119.157.108 - - [13/May/2026:18:01:42 +0530] "GET /india/product/chamomile/ HTTP/1.1" 200 61755 "-" "Mozilla/5.0 (Linux; Android 7.0;) AppleWebKit/537.36 (KHTML, like Gecko) Mobile Safari/537.36 (compatible; PetalBot;+https://webmaster.petalsearch.com/site/petalbot)"
17.246.15.143 - - [13/May/2026:18:03:18 +0530] "GET /india/wp-content/plugins/woocommerce/assets/js/frontend/add-to-cart.min.js?ver=2.4.12 HTTP/1.1" 200 1734 "http://dermoviva.com/india/product/extreme-moisturizing-140ml/" "Mozilla/5.0 (Macintosh; Intel Mac OS X 10_15_7) AppleWebKit/605.1.15 (KHTML, like Gecko) Version/17.4 Safari/605.1.15 (Applebot/0.1; +http://www.apple.com/go/applebot)"
17.246.15.196 - - [13/May/2026:18:03:19 +0530] "GET /india/wp-content/themes/ri-colias/js/html5.js?ver=4.4.33 HTTP/1.1" 200 2432 "http://dermoviva.com/india/product/extreme-moisturizing-140ml/" "Mozilla/5.0 (Macintosh; Intel Mac OS X 10_15_7) AppleWebKit/605.1.15 (KHTML, like Gecko) Version/17.4 Safari/605.1.15 (Applebot/0.1; +http://www.apple.com/go/applebot)"
17.246.19.85 - - [13/May/2026:18:03:21 +0530] "GET /india/wp-content/plugins/js_composer/assets/js/vendors/woocommerce-add-to-cart.js?ver=4.8.1 HTTP/1.1" 200 895 "http://dermoviva.com/india/product/extreme-moisturizing-140ml/" "Mozilla/5.0 (Macintosh; Intel Mac OS X 10_15_7) AppleWebKit/605.1.15 (KHTML, like Gecko) Version/17.4 Safari/605.1.15 (Applebot/0.1; +http://www.apple.com/go/applebot)"
17.246.19.227 - - [13/May/2026:18:03:22 +0530] "GET /india/wp-content/themes/ri-colias/js/bootstrap.js?ver=4.4.33 HTTP/1.1" 200 67546 "http://dermoviva.com/india/product/extreme-moisturizing-140ml/" "Mozilla/5.0 (Macintosh; Intel Mac OS X 10_15_7) AppleWebKit/605.1.15 (KHTML, like Gecko) Version/17.4 Safari/605.1.15 (Applebot/0.1; +http://www.apple.com/go/applebot)"
17.246.19.168 - - [13/May/2026:18:03:24 +0530] "GET /india/wp-content/themes/ri-colias/js/imagesloaded.js?ver=4.4.33 HTTP/1.1" 200 28819 "http://dermoviva.com/india/product/extreme-moisturizing-140ml/" "Mozilla/5.0 (Macintosh; Intel Mac OS X 10_15_7) AppleWebKit/605.1.15 (KHTML, like Gecko) Version/17.4 Safari/605.1.15 (Applebot/0.1; +http://www.apple.com/go/applebot)"
17.246.23.5 - - [13/May/2026:18:03:25 +0530] "GET /india/wp-content/themes/ri-colias/js/isotope.pkgd.min.js?ver=4.4.33 HTTP/1.1" 200 39978 "http://dermoviva.com/india/product/extreme-moisturizing-140ml/" "Mozilla/5.0 (Macintosh; Intel Mac OS X 10_15_7) AppleWebKit/605.1.15 (KHTML, like Gecko) Version/17.4 Safari/605.1.15 (Applebot/0.1; +http://www.apple.com/go/applebot)"
17.246.15.239 - - [13/May/2026:18:03:27 +0530] "GET /india/wp-content/themes/ri-colias/js/parallax.js?ver=4.4.33 HTTP/1.1" 200 1839 "http://dermoviva.com/india/product/extreme-moisturizing-140ml/" "Mozilla/5.0 (Macintosh; Intel Mac OS X 10_15_7) AppleWebKit/605.1.15 (KHTML, like Gecko) Version/17.4 Safari/605.1.15 (Applebot/0.1; +http://www.apple.com/go/applebot)"
17.246.19.19 - - [13/May/2026:18:03:28 +0530] "GET /india/wp-content/themes/ri-colias/js/isotope-init.js?ver=4.4.33 HTTP/1.1" 200 4400 "http://dermoviva.com/india/product/extreme-moisturizing-140ml/" "Mozilla/5.0 (Macintosh; Intel Mac OS X 10_15_7) AppleWebKit/605.1.15 (KHTML, like Gecko) Version/17.4 Safari/605.1.15 (Applebot/0.1; +http://www.apple.com/go/applebot)"
17.246.15.171 - - [13/May/2026:18:03:30 +0530] "GET /india/wp-content/themes/ri-colias/js/owl.carousel.js?ver=4.4.33 HTTP/1.1" 200 52797 "http://dermoviva.com/india/product/extreme-moisturizing-140ml/" "Mozilla/5.0 (Macintosh; Intel Mac OS X 10_15_7) AppleWebKit/605.1.15 (KHTML, like Gecko) Version/17.4 Safari/605.1.15 (Applebot/0.1; +http://www.apple.com/go/applebot)"
114.119.131.97 - - [13/May/2026:18:03:28 +0530] "GET /india/product/cucumber?action=yith-woocompare-add-product&id=4071 HTTP/1.1" 302 - "-" "Mozilla/5.0 (Linux; Android 7.0;) AppleWebKit/537.36 (KHTML, like Gecko) Mobile Safari/537.36 (compatible; PetalBot;+https://webmaster.petalsearch.com/site/petalbot)"
17.246.23.102 - - [13/May/2026:18:03:31 +0530] "GET /india/wp-content/themes/ri-colias/js/rit-woocommerces.js?ver=4.4.33 HTTP/1.1" 200 1439 "http://dermoviva.com/india/product/extreme-moisturizing-140ml/" "Mozilla/5.0 (Macintosh; Intel Mac OS X 10_15_7) AppleWebKit/605.1.15 (KHTML, like Gecko) Version/17.4 Safari/605.1.15 (Applebot/0.1; +http://www.apple.com/go/applebot)"
17.246.19.90 - - [13/May/2026:18:03:33 +0530] "GET /india/wp-content/themes/ri-colias/assets/masterslider/js/masterslider.min.js?ver=4.4.33 HTTP/1.1" 200 89088 "http://dermoviva.com/india/product/extreme-moisturizing-140ml/" "Mozilla/5.0 (Macintosh; Intel Mac OS X 10_15_7) AppleWebKit/605.1.15 (KHTML, like Gecko) Version/17.4 Safari/605.1.15 (Applebot/0.1; +http://www.apple.com/go/applebot)"
17.246.19.108 - - [13/May/2026:18:03:34 +0530] "GET /india/wp-content/themes/ri-colias/assets/easyResponsiveTabs/easyResponsiveTabs.js?ver=4.4.33 HTTP/1.1" 200 8383 "http://dermoviva.com/india/product/extreme-moisturizing-140ml/" "Mozilla/5.0 (Macintosh; Intel Mac OS X 10_15_7) AppleWebKit/605.1.15 (KHTML, like Gecko) Version/17.4 Safari/605.1.15 (Applebot/0.1; +http://www.apple.com/go/applebot)"
17.246.23.64 - - [13/May/2026:18:03:35 +0530] "GET /india/wp-content/themes/ri-colias/js/jquery.slicknav.min.js?ver=4.4.33 HTTP/1.1" 200 10701 "http://dermoviva.com/india/product/extreme-moisturizing-140ml/" "Mozilla/5.0 (Macintosh; Intel Mac OS X 10_15_7) AppleWebKit/605.1.15 (KHTML, like Gecko) Version/17.4 Safari/605.1.15 (Applebot/0.1; +http://www.apple.com/go/applebot)"
114.119.131.97 - - [13/May/2026:18:03:34 +0530] "GET /india/product/cucumber HTTP/1.1" 301 - "-" "Mozilla/5.0 (Linux; Android 7.0;) AppleWebKit/537.36 (KHTML, like Gecko) Mobile Safari/537.36 (compatible; PetalBot;+https://webmaster.petalsearch.com/site/petalbot)"
17.246.15.238 - - [13/May/2026:18:03:37 +0530] "GET /india/wp-content/themes/ri-colias/assets/bxslider/jquery.bxslider.min.js?ver=4.4.33 HTTP/1.1" 200 25947 "http://dermoviva.com/india/product/extreme-moisturizing-140ml/" "Mozilla/5.0 (Macintosh; Intel Mac OS X 10_15_7) AppleWebKit/605.1.15 (KHTML, like Gecko) Version/17.4 Safari/605.1.15 (Applebot/0.1; +http://www.apple.com/go/applebot)"
17.246.23.110 - - [13/May/2026:18:03:38 +0530] "GET /india/wp-content/themes/ri-colias/js/rit.js?ver=4.4.33 HTTP/1.1" 200 10274 "http://dermoviva.com/india/product/extreme-moisturizing-140ml/" "Mozilla/5.0 (Macintosh; Intel Mac OS X 10_15_7) AppleWebKit/605.1.15 (KHTML, like Gecko) Version/17.4 Safari/605.1.15 (Applebot/0.1; +http://www.apple.com/go/applebot)"
114.119.131.97 - - [13/May/2026:18:03:38 +0530] "GET /india/product/cucumber/ HTTP/1.1" 200 62049 "-" "Mozilla/5.0 (Linux; Android 7.0;) AppleWebKit/537.36 (KHTML, like Gecko) Mobile Safari/537.36 (compatible; PetalBot;+https://webmaster.petalsearch.com/site/petalbot)"
17.246.15.39 - - [13/May/2026:18:03:40 +0530] "GET /india/wp-content/plugins/woocommerce-currency-switcher/js/jquery.ddslick.min.js?ver=4.4.33 HTTP/1.1" 200 7153 "http://dermoviva.com/india/product/extreme-moisturizing-140ml/" "Mozilla/5.0 (Macintosh; Intel Mac OS X 10_15_7) AppleWebKit/605.1.15 (KHTML, like Gecko) Version/17.4 Safari/605.1.15 (Applebot/0.1; +http://www.apple.com/go/applebot)"
17.246.23.174 - - [13/May/2026:18:03:41 +0530] "GET /india/wp-content/plugins/woocommerce-currency-switcher/js/front.js?ver=4.4.33 HTTP/1.1" 200 8160 "http://dermoviva.com/india/product/extreme-moisturizing-140ml/" "Mozilla/5.0 (Macintosh; Intel Mac OS X 10_15_7) AppleWebKit/605.1.15 (KHTML, like Gecko) Version/17.4 Safari/605.1.15 (Applebot/0.1; +http://www.apple.com/go/applebot)"
17.246.23.16 - - [13/May/2026:18:03:43 +0530] "GET /india/wp-content/plugins/contact-form-7/includes/js/jquery.form.min.js?ver=3.51.0-2014.06.20 HTTP/1.1" 200 15248 "http://dermoviva.com/india/product/extreme-moisturizing-140ml/" "Mozilla/5.0 (Macintosh; Intel Mac OS X 10_15_7) AppleWebKit/605.1.15 (KHTML, like Gecko) Version/17.4 Safari/605.1.15 (Applebot/0.1; +http://www.apple.com/go/applebot)"
17.246.15.128 - - [13/May/2026:18:03:44 +0530] "GET /india/wp-content/plugins/contact-form-7/includes/js/scripts.js?ver=4.3.1 HTTP/1.1" 200 11819 "http://dermoviva.com/india/product/extreme-moisturizing-140ml/" "Mozilla/5.0 (Macintosh; Intel Mac OS X 10_15_7) AppleWebKit/605.1.15 (KHTML, like Gecko) Version/17.4 Safari/605.1.15 (Applebot/0.1; +http://www.apple.com/go/applebot)"
17.246.15.190 - - [13/May/2026:18:03:46 +0530] "GET /india/wp-content/plugins/rit-core/assets/js/masonry.pkgd.min.js?ver=1.0 HTTP/1.1" 200 28969 "http://dermoviva.com/india/product/extreme-moisturizing-140ml/" "Mozilla/5.0 (Macintosh; Intel Mac OS X 10_15_7) AppleWebKit/605.1.15 (KHTML, like Gecko) Version/17.4 Safari/605.1.15 (Applebot/0.1; +http://www.apple.com/go/applebot)"
17.246.23.143 - - [13/May/2026:18:03:47 +0530] "GET /india/wp-content/plugins/woocommerce/assets/js/frontend/single-product.min.js?ver=2.4.12 HTTP/1.1" 200 1610 "http://dermoviva.com/india/product/extreme-moisturizing-140ml/" "Mozilla/5.0 (Macintosh; Intel Mac OS X 10_15_7) AppleWebKit/605.1.15 (KHTML, like Gecko) Version/17.4 Safari/605.1.15 (Applebot/0.1; +http://www.apple.com/go/applebot)"
17.246.15.64 - - [13/May/2026:18:03:49 +0530] "GET /india/wp-content/plugins/woocommerce/assets/js/jquery-blockui/jquery.blockUI.min.js?ver=2.70 HTTP/1.1" 200 9565 "http://dermoviva.com/india/product/extreme-moisturizing-140ml/" "Mozilla/5.0 (Macintosh; Intel Mac OS X 10_15_7) AppleWebKit/605.1.15 (KHTML, like Gecko) Version/17.4 Safari/605.1.15 (Applebot/0.1; +http://www.apple.com/go/applebot)"
216.73.217.12 - - [13/May/2026:18:03:48 +0530] "GET /india/product/nourish-protect/feed/ HTTP/1.1" 200 781 "-" "Mozilla/5.0 AppleWebKit/537.36 (KHTML, like Gecko; compatible; ClaudeBot/1.0; +claudebot@anthropic.com)"
17.246.15.169 - - [13/May/2026:18:03:50 +0530] "GET /india/wp-content/plugins/woocommerce/assets/js/frontend/woocommerce.min.js?ver=2.4.12 HTTP/1.1" 200 277 "http://dermoviva.com/india/product/extreme-moisturizing-140ml/" "Mozilla/5.0 (Macintosh; Intel Mac OS X 10_15_7) AppleWebKit/605.1.15 (KHTML, like Gecko) Version/17.4 Safari/605.1.15 (Applebot/0.1; +http://www.apple.com/go/applebot)"
216.73.217.12 - - [13/May/2026:18:03:49 +0530] "GET /india/product/volume-thickness-140ml/feed/ HTTP/1.1" 200 796 "-" "Mozilla/5.0 AppleWebKit/537.36 (KHTML, like Gecko; compatible; ClaudeBot/1.0; +claudebot@anthropic.com)"
17.246.19.64 - - [13/May/2026:18:03:52 +0530] "GET /india/wp-content/plugins/woocommerce/assets/js/jquery-cookie/jquery.cookie.min.js?ver=1.4.1 HTTP/1.1" 200 1414 "http://dermoviva.com/india/product/extreme-moisturizing-140ml/" "Mozilla/5.0 (Macintosh; Intel Mac OS X 10_15_7) AppleWebKit/605.1.15 (KHTML, like Gecko) Version/17.4 Safari/605.1.15 (Applebot/0.1; +http://www.apple.com/go/applebot)"
216.73.217.12 - - [13/May/2026:18:03:50 +0530] "GET /india/?p=3842 HTTP/1.1" 301 - "-" "Mozilla/5.0 AppleWebKit/537.36 (KHTML, like Gecko; compatible; ClaudeBot/1.0; +claudebot@anthropic.com)"
17.246.23.189 - - [13/May/2026:18:03:53 +0530] "GET /india/wp-content/plugins/woocommerce/assets/js/frontend/cart-fragments.min.js?ver=2.4.12 HTTP/1.1" 200 1589 "http://dermoviva.com/india/product/extreme-moisturizing-140ml/" "Mozilla/5.0 (Macintosh; Intel Mac OS X 10_15_7) AppleWebKit/605.1.15 (KHTML, like Gecko) Version/17.4 Safari/605.1.15 (Applebot/0.1; +http://www.apple.com/go/applebot)"
216.73.217.12 - - [13/May/2026:18:03:53 +0530] "GET /india/product/fairness-glow-150ml/ HTTP/1.1" 200 130274 "http://dermoviva.com/india/?p=3842" "Mozilla/5.0 AppleWebKit/537.36 (KHTML, like Gecko; compatible; ClaudeBot/1.0; +claudebot@anthropic.com)"
17.246.19.151 - - [13/May/2026:18:03:55 +0530] "GET /india/wp-content/plugins/yith-woocommerce-compare/assets/js/woocompare.js?ver=2.0.5 HTTP/1.1" 200 8668 "http://dermoviva.com/india/product/extreme-moisturizing-140ml/" "Mozilla/5.0 (Macintosh; Intel Mac OS X 10_15_7) AppleWebKit/605.1.15 (KHTML, like Gecko) Version/17.4 Safari/605.1.15 (Applebot/0.1; +http://www.apple.com/go/applebot)"
17.246.19.173 - - [13/May/2026:18:03:56 +0530] "GET /india/wp-content/plugins/yith-woocommerce-compare/assets/js/jquery.colorbox-min.js?ver=1.4.21 HTTP/1.1" 200 11825 "http://dermoviva.com/india/product/extreme-moisturizing-140ml/" "Mozilla/5.0 (Macintosh; Intel Mac OS X 10_15_7) AppleWebKit/605.1.15 (KHTML, like Gecko) Version/17.4 Safari/605.1.15 (Applebot/0.1; +http://www.apple.com/go/applebot)"
17.246.15.152 - - [13/May/2026:18:03:57 +0530] "GET /india/wp-content/plugins/yith-woocommerce-quick-view/assets/js/frontend.js?ver=1.0 HTTP/1.1" 200 4460 "http://dermoviva.com/india/product/extreme-moisturizing-140ml/" "Mozilla/5.0 (Macintosh; Intel Mac OS X 10_15_7) AppleWebKit/605.1.15 (KHTML, like Gecko) Version/17.4 Safari/605.1.15 (Applebot/0.1; +http://www.apple.com/go/applebot)"
17.246.23.18 - - [13/May/2026:18:03:59 +0530] "GET /india/wp-content/plugins/woocommerce/assets/js/prettyPhoto/jquery.prettyPhoto.min.js?ver=3.1.5 HTTP/1.1" 200 21313 "http://dermoviva.com/india/product/extreme-moisturizing-140ml/" "Mozilla/5.0 (Macintosh; Intel Mac OS X 10_15_7) AppleWebKit/605.1.15 (KHTML, like Gecko) Version/17.4 Safari/605.1.15 (Applebot/0.1; +http://www.apple.com/go/applebot)"
17.246.19.198 - - [13/May/2026:18:04:00 +0530] "GET /india/wp-content/plugins/woocommerce/assets/js/prettyPhoto/jquery.prettyPhoto.init.min.js?ver=2.4.12 HTTP/1.1" 200 317 "http://dermoviva.com/india/product/extreme-moisturizing-140ml/" "Mozilla/5.0 (Macintosh; Intel Mac OS X 10_15_7) AppleWebKit/605.1.15 (KHTML, like Gecko) Version/17.4 Safari/605.1.15 (Applebot/0.1; +http://www.apple.com/go/applebot)"
17.246.23.35 - - [13/May/2026:18:04:02 +0530] "GET /india/wp-content/plugins/yith-woocommerce-wishlist/assets/js/jquery.selectBox.min.js?ver=1.2.0 HTTP/1.1" 200 15736 "http://dermoviva.com/india/product/extreme-moisturizing-140ml/" "Mozilla/5.0 (Macintosh; Intel Mac OS X 10_15_7) AppleWebKit/605.1.15 (KHTML, like Gecko) Version/17.4 Safari/605.1.15 (Applebot/0.1; +http://www.apple.com/go/applebot)"
17.246.15.178 - - [13/May/2026:18:04:03 +0530] "GET /india/wp-content/plugins/yith-woocommerce-wishlist/assets/js/jquery.yith-wcwl.js?ver=2.0.13 HTTP/1.1" 200 9960 "http://dermoviva.com/india/product/extreme-moisturizing-140ml/" "Mozilla/5.0 (Macintosh; Intel Mac OS X 10_15_7) AppleWebKit/605.1.15 (KHTML, like Gecko) Version/17.4 Safari/605.1.15 (Applebot/0.1; +http://www.apple.com/go/applebot)"
17.246.23.252 - - [13/May/2026:18:04:04 +0530] "GET /india/wp-content/themes/ri-colias/js/skip-link-focus-fix.js?ver=20141010 HTTP/1.1" 200 727 "http://dermoviva.com/india/product/extreme-moisturizing-140ml/" "Mozilla/5.0 (Macintosh; Intel Mac OS X 10_15_7) AppleWebKit/605.1.15 (KHTML, like Gecko) Version/17.4 Safari/605.1.15 (Applebot/0.1; +http://www.apple.com/go/applebot)"
17.246.15.146 - - [13/May/2026:18:04:06 +0530] "GET /india/wp-includes/js/comment-reply.min.js?ver=4.4.33 HTTP/1.1" 200 1076 "http://dermoviva.com/india/product/extreme-moisturizing-140ml/" "Mozilla/5.0 (Macintosh; Intel Mac OS X 10_15_7) AppleWebKit/605.1.15 (KHTML, like Gecko) Version/17.4 Safari/605.1.15 (Applebot/0.1; +http://www.apple.com/go/applebot)"
17.246.19.99 - - [13/May/2026:18:04:07 +0530] "GET /india/wp-content/plugins/yith-woocommerce-zoom-magnifier/assets/js/jquery.carouFredSel.min.js?ver=6.2.1 HTTP/1.1" 200 54477 "http://dermoviva.com/india/product/extreme-moisturizing-140ml/" "Mozilla/5.0 (Macintosh; Intel Mac OS X 10_15_7) AppleWebKit/605.1.15 (KHTML, like Gecko) Version/17.4 Safari/605.1.15 (Applebot/0.1; +http://www.apple.com/go/applebot)"
17.246.23.235 - - [13/May/2026:18:04:09 +0530] "GET /india/wp-content/plugins/yith-woocommerce-zoom-magnifier/assets/js/yith_magnifier.min.js?ver=1.2.14 HTTP/1.1" 200 9857 "http://dermoviva.com/india/product/extreme-moisturizing-140ml/" "Mozilla/5.0 (Macintosh; Intel Mac OS X 10_15_7) AppleWebKit/605.1.15 (KHTML, like Gecko) Version/17.4 Safari/605.1.15 (Applebot/0.1; +http://www.apple.com/go/applebot)"
17.246.23.244 - - [13/May/2026:18:04:10 +0530] "GET /india/wp-includes/js/hoverIntent.min.js?ver=1.8.1 HTTP/1.1" 200 1087 "http://dermoviva.com/india/product/extreme-moisturizing-140ml/" "Mozilla/5.0 (Macintosh; Intel Mac OS X 10_15_7) AppleWebKit/605.1.15 (KHTML, like Gecko) Version/17.4 Safari/605.1.15 (Applebot/0.1; +http://www.apple.com/go/applebot)"
17.246.19.212 - - [13/May/2026:18:04:11 +0530] "GET /india/wp-content/plugins/megamenu/js/maxmegamenu.js?ver=2.0.1 HTTP/1.1" 200 9713 "http://dermoviva.com/india/product/extreme-moisturizing-140ml/" "Mozilla/5.0 (Macintosh; Intel Mac OS X 10_15_7) AppleWebKit/605.1.15 (KHTML, like Gecko) Version/17.4 Safari/605.1.15 (Applebot/0.1; +http://www.apple.com/go/applebot)"
17.246.23.136 - - [13/May/2026:18:04:13 +0530] "GET /india/wp-includes/js/wp-embed.min.js?ver=4.4.33 HTTP/1.1" 200 1436 "http://dermoviva.com/india/product/extreme-moisturizing-140ml/" "Mozilla/5.0 (Macintosh; Intel Mac OS X 10_15_7) AppleWebKit/605.1.15 (KHTML, like Gecko) Version/17.4 Safari/605.1.15 (Applebot/0.1; +http://www.apple.com/go/applebot)"
216.73.217.12 - - [13/May/2026:18:04:15 +0530] "GET /india/product-category/products/skin-care/ HTTP/1.1" 200 89906 "-" "Mozilla/5.0 AppleWebKit/537.36 (KHTML, like Gecko; compatible; ClaudeBot/1.0; +claudebot@anthropic.com)"
216.73.217.12 - - [13/May/2026:18:04:14 +0530] "GET /india/product/fairness-glow-150ml/?add_to_wishlist=3841 HTTP/1.1" 200 130608 "-" "Mozilla/5.0 AppleWebKit/537.36 (KHTML, like Gecko; compatible; ClaudeBot/1.0; +claudebot@anthropic.com)"
216.73.217.12 - - [13/May/2026:18:04:18 +0530] "GET /india/product/fairness-glow-150ml/feed/ HTTP/1.1" 200 782 "-" "Mozilla/5.0 AppleWebKit/537.36 (KHTML, like Gecko; compatible; ClaudeBot/1.0; +claudebot@anthropic.com)"
216.73.217.12 - - [13/May/2026:18:04:23 +0530] "GET /india/product/fairness-glow-150ml/?add_to_wishlist=3837 HTTP/1.1" 200 130607 "-" "Mozilla/5.0 AppleWebKit/537.36 (KHTML, like Gecko; compatible; ClaudeBot/1.0; +claudebot@anthropic.com)"
216.73.217.12 - - [13/May/2026:18:04:23 +0530] "GET /india/product/fairness-glow-150ml/?add_to_wishlist=3821 HTTP/1.1" 200 130606 "-" "Mozilla/5.0 AppleWebKit/537.36 (KHTML, like Gecko; compatible; ClaudeBot/1.0; +claudebot@anthropic.com)"
216.73.217.12 - - [13/May/2026:18:04:41 +0530] "GET /india/product/fairness-glow-150ml/?add_to_wishlist=3842 HTTP/1.1" 200 130607 "-" "Mozilla/5.0 AppleWebKit/537.36 (KHTML, like Gecko; compatible; ClaudeBot/1.0; +claudebot@anthropic.com)"
216.73.217.12 - - [13/May/2026:18:04:42 +0530] "GET /india/product/fairness-glow-150ml/?add_to_wishlist=3820 HTTP/1.1" 200 130608 "-" "Mozilla/5.0 AppleWebKit/537.36 (KHTML, like Gecko; compatible; ClaudeBot/1.0; +claudebot@anthropic.com)"
17.22.237.180 - - [13/May/2026:18:04:52 +0530] "GET /india/wp-content/plugins/woocommerce-currency-switcher/js/price-slider.js?ver=4.4.33 HTTP/1.1" 200 4915 "http://dermoviva.com/india/product/fairness-glow-150ml/" "Mozilla/5.0 (Macintosh; Intel Mac OS X 10_15_7) AppleWebKit/605.1.15 (KHTML, like Gecko) Version/17.4 Safari/605.1.15 (Applebot/0.1; +http://www.apple.com/go/applebot)"
216.73.217.12 - - [13/May/2026:18:04:52 +0530] "GET /india/product/fairness-glow-150ml/?add_to_wishlist=3823 HTTP/1.1" 200 130608 "-" "Mozilla/5.0 AppleWebKit/537.36 (KHTML, like Gecko; compatible; ClaudeBot/1.0; +claudebot@anthropic.com)"
216.73.217.12 - - [13/May/2026:18:04:52 +0530] "GET /india/product/fairness-glow-150ml/?add_to_wishlist=3828 HTTP/1.1" 200 130606 "-" "Mozilla/5.0 AppleWebKit/537.36 (KHTML, like Gecko; compatible; ClaudeBot/1.0; +claudebot@anthropic.com)"
216.73.217.12 - - [13/May/2026:18:05:04 +0530] "GET /india/product/fairness-glow-150ml/?add_to_wishlist=3822 HTTP/1.1" 200 130608 "-" "Mozilla/5.0 AppleWebKit/537.36 (KHTML, like Gecko; compatible; ClaudeBot/1.0; +claudebot@anthropic.com)"
216.73.217.12 - - [13/May/2026:18:05:04 +0530] "GET /india/product/fairness-glow-150ml/?add_to_wishlist=3827 HTTP/1.1" 200 130608 "-" "Mozilla/5.0 AppleWebKit/537.36 (KHTML, like Gecko; compatible; ClaudeBot/1.0; +claudebot@anthropic.com)"
114.119.157.108 - - [13/May/2026:18:05:12 +0530] "GET /india/product/chamomile?action=yith-woocompare-add-product&id=4069 HTTP/1.1" 302 - "-" "Mozilla/5.0 (Linux; Android 7.0;) AppleWebKit/537.36 (KHTML, like Gecko) Mobile Safari/537.36 (compatible; PetalBot;+https://webmaster.petalsearch.com/site/petalbot)"
216.73.217.12 - - [13/May/2026:18:05:12 +0530] "GET /india/product/fairness-glow-150ml/?add_to_wishlist=3808 HTTP/1.1" 200 130608 "-" "Mozilla/5.0 AppleWebKit/537.36 (KHTML, like Gecko; compatible; ClaudeBot/1.0; +claudebot@anthropic.com)"
216.73.217.12 - - [13/May/2026:18:05:13 +0530] "GET /india/product/fairness-glow-150ml/?add_to_wishlist=3815 HTTP/1.1" 200 130608 "-" "Mozilla/5.0 AppleWebKit/537.36 (KHTML, like Gecko; compatible; ClaudeBot/1.0; +claudebot@anthropic.com)"
43.135.133.194 - - [13/May/2026:18:05:15 +0530] "GET /india?wptouch_switch=desktop&redirect=%2Findia%2F&nonce=645145505d HTTP/1.1" 301 344 "-" "Mozilla/5.0 (iPhone; CPU iPhone OS 13_2_3 like Mac OS X) AppleWebKit/605.1.15 (KHTML, like Gecko) Version/13.0.3 Mobile/15E148 Safari/604.1"
114.119.157.108 - - [13/May/2026:18:05:15 +0530] "GET /india/product/chamomile HTTP/1.1" 301 - "-" "Mozilla/5.0 (Linux; Android 7.0;) AppleWebKit/537.36 (KHTML, like Gecko) Mobile Safari/537.36 (compatible; PetalBot;+https://webmaster.petalsearch.com/site/petalbot)"
43.135.133.194 - - [13/May/2026:18:05:16 +0530] "GET /india/?wptouch_switch=desktop&redirect=%2Findia%2F&nonce=645145505d HTTP/1.1" 302 - "http://dermoviva.com/india?wptouch_switch=desktop&redirect=%2Findia%2F&nonce=645145505d" "Mozilla/5.0 (iPhone; CPU iPhone OS 13_2_3 like Mac OS X) AppleWebKit/605.1.15 (KHTML, like Gecko) Version/13.0.3 Mobile/15E148 Safari/604.1"
114.119.157.108 - - [13/May/2026:18:05:19 +0530] "GET /india/product/chamomile/ HTTP/1.1" 200 61754 "-" "Mozilla/5.0 (Linux; Android 7.0;) AppleWebKit/537.36 (KHTML, like Gecko) Mobile Safari/537.36 (compatible; PetalBot;+https://webmaster.petalsearch.com/site/petalbot)"
43.135.133.194 - - [13/May/2026:18:05:19 +0530] "GET /india/ HTTP/1.1" 200 76603 "http://dermoviva.com/india/?wptouch_switch=desktop&redirect=%2Findia%2F&nonce=645145505d" "Mozilla/5.0 (iPhone; CPU iPhone OS 13_2_3 like Mac OS X) AppleWebKit/605.1.15 (KHTML, like Gecko) Version/13.0.3 Mobile/15E148 Safari/604.1"
216.73.217.12 - - [13/May/2026:18:05:22 +0530] "GET /india/product/fairness-glow-150ml/?action=yith-woocompare-add-product&id=3841 HTTP/1.1" 302 - "-" "Mozilla/5.0 AppleWebKit/537.36 (KHTML, like Gecko; compatible; ClaudeBot/1.0; +claudebot@anthropic.com)"
216.73.217.12 - - [13/May/2026:18:05:24 +0530] "GET /india/product-category/products/skin-care/face-wash/ HTTP/1.1" 200 73257 "-" "Mozilla/5.0 AppleWebKit/537.36 (KHTML, like Gecko; compatible; ClaudeBot/1.0; +claudebot@anthropic.com)"
216.73.217.12 - - [13/May/2026:18:05:24 +0530] "GET /india/product/fairness-glow-150ml/ HTTP/1.1" 200 130274 "http://dermoviva.com/india/product/fairness-glow-150ml/?action=yith-woocompare-add-product&id=3841" "Mozilla/5.0 AppleWebKit/537.36 (KHTML, like Gecko; compatible; ClaudeBot/1.0; +claudebot@anthropic.com)"
216.73.217.12 - - [13/May/2026:18:05:35 +0530] "GET /india/product/fairness-glow-150ml/?action=yith-woocompare-add-product&id=3821 HTTP/1.1" 302 - "-" "Mozilla/5.0 AppleWebKit/537.36 (KHTML, like Gecko; compatible; ClaudeBot/1.0; +claudebot@anthropic.com)"
216.73.217.12 - - [13/May/2026:18:05:35 +0530] "GET /india/product/fairness-glow-150ml/?action=yith-woocompare-add-product&id=3837 HTTP/1.1" 302 - "-" "Mozilla/5.0 AppleWebKit/537.36 (KHTML, like Gecko; compatible; ClaudeBot/1.0; +claudebot@anthropic.com)"
216.73.217.12 - - [13/May/2026:18:05:37 +0530] "GET /india/product/fairness-glow-150ml/ HTTP/1.1" 200 130275 "http://dermoviva.com/india/product/fairness-glow-150ml/?action=yith-woocompare-add-product&id=3821" "Mozilla/5.0 AppleWebKit/537.36 (KHTML, like Gecko; compatible; ClaudeBot/1.0; +claudebot@anthropic.com)"
216.73.217.12 - - [13/May/2026:18:05:37 +0530] "GET /india/product/fairness-glow-150ml/ HTTP/1.1" 200 130274 "http://dermoviva.com/india/product/fairness-glow-150ml/?action=yith-woocompare-add-product&id=3837" "Mozilla/5.0 AppleWebKit/537.36 (KHTML, like Gecko; compatible; ClaudeBot/1.0; +claudebot@anthropic.com)"
216.73.217.12 - - [13/May/2026:18:05:47 +0530] "GET /india/product/fairness-glow-150ml/?action=yith-woocompare-add-product&id=3842 HTTP/1.1" 302 - "-" "Mozilla/5.0 AppleWebKit/537.36 (KHTML, like Gecko; compatible; ClaudeBot/1.0; +claudebot@anthropic.com)"
216.73.217.12 - - [13/May/2026:18:05:49 +0530] "GET /india/product/fairness-glow-150ml/?action=yith-woocompare-add-product&id=3820 HTTP/1.1" 302 - "-" "Mozilla/5.0 AppleWebKit/537.36 (KHTML, like Gecko; compatible; ClaudeBot/1.0; +claudebot@anthropic.com)"
216.73.217.12 - - [13/May/2026:18:05:50 +0530] "GET /india/product/fairness-glow-150ml/ HTTP/1.1" 200 130275 "http://dermoviva.com/india/product/fairness-glow-150ml/?action=yith-woocompare-add-product&id=3842" "Mozilla/5.0 AppleWebKit/537.36 (KHTML, like Gecko; compatible; ClaudeBot/1.0; +claudebot@anthropic.com)"
216.73.217.12 - - [13/May/2026:18:05:51 +0530] "GET /india/product/fairness-glow-150ml/ HTTP/1.1" 200 130275 "http://dermoviva.com/india/product/fairness-glow-150ml/?action=yith-woocompare-add-product&id=3820" "Mozilla/5.0 AppleWebKit/537.36 (KHTML, like Gecko; compatible; ClaudeBot/1.0; +claudebot@anthropic.com)"
216.244.66.227 - - [13/May/2026:18:05:57 +0530] "GET /robots.txt HTTP/1.1" 404 - "-" "Mozilla/5.0 (compatible; DotBot/1.2; +https://opensiteexplorer.org/dotbot; help@moz.com)"
216.73.217.12 - - [13/May/2026:18:06:03 +0530] "GET /india/product/fairness-glow-150ml/?action=yith-woocompare-add-product&id=3828 HTTP/1.1" 302 - "-" "Mozilla/5.0 AppleWebKit/537.36 (KHTML, like Gecko; compatible; ClaudeBot/1.0; +claudebot@anthropic.com)"
216.73.217.12 - - [13/May/2026:18:06:04 +0530] "GET /india/product/fairness-glow-150ml/?action=yith-woocompare-add-product&id=3823 HTTP/1.1" 302 - "-" "Mozilla/5.0 AppleWebKit/537.36 (KHTML, like Gecko; compatible; ClaudeBot/1.0; +claudebot@anthropic.com)"
216.73.217.12 - - [13/May/2026:18:06:04 +0530] "GET /india/product/fairness-glow-150ml/ HTTP/1.1" 200 130275 "http://dermoviva.com/india/product/fairness-glow-150ml/?action=yith-woocompare-add-product&id=3828" "Mozilla/5.0 AppleWebKit/537.36 (KHTML, like Gecko; compatible; ClaudeBot/1.0; +claudebot@anthropic.com)"
216.73.217.12 - - [13/May/2026:18:06:06 +0530] "GET /india/product/fairness-glow-150ml/?action=yith-woocompare-add-product&id=3822 HTTP/1.1" 302 - "-" "Mozilla/5.0 AppleWebKit/537.36 (KHTML, like Gecko; compatible; ClaudeBot/1.0; +claudebot@anthropic.com)"
216.73.217.12 - - [13/May/2026:18:06:06 +0530] "GET /india/product/fairness-glow-150ml/?action=yith-woocompare-add-product&id=3827 HTTP/1.1" 302 - "-" "Mozilla/5.0 AppleWebKit/537.36 (KHTML, like Gecko; compatible; ClaudeBot/1.0; +claudebot@anthropic.com)"
216.73.217.12 - - [13/May/2026:18:06:06 +0530] "GET /india/product/fairness-glow-150ml/ HTTP/1.1" 200 116879 "http://dermoviva.com/india/product/fairness-glow-150ml/?action=yith-woocompare-add-product&id=3823" "Mozilla/5.0 AppleWebKit/537.36 (KHTML, like Gecko; compatible; ClaudeBot/1.0; +claudebot@anthropic.com)"
216.73.217.12 - - [13/May/2026:18:06:08 +0530] "GET /india/product/fairness-glow-150ml/ HTTP/1.1" 200 130274 "http://dermoviva.com/india/product/fairness-glow-150ml/?action=yith-woocompare-add-product&id=3822" "Mozilla/5.0 AppleWebKit/537.36 (KHTML, like Gecko; compatible; ClaudeBot/1.0; +claudebot@anthropic.com)"
216.73.217.12 - - [13/May/2026:18:06:08 +0530] "GET /india/product/fairness-glow-150ml/ HTTP/1.1" 200 130275 "http://dermoviva.com/india/product/fairness-glow-150ml/?action=yith-woocompare-add-product&id=3827" "Mozilla/5.0 AppleWebKit/537.36 (KHTML, like Gecko; compatible; ClaudeBot/1.0; +claudebot@anthropic.com)"
216.73.217.12 - - [13/May/2026:18:06:17 +0530] "GET /india/product/fairness-glow-150ml/?action=yith-woocompare-add-product&id=3808 HTTP/1.1" 302 - "-" "Mozilla/5.0 AppleWebKit/537.36 (KHTML, like Gecko; compatible; ClaudeBot/1.0; +claudebot@anthropic.com)"
216.73.217.12 - - [13/May/2026:18:06:18 +0530] "GET /india/product/fairness-glow-150ml/?action=yith-woocompare-add-product&id=3815 HTTP/1.1" 302 - "-" "Mozilla/5.0 AppleWebKit/537.36 (KHTML, like Gecko; compatible; ClaudeBot/1.0; +claudebot@anthropic.com)"
216.73.217.12 - - [13/May/2026:18:06:19 +0530] "GET /india/product/fairness-glow-150ml/ HTTP/1.1" 200 130274 "http://dermoviva.com/india/product/fairness-glow-150ml/?action=yith-woocompare-add-product&id=3808" "Mozilla/5.0 AppleWebKit/537.36 (KHTML, like Gecko; compatible; ClaudeBot/1.0; +claudebot@anthropic.com)"
216.73.217.12 - - [13/May/2026:18:06:20 +0530] "GET /india/product/fairness-glow-150ml/ HTTP/1.1" 200 130275 "http://dermoviva.com/india/product/fairness-glow-150ml/?action=yith-woocompare-add-product&id=3815" "Mozilla/5.0 AppleWebKit/537.36 (KHTML, like Gecko; compatible; ClaudeBot/1.0; +claudebot@anthropic.com)"
17.22.237.47 - - [13/May/2026:18:06:30 +0530] "POST /india/product/wet-look-250ml/?wc-ajax=get_refreshed_fragments HTTP/1.1" 200 1532 "http://dermoviva.com/india/product/wet-look-250ml/" "Mozilla/5.0 (Macintosh; Intel Mac OS X 10_15_7) AppleWebKit/605.1.15 (KHTML, like Gecko) Version/17.4 Safari/605.1.15 (Applebot/0.1; +http://www.apple.com/go/applebot)"
216.73.217.12 - - [13/May/2026:18:06:47 +0530] "GET /india/product/age-defying/feed/ HTTP/1.1" 200 766 "-" "Mozilla/5.0 AppleWebKit/537.36 (KHTML, like Gecko; compatible; ClaudeBot/1.0; +claudebot@anthropic.com)"
216.73.217.12 - - [13/May/2026:18:06:50 +0530] "GET /india/?p=3815 HTTP/1.1" 301 - "-" "Mozilla/5.0 AppleWebKit/537.36 (KHTML, like Gecko; compatible; ClaudeBot/1.0; +claudebot@anthropic.com)"
216.73.217.12 - - [13/May/2026:18:06:53 +0530] "GET /india/product/age-protect-200ml/ HTTP/1.1" 200 130182 "http://dermoviva.com/india/?p=3815" "Mozilla/5.0 AppleWebKit/537.36 (KHTML, like Gecko; compatible; ClaudeBot/1.0; +claudebot@anthropic.com)"
216.73.217.12 - - [13/May/2026:18:06:54 +0530] "GET /india/product/age-protect-200ml/feed/ HTTP/1.1" 200 777 "-" "Mozilla/5.0 AppleWebKit/537.36 (KHTML, like Gecko; compatible; ClaudeBot/1.0; +claudebot@anthropic.com)"
216.73.217.12 - - [13/May/2026:18:06:59 +0530] "GET /india/product/fairness-glow-150ml-2/feed/ HTTP/1.1" 200 788 "-" "Mozilla/5.0 AppleWebKit/537.36 (KHTML, like Gecko; compatible; ClaudeBot/1.0; +claudebot@anthropic.com)"
216.73.217.12 - - [13/May/2026:18:06:59 +0530] "GET /india/product/extreme-hold-250ml/feed/ HTTP/1.1" 200 778 "-" "Mozilla/5.0 AppleWebKit/537.36 (KHTML, like Gecko; compatible; ClaudeBot/1.0; +claudebot@anthropic.com)"
216.73.217.12 - - [13/May/2026:18:07:01 +0530] "GET /india/product/oil-control-150ml-2/feed/ HTTP/1.1" 200 781 "-" "Mozilla/5.0 AppleWebKit/537.36 (KHTML, like Gecko; compatible; ClaudeBot/1.0; +claudebot@anthropic.com)"
216.73.217.12 - - [13/May/2026:18:07:02 +0530] "GET /india/product/age-defying-70ml/feed/ HTTP/1.1" 200 775 "-" "Mozilla/5.0 AppleWebKit/537.36 (KHTML, like Gecko; compatible; ClaudeBot/1.0; +claudebot@anthropic.com)"
216.73.217.12 - - [13/May/2026:18:07:04 +0530] "GET /india/?p=3827 HTTP/1.1" 301 - "-" "Mozilla/5.0 AppleWebKit/537.36 (KHTML, like Gecko; compatible; ClaudeBot/1.0; +claudebot@anthropic.com)"
216.73.217.12 - - [13/May/2026:18:07:04 +0530] "GET /india/?p=3850 HTTP/1.1" 301 - "-" "Mozilla/5.0 AppleWebKit/537.36 (KHTML, like Gecko; compatible; ClaudeBot/1.0; +claudebot@anthropic.com)"
216.73.217.12 - - [13/May/2026:18:07:06 +0530] "GET /india/product/age-defying-70ml/ HTTP/1.1" 200 129660 "http://dermoviva.com/india/?p=3827" "Mozilla/5.0 AppleWebKit/537.36 (KHTML, like Gecko; compatible; ClaudeBot/1.0; +claudebot@anthropic.com)"
216.73.217.12 - - [13/May/2026:18:07:06 +0530] "GET /india/product/blackhead-clearing-150ml/ HTTP/1.1" 200 130231 "http://dermoviva.com/india/?p=3850" "Mozilla/5.0 AppleWebKit/537.36 (KHTML, like Gecko; compatible; ClaudeBot/1.0; +claudebot@anthropic.com)"
216.73.217.12 - - [13/May/2026:18:07:09 +0530] "GET /india/?p=3861 HTTP/1.1" 301 - "-" "Mozilla/5.0 AppleWebKit/537.36 (KHTML, like Gecko; compatible; ClaudeBot/1.0; +claudebot@anthropic.com)"
216.73.217.12 - - [13/May/2026:18:07:10 +0530] "GET /india/?p=3882 HTTP/1.1" 301 - "-" "Mozilla/5.0 AppleWebKit/537.36 (KHTML, like Gecko; compatible; ClaudeBot/1.0; +claudebot@anthropic.com)"
114.119.153.169 - - [13/May/2026:18:07:11 +0530] "GET /india/product/cactus?action=yith-woocompare-add-product&id=4077 HTTP/1.1" 302 - "-" "Mozilla/5.0 (Linux; Android 7.0;) AppleWebKit/537.36 (KHTML, like Gecko) Mobile Safari/537.36 (compatible; PetalBot;+https://webmaster.petalsearch.com/site/petalbot)"
216.73.217.12 - - [13/May/2026:18:07:10 +0530] "GET /india/product/extreme-shine-200ml/ HTTP/1.1" 200 127750 "http://dermoviva.com/india/?p=3861" "Mozilla/5.0 AppleWebKit/537.36 (KHTML, like Gecko; compatible; ClaudeBot/1.0; +claudebot@anthropic.com)"
216.73.217.12 - - [13/May/2026:18:07:12 +0530] "GET /india/product/extreme-hold-250ml/ HTTP/1.1" 200 127997 "http://dermoviva.com/india/?p=3882" "Mozilla/5.0 AppleWebKit/537.36 (KHTML, like Gecko; compatible; ClaudeBot/1.0; +claudebot@anthropic.com)"
216.73.217.12 - - [13/May/2026:18:07:12 +0530] "GET /india/product/blackhead-clearing-150ml/feed/ HTTP/1.1" 200 798 "-" "Mozilla/5.0 AppleWebKit/537.36 (KHTML, like Gecko; compatible; ClaudeBot/1.0; +claudebot@anthropic.com)"
216.73.217.12 - - [13/May/2026:18:07:13 +0530] "GET /india/product/extreme-moisturizing-140ml/feed/ HTTP/1.1" 200 804 "-" "Mozilla/5.0 AppleWebKit/537.36 (KHTML, like Gecko; compatible; ClaudeBot/1.0; +claudebot@anthropic.com)"
216.73.217.12 - - [13/May/2026:18:07:15 +0530] "GET /india/wp-json/oembed/1.0/embed?url=http%3A%2F%2Fdermoviva.com%2Findia%2Fabout-us%2F HTTP/1.1" 200 2242 "-" "Mozilla/5.0 AppleWebKit/537.36 (KHTML, like Gecko; compatible; ClaudeBot/1.0; +claudebot@anthropic.com)"
114.119.153.169 - - [13/May/2026:18:07:15 +0530] "GET /india/product/cactus HTTP/1.1" 301 - "-" "Mozilla/5.0 (Linux; Android 7.0;) AppleWebKit/537.36 (KHTML, like Gecko) Mobile Safari/537.36 (compatible; PetalBot;+https://webmaster.petalsearch.com/site/petalbot)"
216.73.217.12 - - [13/May/2026:18:07:16 +0530] "GET /india/wp-json/oembed/1.0/embed?format=xml&url=http%3A%2F%2Fdermoviva.com%2Findia%2Fabout-us%2F HTTP/1.1" 200 2328 "-" "Mozilla/5.0 AppleWebKit/537.36 (KHTML, like Gecko; compatible; ClaudeBot/1.0; +claudebot@anthropic.com)"
216.73.217.12 - - [13/May/2026:18:07:20 +0530] "GET /india/wp-json/oembed/1.0/embed?url=http%3A%2F%2Fdermoviva.com%2Findia%2Fproduct%2Fage-defying%2F HTTP/1.1" 200 2479 "-" "Mozilla/5.0 AppleWebKit/537.36 (KHTML, like Gecko; compatible; ClaudeBot/1.0; +claudebot@anthropic.com)"
114.119.153.169 - - [13/May/2026:18:07:20 +0530] "GET /india/product/cactus/ HTTP/1.1" 200 61703 "-" "Mozilla/5.0 (Linux; Android 7.0;) AppleWebKit/537.36 (KHTML, like Gecko) Mobile Safari/537.36 (compatible; PetalBot;+https://webmaster.petalsearch.com/site/petalbot)"
216.73.217.12 - - [13/May/2026:18:07:22 +0530] "GET /india/wp-json/oembed/1.0/embed?format=xml&url=http%3A%2F%2Fdermoviva.com%2Findia%2Fproduct%2Fextreme-shine-200ml%2F HTTP/1.1" 200 2603 "-" "Mozilla/5.0 AppleWebKit/537.36 (KHTML, like Gecko; compatible; ClaudeBot/1.0; +claudebot@anthropic.com)"
216.73.217.12 - - [13/May/2026:18:07:24 +0530] "GET /india/wp-json/oembed/1.0/embed?format=xml&url=http%3A%2F%2Fdermoviva.com%2Findia%2Fproduct%2Fextreme-hold-250ml%2F HTTP/1.1" 200 2591 "-" "Mozilla/5.0 AppleWebKit/537.36 (KHTML, like Gecko; compatible; ClaudeBot/1.0; +claudebot@anthropic.com)"
17.22.253.130 - - [13/May/2026:18:07:25 +0530] "POST /india/product-category/products/hair-care/?wc-ajax=get_refreshed_fragments HTTP/1.1" 200 1532 "http://dermoviva.com/india/product-category/products/hair-care/" "Mozilla/5.0 (Macintosh; Intel Mac OS X 10_15_7) AppleWebKit/605.1.15 (KHTML, like Gecko) Version/17.4 Safari/605.1.15 (Applebot/0.1; +http://www.apple.com/go/applebot)"
216.73.217.12 - - [13/May/2026:18:07:26 +0530] "GET /india/wp-json/oembed/1.0/embed?url=http%3A%2F%2Fdermoviva.com%2Findia%2Fproduct%2Fage-protect-200ml%2F HTTP/1.1" 200 2480 "-" "Mozilla/5.0 AppleWebKit/537.36 (KHTML, like Gecko; compatible; ClaudeBot/1.0; +claudebot@anthropic.com)"
216.73.217.12 - - [13/May/2026:18:07:28 +0530] "GET /india/wp-json/oembed/1.0/embed?format=xml&url=http%3A%2F%2Fdermoviva.com%2Findia%2Fproduct%2Fage-defying-70ml%2F HTTP/1.1" 200 2593 "-" "Mozilla/5.0 AppleWebKit/537.36 (KHTML, like Gecko; compatible; ClaudeBot/1.0; +claudebot@anthropic.com)"
216.73.217.12 - - [13/May/2026:18:07:30 +0530] "GET /india/wp-json/oembed/1.0/embed?format=xml&url=http%3A%2F%2Fdermoviva.com%2Findia%2Fproduct%2Fage-defying%2F HTTP/1.1" 200 2600 "-" "Mozilla/5.0 AppleWebKit/537.36 (KHTML, like Gecko; compatible; ClaudeBot/1.0; +claudebot@anthropic.com)"
216.73.217.12 - - [13/May/2026:18:07:32 +0530] "GET /india/wp-json/oembed/1.0/embed?format=xml&url=http%3A%2F%2Fdermoviva.com%2Findia%2Fproduct%2Fage-protect-200ml%2F HTTP/1.1" 200 2601 "-" "Mozilla/5.0 AppleWebKit/537.36 (KHTML, like Gecko; compatible; ClaudeBot/1.0; +claudebot@anthropic.com)"
216.73.217.12 - - [13/May/2026:18:07:34 +0530] "GET /india/product/extreme-shine-200ml/feed/ HTTP/1.1" 200 783 "-" "Mozilla/5.0 AppleWebKit/537.36 (KHTML, like Gecko; compatible; ClaudeBot/1.0; +claudebot@anthropic.com)"
216.73.217.12 - - [13/May/2026:18:07:48 +0530] "GET /robots.txt HTTP/1.1" 404 - "-" "Mozilla/5.0 AppleWebKit/537.36 (KHTML, like Gecko; compatible; ClaudeBot/1.0; +claudebot@anthropic.com)"
216.73.217.12 - - [13/May/2026:18:07:49 +0530] "GET /india/product-category/hair-care/page/3/ HTTP/1.1" 200 88401 "-" "Mozilla/5.0 AppleWebKit/537.36 (KHTML, like Gecko; compatible; ClaudeBot/1.0; +claudebot@anthropic.com)"
216.73.217.12 - - [13/May/2026:18:07:52 +0530] "GET /india/product-category/hair-care/page/2/ HTTP/1.1" 200 88832 "-" "Mozilla/5.0 AppleWebKit/537.36 (KHTML, like Gecko; compatible; ClaudeBot/1.0; +claudebot@anthropic.com)"
216.73.217.12 - - [13/May/2026:18:07:56 +0530] "GET /india/product-category/skin-care/page/3/ HTTP/1.1" 200 90763 "-" "Mozilla/5.0 AppleWebKit/537.36 (KHTML, like Gecko; compatible; ClaudeBot/1.0; +claudebot@anthropic.com)"
216.73.217.12 - - [13/May/2026:18:07:59 +0530] "GET /india/wp-json/oembed/1.0/embed?url=http%3A%2F%2Fdermoviva.com%2Findia%2Fproduct%2Fextreme-shine-200ml%2F HTTP/1.1" 200 2482 "-" "Mozilla/5.0 AppleWebKit/537.36 (KHTML, like Gecko; compatible; ClaudeBot/1.0; +claudebot@anthropic.com)"
216.73.217.12 - - [13/May/2026:18:08:01 +0530] "GET /india/wp-json/oembed/1.0/embed?url=http%3A%2F%2Fdermoviva.com%2Findia%2Fproduct%2Fextreme-hold-250ml%2F HTTP/1.1" 200 2470 "-" "Mozilla/5.0 AppleWebKit/537.36 (KHTML, like Gecko; compatible; ClaudeBot/1.0; +claudebot@anthropic.com)"
216.73.217.12 - - [13/May/2026:18:08:03 +0530] "GET /india/wp-json/oembed/1.0/embed?url=http%3A%2F%2Fdermoviva.com%2Findia%2Fproduct%2Fage-defying-70ml%2F HTTP/1.1" 200 2472 "-" "Mozilla/5.0 AppleWebKit/537.36 (KHTML, like Gecko; compatible; ClaudeBot/1.0; +claudebot@anthropic.com)"
216.73.217.12 - - [13/May/2026:18:08:05 +0530] "GET /india/wp-json/oembed/1.0/embed?url=http%3A%2F%2Fdermoviva.com%2Findia%2Fproduct%2Fblackhead-clearing-150ml%2F HTTP/1.1" 200 2506 "-" "Mozilla/5.0 AppleWebKit/537.36 (KHTML, like Gecko; compatible; ClaudeBot/1.0; +claudebot@anthropic.com)"
216.73.217.12 - - [13/May/2026:18:08:13 +0530] "GET /india/product/age-protect-200ml/?add_to_wishlist=3823 HTTP/1.1" 200 130514 "-" "Mozilla/5.0 AppleWebKit/537.36 (KHTML, like Gecko; compatible; ClaudeBot/1.0; +claudebot@anthropic.com)"
216.73.217.12 - - [13/May/2026:18:08:16 +0530] "GET /india/product/age-protect-200ml/?add_to_wishlist=3828 HTTP/1.1" 200 130514 "-" "Mozilla/5.0 AppleWebKit/537.36 (KHTML, like Gecko; compatible; ClaudeBot/1.0; +claudebot@anthropic.com)"
216.73.217.12 - - [13/May/2026:18:08:18 +0530] "GET /india/product/age-protect-200ml/?add_to_wishlist=3842 HTTP/1.1" 200 130516 "-" "Mozilla/5.0 AppleWebKit/537.36 (KHTML, like Gecko; compatible; ClaudeBot/1.0; +claudebot@anthropic.com)"
216.73.217.12 - - [13/May/2026:18:08:21 +0530] "GET /india/product/age-protect-200ml/?add_to_wishlist=3820 HTTP/1.1" 200 130515 "-" "Mozilla/5.0 AppleWebKit/537.36 (KHTML, like Gecko; compatible; ClaudeBot/1.0; +claudebot@anthropic.com)"
216.73.217.12 - - [13/May/2026:18:08:24 +0530] "GET /india/product/age-protect-200ml/?add_to_wishlist=3837 HTTP/1.1" 200 130516 "-" "Mozilla/5.0 AppleWebKit/537.36 (KHTML, like Gecko; compatible; ClaudeBot/1.0; +claudebot@anthropic.com)"
216.73.217.12 - - [13/May/2026:18:08:27 +0530] "GET /india/product/age-protect-200ml/?add_to_wishlist=3821 HTTP/1.1" 200 130515 "-" "Mozilla/5.0 AppleWebKit/537.36 (KHTML, like Gecko; compatible; ClaudeBot/1.0; +claudebot@anthropic.com)"
216.73.217.12 - - [13/May/2026:18:08:30 +0530] "GET /india/product/age-protect-200ml/?add_to_wishlist=3841 HTTP/1.1" 200 130516 "-" "Mozilla/5.0 AppleWebKit/537.36 (KHTML, like Gecko; compatible; ClaudeBot/1.0; +claudebot@anthropic.com)"
216.73.217.12 - - [13/May/2026:18:08:37 +0530] "GET /india/product/blackhead-clearing-150ml/?add_to_wishlist=3821 HTTP/1.1" 200 130563 "-" "Mozilla/5.0 AppleWebKit/537.36 (KHTML, like Gecko; compatible; ClaudeBot/1.0; +claudebot@anthropic.com)"
216.73.217.12 - - [13/May/2026:18:08:40 +0530] "GET /india/product/blackhead-clearing-150ml/?add_to_wishlist=3841 HTTP/1.1" 200 130564 "-" "Mozilla/5.0 AppleWebKit/537.36 (KHTML, like Gecko; compatible; ClaudeBot/1.0; +claudebot@anthropic.com)"
216.73.217.12 - - [13/May/2026:18:08:43 +0530] "GET /india/product/extreme-moisturizing-140ml/?add_to_wishlist=3874 HTTP/1.1" 200 128476 "-" "Mozilla/5.0 AppleWebKit/537.36 (KHTML, like Gecko; compatible; ClaudeBot/1.0; +claudebot@anthropic.com)"
216.73.217.12 - - [13/May/2026:18:08:54 +0530] "GET /india/product/age-defying-70ml/?add_to_wishlist=3820 HTTP/1.1" 200 129993 "-" "Mozilla/5.0 AppleWebKit/537.36 (KHTML, like Gecko; compatible; ClaudeBot/1.0; +claudebot@anthropic.com)"
216.73.217.12 - - [13/May/2026:18:08:58 +0530] "GET /india/product/age-defying-70ml/?add_to_wishlist=3837 HTTP/1.1" 200 129993 "-" "Mozilla/5.0 AppleWebKit/537.36 (KHTML, like Gecko; compatible; ClaudeBot/1.0; +claudebot@anthropic.com)"
216.73.217.12 - - [13/May/2026:18:09:01 +0530] "GET /india/product/blackhead-clearing-150ml/?add_to_wishlist=3828 HTTP/1.1" 200 130563 "-" "Mozilla/5.0 AppleWebKit/537.36 (KHTML, like Gecko; compatible; ClaudeBot/1.0; +claudebot@anthropic.com)"
216.73.217.12 - - [13/May/2026:18:09:04 +0530] "GET /india/product/age-defying-70ml/?add_to_wishlist=3821 HTTP/1.1" 200 129992 "-" "Mozilla/5.0 AppleWebKit/537.36 (KHTML, like Gecko; compatible; ClaudeBot/1.0; +claudebot@anthropic.com)"
216.73.217.12 - - [13/May/2026:18:09:07 +0530] "GET /india/product/age-defying-70ml/?add_to_wishlist=3841 HTTP/1.1" 200 129992 "-" "Mozilla/5.0 AppleWebKit/537.36 (KHTML, like Gecko; compatible; ClaudeBot/1.0; +claudebot@anthropic.com)"
216.73.217.12 - - [13/May/2026:18:09:10 +0530] "GET /india/product/blackhead-clearing-150ml/?add_to_wishlist=3820 HTTP/1.1" 200 130564 "-" "Mozilla/5.0 AppleWebKit/537.36 (KHTML, like Gecko; compatible; ClaudeBot/1.0; +claudebot@anthropic.com)"
216.73.217.12 - - [13/May/2026:18:09:17 +0530] "GET /india/product/blackhead-clearing-150ml/?add_to_wishlist=3850 HTTP/1.1" 200 130563 "-" "Mozilla/5.0 AppleWebKit/537.36 (KHTML, like Gecko; compatible; ClaudeBot/1.0; +claudebot@anthropic.com)"
216.73.217.12 - - [13/May/2026:18:09:20 +0530] "GET /india/product/age-defying-70ml/?add_to_wishlist=3828 HTTP/1.1" 200 129992 "-" "Mozilla/5.0 AppleWebKit/537.36 (KHTML, like Gecko; compatible; ClaudeBot/1.0; +claudebot@anthropic.com)"
216.73.217.12 - - [13/May/2026:18:09:23 +0530] "GET /india/product/extreme-hold-250ml/?add_to_wishlist=3861 HTTP/1.1" 200 128329 "-" "Mozilla/5.0 AppleWebKit/537.36 (KHTML, like Gecko; compatible; ClaudeBot/1.0; +claudebot@anthropic.com)"
216.73.217.12 - - [13/May/2026:18:09:26 +0530] "GET /india/product/blackhead-clearing-150ml/?add_to_wishlist=3822 HTTP/1.1" 200 130564 "-" "Mozilla/5.0 AppleWebKit/537.36 (KHTML, like Gecko; compatible; ClaudeBot/1.0; +claudebot@anthropic.com)"
216.73.217.12 - - [13/May/2026:18:09:29 +0530] "GET /india/product/age-defying-70ml/?add_to_wishlist=3842 HTTP/1.1" 200 129992 "-" "Mozilla/5.0 AppleWebKit/537.36 (KHTML, like Gecko; compatible; ClaudeBot/1.0; +claudebot@anthropic.com)"
