216.73.217.12 - - [13/May/2026:18:09:38 +0530] "GET /india/product/extreme-hold-250ml/?add_to_wishlist=3873 HTTP/1.1" 200 128330 "-" "Mozilla/5.0 AppleWebKit/537.36 (KHTML, like Gecko; compatible; ClaudeBot/1.0; +claudebot@anthropic.com)"
216.73.217.12 - - [13/May/2026:18:09:46 +0530] "GET /india/product/extreme-hold-250ml/?add_to_wishlist=3882 HTTP/1.1" 200 128330 "-" "Mozilla/5.0 AppleWebKit/537.36 (KHTML, like Gecko; compatible; ClaudeBot/1.0; +claudebot@anthropic.com)"
216.73.217.12 - - [13/May/2026:18:09:47 +0530] "GET /india/product/age-defying-70ml/?add_to_wishlist=3815 HTTP/1.1" 200 129993 "-" "Mozilla/5.0 AppleWebKit/537.36 (KHTML, like Gecko; compatible; ClaudeBot/1.0; +claudebot@anthropic.com)"
216.73.217.12 - - [13/May/2026:18:09:50 +0530] "GET /india/product/age-defying-70ml/?add_to_wishlist=3822 HTTP/1.1" 200 129992 "-" "Mozilla/5.0 AppleWebKit/537.36 (KHTML, like Gecko; compatible; ClaudeBot/1.0; +claudebot@anthropic.com)"
216.73.217.12 - - [13/May/2026:18:10:00 +0530] "GET /india/product/extreme-hold-250ml/?add_to_wishlist=3862 HTTP/1.1" 200 116868 "-" "Mozilla/5.0 AppleWebKit/537.36 (KHTML, like Gecko; compatible; ClaudeBot/1.0; +claudebot@anthropic.com)"
216.73.217.12 - - [13/May/2026:18:10:05 +0530] "GET /india/product/extreme-hold-250ml/?add_to_wishlist=3872 HTTP/1.1" 200 128329 "-" "Mozilla/5.0 AppleWebKit/537.36 (KHTML, like Gecko; compatible; ClaudeBot/1.0; +claudebot@anthropic.com)"
216.73.217.12 - - [13/May/2026:18:10:08 +0530] "GET /india/product/extreme-hold-250ml/?add_to_wishlist=3874 HTTP/1.1" 200 128328 "-" "Mozilla/5.0 AppleWebKit/537.36 (KHTML, like Gecko; compatible; ClaudeBot/1.0; +claudebot@anthropic.com)"
216.73.217.12 - - [13/May/2026:18:10:12 +0530] "GET /india/product-category/products/skin-care/face-cream/ HTTP/1.1" 200 72948 "-" "Mozilla/5.0 AppleWebKit/537.36 (KHTML, like Gecko; compatible; ClaudeBot/1.0; +claudebot@anthropic.com)"
17.246.15.55 - - [13/May/2026:18:10:17 +0530] "GET /india/product/ultra-fortyfying-200ml/?action=yith-woocompare-add-product&id=3842&_wpnonce=b41494d26c HTTP/1.1" 302 - "-" "Mozilla/5.0 (Macintosh; Intel Mac OS X 10_15_7) AppleWebKit/605.1.15 (KHTML, like Gecko) Version/17.4 Safari/605.1.15 (Applebot/0.1; +http://www.apple.com/go/applebot)"
17.246.15.55 - - [13/May/2026:18:10:19 +0530] "GET /india/product/ultra-fortyfying-200ml/ HTTP/1.1" 200 130530 "-" "Mozilla/5.0 (Macintosh; Intel Mac OS X 10_15_7) AppleWebKit/605.1.15 (KHTML, like Gecko) Version/17.4 Safari/605.1.15 (Applebot/0.1; +http://www.apple.com/go/applebot)"
216.73.217.12 - - [13/May/2026:18:10:20 +0530] "GET /india/product/extreme-shine-200ml/?add_to_wishlist=3872 HTTP/1.1" 200 128083 "-" "Mozilla/5.0 AppleWebKit/537.36 (KHTML, like Gecko; compatible; ClaudeBot/1.0; +claudebot@anthropic.com)"
216.73.217.12 - - [13/May/2026:18:10:24 +0530] "GET /india/product/extreme-shine-200ml/?add_to_wishlist=3874 HTTP/1.1" 200 128082 "-" "Mozilla/5.0 AppleWebKit/537.36 (KHTML, like Gecko; compatible; ClaudeBot/1.0; +claudebot@anthropic.com)"
216.73.217.12 - - [13/May/2026:18:10:26 +0530] "GET /india/product/extreme-shine-200ml/?add_to_wishlist=3871 HTTP/1.1" 200 128083 "-" "Mozilla/5.0 AppleWebKit/537.36 (KHTML, like Gecko; compatible; ClaudeBot/1.0; +claudebot@anthropic.com)"
216.73.217.12 - - [13/May/2026:18:10:32 +0530] "GET /india/product/age-defying-70ml/?add_to_wishlist=3808 HTTP/1.1" 200 129993 "-" "Mozilla/5.0 AppleWebKit/537.36 (KHTML, like Gecko; compatible; ClaudeBot/1.0; +claudebot@anthropic.com)"
216.73.217.12 - - [13/May/2026:18:10:36 +0530] "GET /india/product/extreme-shine-200ml/?add_to_wishlist=3876 HTTP/1.1" 200 128081 "-" "Mozilla/5.0 AppleWebKit/537.36 (KHTML, like Gecko; compatible; ClaudeBot/1.0; +claudebot@anthropic.com)"
216.73.217.12 - - [13/May/2026:18:10:39 +0530] "GET /india/shop/feed/?product_cat=skin-care HTTP/1.1" 200 96415 "-" "Mozilla/5.0 AppleWebKit/537.36 (KHTML, like Gecko; compatible; ClaudeBot/1.0; +claudebot@anthropic.com)"
114.119.153.169 - - [13/May/2026:18:10:50 +0530] "GET /india/product/black-seed-500g?action=yith-woocompare-add-product&id=3894 HTTP/1.1" 302 - "-" "Mozilla/5.0 (Linux; Android 7.0;) AppleWebKit/537.36 (KHTML, like Gecko) Mobile Safari/537.36 (compatible; PetalBot;+https://webmaster.petalsearch.com/site/petalbot)"
216.73.217.12 - - [13/May/2026:18:10:53 +0530] "GET /india/product/age-protect-200ml/?action=yith-woocompare-add-product&id=3828 HTTP/1.1" 302 - "-" "Mozilla/5.0 AppleWebKit/537.36 (KHTML, like Gecko; compatible; ClaudeBot/1.0; +claudebot@anthropic.com)"
114.119.153.169 - - [13/May/2026:18:10:55 +0530] "GET /india/product/black-seed-500g HTTP/1.1" 301 - "-" "Mozilla/5.0 (Linux; Android 7.0;) AppleWebKit/537.36 (KHTML, like Gecko) Mobile Safari/537.36 (compatible; PetalBot;+https://webmaster.petalsearch.com/site/petalbot)"
216.73.217.12 - - [13/May/2026:18:10:55 +0530] "GET /india/product/age-protect-200ml/ HTTP/1.1" 200 130183 "http://dermoviva.com/india/product/age-protect-200ml/?action=yith-woocompare-add-product&id=3828" "Mozilla/5.0 AppleWebKit/537.36 (KHTML, like Gecko; compatible; ClaudeBot/1.0; +claudebot@anthropic.com)"
216.73.217.12 - - [13/May/2026:18:10:58 +0530] "GET /india/product/age-protect-200ml/?action=yith-woocompare-add-product&id=3842 HTTP/1.1" 302 - "-" "Mozilla/5.0 AppleWebKit/537.36 (KHTML, like Gecko; compatible; ClaudeBot/1.0; +claudebot@anthropic.com)"
114.119.153.169 - - [13/May/2026:18:10:59 +0530] "GET /india/product/black-seed-500g/ HTTP/1.1" 200 69109 "-" "Mozilla/5.0 (Linux; Android 7.0;) AppleWebKit/537.36 (KHTML, like Gecko) Mobile Safari/537.36 (compatible; PetalBot;+https://webmaster.petalsearch.com/site/petalbot)"
216.73.217.12 - - [13/May/2026:18:11:00 +0530] "GET /india/product/age-protect-200ml/ HTTP/1.1" 200 130183 "http://dermoviva.com/india/product/age-protect-200ml/?action=yith-woocompare-add-product&id=3842" "Mozilla/5.0 AppleWebKit/537.36 (KHTML, like Gecko; compatible; ClaudeBot/1.0; +claudebot@anthropic.com)"
216.73.217.12 - - [13/May/2026:18:11:04 +0530] "GET /india/product/age-protect-200ml/?action=yith-woocompare-add-product&id=3808 HTTP/1.1" 302 - "-" "Mozilla/5.0 AppleWebKit/537.36 (KHTML, like Gecko; compatible; ClaudeBot/1.0; +claudebot@anthropic.com)"
216.73.217.12 - - [13/May/2026:18:11:07 +0530] "GET /india/product/age-protect-200ml/ HTTP/1.1" 200 130182 "http://dermoviva.com/india/product/age-protect-200ml/?action=yith-woocompare-add-product&id=3808" "Mozilla/5.0 AppleWebKit/537.36 (KHTML, like Gecko; compatible; ClaudeBot/1.0; +claudebot@anthropic.com)"
216.73.217.12 - - [13/May/2026:18:11:08 +0530] "GET /india/product/age-protect-200ml/?action=yith-woocompare-add-product&id=3820 HTTP/1.1" 302 - "-" "Mozilla/5.0 AppleWebKit/537.36 (KHTML, like Gecko; compatible; ClaudeBot/1.0; +claudebot@anthropic.com)"
216.73.217.12 - - [13/May/2026:18:11:11 +0530] "GET /india/product/age-protect-200ml/ HTTP/1.1" 200 130182 "http://dermoviva.com/india/product/age-protect-200ml/?action=yith-woocompare-add-product&id=3820" "Mozilla/5.0 AppleWebKit/537.36 (KHTML, like Gecko; compatible; ClaudeBot/1.0; +claudebot@anthropic.com)"
149.50.229.70 - - [13/May/2026:18:11:12 +0530] "GET /india/product/extreme-shine-200ml/?_wpnonce=92355b7310&action=yith-woocompare-add-product&add_to_wishlist=3876&id=3873 HTTP/1.1" 302 - "-" "Mozilla/5.0 (X11; Linux i686; rv:1.9.5.20) Gecko/4346-12-16 21:39:13.183182 Firefox/3.8"
216.73.217.12 - - [13/May/2026:18:11:14 +0530] "GET /india/product/age-protect-200ml/?action=yith-woocompare-add-product&id=3837 HTTP/1.1" 302 - "-" "Mozilla/5.0 AppleWebKit/537.36 (KHTML, like Gecko; compatible; ClaudeBot/1.0; +claudebot@anthropic.com)"
216.73.217.12 - - [13/May/2026:18:11:16 +0530] "GET /india/product/age-protect-200ml/ HTTP/1.1" 200 130182 "http://dermoviva.com/india/product/age-protect-200ml/?action=yith-woocompare-add-product&id=3837" "Mozilla/5.0 AppleWebKit/537.36 (KHTML, like Gecko; compatible; ClaudeBot/1.0; +claudebot@anthropic.com)"
181.118.37.125 - - [13/May/2026:18:11:17 +0530] "GET /india/product/extreme-shine-200ml/?add_to_wishlist=3876 HTTP/1.1" 200 69899 "-" "Mozilla/5.0 (iPod; U; CPU iPhone OS 4_2 like Mac OS X; eo-US) AppleWebKit/534.3.2 (KHTML, like Gecko) Version/4.0.5 Mobile/8B115 Safari/6534.3.2"
216.73.217.12 - - [13/May/2026:18:11:20 +0530] "GET /india/product/age-protect-200ml/?action=yith-woocompare-add-product&id=3821 HTTP/1.1" 302 - "-" "Mozilla/5.0 AppleWebKit/537.36 (KHTML, like Gecko; compatible; ClaudeBot/1.0; +claudebot@anthropic.com)"
216.73.217.12 - - [13/May/2026:18:11:22 +0530] "GET /india/product/age-protect-200ml/ HTTP/1.1" 200 130183 "http://dermoviva.com/india/product/age-protect-200ml/?action=yith-woocompare-add-product&id=3821" "Mozilla/5.0 AppleWebKit/537.36 (KHTML, like Gecko; compatible; ClaudeBot/1.0; +claudebot@anthropic.com)"
216.73.217.12 - - [13/May/2026:18:11:26 +0530] "GET /india/product/age-protect-200ml/?action=yith-woocompare-add-product&id=3841 HTTP/1.1" 302 - "-" "Mozilla/5.0 AppleWebKit/537.36 (KHTML, like Gecko; compatible; ClaudeBot/1.0; +claudebot@anthropic.com)"
216.73.217.12 - - [13/May/2026:18:11:28 +0530] "GET /india/product/age-protect-200ml/ HTTP/1.1" 200 130181 "http://dermoviva.com/india/product/age-protect-200ml/?action=yith-woocompare-add-product&id=3841" "Mozilla/5.0 AppleWebKit/537.36 (KHTML, like Gecko; compatible; ClaudeBot/1.0; +claudebot@anthropic.com)"
216.73.217.12 - - [13/May/2026:18:11:32 +0530] "GET /india/product/extreme-shine-200ml/?add_to_wishlist=3862 HTTP/1.1" 200 128083 "-" "Mozilla/5.0 AppleWebKit/537.36 (KHTML, like Gecko; compatible; ClaudeBot/1.0; +claudebot@anthropic.com)"
216.73.217.12 - - [13/May/2026:18:11:41 +0530] "GET /india/product/age-defying-70ml/?action=yith-woocompare-add-product&id=3827 HTTP/1.1" 302 - "-" "Mozilla/5.0 AppleWebKit/537.36 (KHTML, like Gecko; compatible; ClaudeBot/1.0; +claudebot@anthropic.com)"
216.73.217.12 - - [13/May/2026:18:11:43 +0530] "GET /india/product/age-defying-70ml/ HTTP/1.1" 200 129660 "http://dermoviva.com/india/product/age-defying-70ml/?action=yith-woocompare-add-product&id=3827" "Mozilla/5.0 AppleWebKit/537.36 (KHTML, like Gecko; compatible; ClaudeBot/1.0; +claudebot@anthropic.com)"
216.73.217.12 - - [13/May/2026:18:11:51 +0530] "GET /india/product/extreme-hold-250ml/?action=yith-woocompare-add-product&id=3864 HTTP/1.1" 302 - "-" "Mozilla/5.0 AppleWebKit/537.36 (KHTML, like Gecko; compatible; ClaudeBot/1.0; +claudebot@anthropic.com)"
216.73.217.12 - - [13/May/2026:18:11:52 +0530] "GET /india/product/extreme-hold-250ml/?action=yith-woocompare-add-product&id=3861 HTTP/1.1" 302 - "-" "Mozilla/5.0 AppleWebKit/537.36 (KHTML, like Gecko; compatible; ClaudeBot/1.0; +claudebot@anthropic.com)"
216.73.217.12 - - [13/May/2026:18:11:53 +0530] "GET /india/product/extreme-hold-250ml/ HTTP/1.1" 200 100507 "http://dermoviva.com/india/product/extreme-hold-250ml/?action=yith-woocompare-add-product&id=3864" "Mozilla/5.0 AppleWebKit/537.36 (KHTML, like Gecko; compatible; ClaudeBot/1.0; +claudebot@anthropic.com)"
216.73.217.12 - - [13/May/2026:18:11:54 +0530] "GET /india/product/extreme-hold-250ml/ HTTP/1.1" 200 127997 "http://dermoviva.com/india/product/extreme-hold-250ml/?action=yith-woocompare-add-product&id=3861" "Mozilla/5.0 AppleWebKit/537.36 (KHTML, like Gecko; compatible; ClaudeBot/1.0; +claudebot@anthropic.com)"
216.73.217.12 - - [13/May/2026:18:12:01 +0530] "GET /india/product/blackhead-clearing-150ml/?action=yith-woocompare-add-product&id=3822 HTTP/1.1" 302 - "-" "Mozilla/5.0 AppleWebKit/537.36 (KHTML, like Gecko; compatible; ClaudeBot/1.0; +claudebot@anthropic.com)"
216.73.217.12 - - [13/May/2026:18:12:04 +0530] "GET /india/product/blackhead-clearing-150ml/ HTTP/1.1" 200 130231 "http://dermoviva.com/india/product/blackhead-clearing-150ml/?action=yith-woocompare-add-product&id=3822" "Mozilla/5.0 AppleWebKit/537.36 (KHTML, like Gecko; compatible; ClaudeBot/1.0; +claudebot@anthropic.com)"
216.73.217.12 - - [13/May/2026:18:12:09 +0530] "GET /india/product/extreme-hold-250ml/?action=yith-woocompare-add-product&id=3875 HTTP/1.1" 302 - "-" "Mozilla/5.0 AppleWebKit/537.36 (KHTML, like Gecko; compatible; ClaudeBot/1.0; +claudebot@anthropic.com)"
216.73.217.12 - - [13/May/2026:18:12:11 +0530] "GET /india/product/extreme-hold-250ml/ HTTP/1.1" 200 127997 "http://dermoviva.com/india/product/extreme-hold-250ml/?action=yith-woocompare-add-product&id=3875" "Mozilla/5.0 AppleWebKit/537.36 (KHTML, like Gecko; compatible; ClaudeBot/1.0; +claudebot@anthropic.com)"
216.73.217.12 - - [13/May/2026:18:12:16 +0530] "GET /india/product/extreme-hold-250ml/?action=yith-woocompare-add-product&id=3873 HTTP/1.1" 302 - "-" "Mozilla/5.0 AppleWebKit/537.36 (KHTML, like Gecko; compatible; ClaudeBot/1.0; +claudebot@anthropic.com)"
216.73.217.12 - - [13/May/2026:18:12:18 +0530] "GET /india/product/extreme-hold-250ml/ HTTP/1.1" 200 127997 "http://dermoviva.com/india/product/extreme-hold-250ml/?action=yith-woocompare-add-product&id=3873" "Mozilla/5.0 AppleWebKit/537.36 (KHTML, like Gecko; compatible; ClaudeBot/1.0; +claudebot@anthropic.com)"
216.73.217.12 - - [13/May/2026:18:12:27 +0530] "GET /india/product/age-defying-70ml/?action=yith-woocompare-add-product&id=3815 HTTP/1.1" 302 - "-" "Mozilla/5.0 AppleWebKit/537.36 (KHTML, like Gecko; compatible; ClaudeBot/1.0; +claudebot@anthropic.com)"
216.73.217.12 - - [13/May/2026:18:12:28 +0530] "GET /india/product/age-defying-70ml/ HTTP/1.1" 200 129658 "http://dermoviva.com/india/product/age-defying-70ml/?action=yith-woocompare-add-product&id=3815" "Mozilla/5.0 AppleWebKit/537.36 (KHTML, like Gecko; compatible; ClaudeBot/1.0; +claudebot@anthropic.com)"
216.73.217.12 - - [13/May/2026:18:12:31 +0530] "GET /india/product/blackhead-clearing-150ml/?action=yith-woocompare-add-product&id=3808 HTTP/1.1" 302 - "-" "Mozilla/5.0 AppleWebKit/537.36 (KHTML, like Gecko; compatible; ClaudeBot/1.0; +claudebot@anthropic.com)"
216.73.217.12 - - [13/May/2026:18:12:33 +0530] "GET /india/product/blackhead-clearing-150ml/ HTTP/1.1" 200 130231 "http://dermoviva.com/india/product/blackhead-clearing-150ml/?action=yith-woocompare-add-product&id=3808" "Mozilla/5.0 AppleWebKit/537.36 (KHTML, like Gecko; compatible; ClaudeBot/1.0; +claudebot@anthropic.com)"
216.73.217.12 - - [13/May/2026:18:12:36 +0530] "GET /india/product/extreme-hold-250ml/?action=yith-woocompare-add-product&id=3876 HTTP/1.1" 302 - "-" "Mozilla/5.0 AppleWebKit/537.36 (KHTML, like Gecko; compatible; ClaudeBot/1.0; +claudebot@anthropic.com)"
17.246.15.233 - - [13/May/2026:18:12:37 +0530] "GET /india/product/gentle-soothing-225ml/?action=yith-woocompare-add-product&id=3822&_wpnonce=df907d18b5 HTTP/1.1" 302 - "-" "Mozilla/5.0 (Macintosh; Intel Mac OS X 10_15_7) AppleWebKit/605.1.15 (KHTML, like Gecko) Version/17.4 Safari/605.1.15 (Applebot/0.1; +http://www.apple.com/go/applebot)"
216.73.217.12 - - [13/May/2026:18:12:38 +0530] "GET /india/product/extreme-hold-250ml/ HTTP/1.1" 200 127997 "http://dermoviva.com/india/product/extreme-hold-250ml/?action=yith-woocompare-add-product&id=3876" "Mozilla/5.0 AppleWebKit/537.36 (KHTML, like Gecko; compatible; ClaudeBot/1.0; +claudebot@anthropic.com)"
17.246.15.233 - - [13/May/2026:18:12:39 +0530] "GET /india/product/gentle-soothing-225ml/ HTTP/1.1" 200 127445 "-" "Mozilla/5.0 (Macintosh; Intel Mac OS X 10_15_7) AppleWebKit/605.1.15 (KHTML, like Gecko) Version/17.4 Safari/605.1.15 (Applebot/0.1; +http://www.apple.com/go/applebot)"
216.73.217.12 - - [13/May/2026:18:12:47 +0530] "GET /india/product/age-defying-70ml/?action=yith-woocompare-add-product&id=3822 HTTP/1.1" 302 - "-" "Mozilla/5.0 AppleWebKit/537.36 (KHTML, like Gecko; compatible; ClaudeBot/1.0; +claudebot@anthropic.com)"
216.73.217.12 - - [13/May/2026:18:12:49 +0530] "GET /india/product/age-defying-70ml/ HTTP/1.1" 200 129660 "http://dermoviva.com/india/product/age-defying-70ml/?action=yith-woocompare-add-product&id=3822" "Mozilla/5.0 AppleWebKit/537.36 (KHTML, like Gecko; compatible; ClaudeBot/1.0; +claudebot@anthropic.com)"
114.119.131.97 - - [13/May/2026:18:13:03 +0530] "GET /india/product/blackhead-clearing-150ml?action=yith-woocompare-add-product&id=3850 HTTP/1.1" 302 - "-" "Mozilla/5.0 (Linux; Android 7.0;) AppleWebKit/537.36 (KHTML, like Gecko) Mobile Safari/537.36 (compatible; PetalBot;+https://webmaster.petalsearch.com/site/petalbot)"
216.73.217.12 - - [13/May/2026:18:13:04 +0530] "GET /india/product/extreme-shine-200ml/?action=yith-woocompare-add-product&id=3858 HTTP/1.1" 302 - "-" "Mozilla/5.0 AppleWebKit/537.36 (KHTML, like Gecko; compatible; ClaudeBot/1.0; +claudebot@anthropic.com)"
216.73.217.12 - - [13/May/2026:18:13:06 +0530] "GET /india/product/extreme-shine-200ml/ HTTP/1.1" 200 100521 "http://dermoviva.com/india/product/extreme-shine-200ml/?action=yith-woocompare-add-product&id=3858" "Mozilla/5.0 AppleWebKit/537.36 (KHTML, like Gecko; compatible; ClaudeBot/1.0; +claudebot@anthropic.com)"
114.119.131.97 - - [13/May/2026:18:13:07 +0530] "GET /india/product/blackhead-clearing-150ml HTTP/1.1" 301 - "-" "Mozilla/5.0 (Linux; Android 7.0;) AppleWebKit/537.36 (KHTML, like Gecko) Mobile Safari/537.36 (compatible; PetalBot;+https://webmaster.petalsearch.com/site/petalbot)"
8.217.189.198 - - [13/May/2026:18:13:11 +0530] "GET /robots.txt HTTP/1.1" 404 - "-" "AliyunSecBot/Aliyun (AliyunSecBot@service.alibaba.com)"
8.217.190.34 - - [13/May/2026:18:13:11 +0530] "GET /me/wp-content/themes/dermoviva-en/images/favicon.ico HTTP/1.1" 404 - "-" "AliyunSecBot/Aliyun (AliyunSecBot@service.alibaba.com)"
216.73.217.12 - - [13/May/2026:18:13:09 +0530] "GET /india/product-category/products/hair-care/hair-gel/ HTTP/1.1" 200 72410 "-" "Mozilla/5.0 AppleWebKit/537.36 (KHTML, like Gecko; compatible; ClaudeBot/1.0; +claudebot@anthropic.com)"
114.119.131.97 - - [13/May/2026:18:13:10 +0530] "GET /india/product/blackhead-clearing-150ml/ HTTP/1.1" 200 70296 "-" "Mozilla/5.0 (Linux; Android 7.0;) AppleWebKit/537.36 (KHTML, like Gecko) Mobile Safari/537.36 (compatible; PetalBot;+https://webmaster.petalsearch.com/site/petalbot)"
216.73.217.12 - - [13/May/2026:18:13:21 +0530] "GET /india/product/extreme-shine-200ml/?action=yith-woocompare-add-product&id=3880 HTTP/1.1" 302 - "-" "Mozilla/5.0 AppleWebKit/537.36 (KHTML, like Gecko; compatible; ClaudeBot/1.0; +claudebot@anthropic.com)"
216.73.217.12 - - [13/May/2026:18:13:23 +0530] "GET /india/product/extreme-shine-200ml/ HTTP/1.1" 200 127750 "http://dermoviva.com/india/product/extreme-shine-200ml/?action=yith-woocompare-add-product&id=3880" "Mozilla/5.0 AppleWebKit/537.36 (KHTML, like Gecko; compatible; ClaudeBot/1.0; +claudebot@anthropic.com)"
114.119.138.210 - - [13/May/2026:18:14:23 +0530] "GET /india/product/black-seed-500g?action=yith-woocompare-add-product&id=3894 HTTP/1.1" 302 - "-" "Mozilla/5.0 (Linux; Android 7.0;) AppleWebKit/537.36 (KHTML, like Gecko) Mobile Safari/537.36 (compatible; PetalBot;+https://webmaster.petalsearch.com/site/petalbot)"
114.119.138.210 - - [13/May/2026:18:14:27 +0530] "GET /india/product/black-seed-500g HTTP/1.1" 301 - "-" "Mozilla/5.0 (Linux; Android 7.0;) AppleWebKit/537.36 (KHTML, like Gecko) Mobile Safari/537.36 (compatible; PetalBot;+https://webmaster.petalsearch.com/site/petalbot)"
114.119.138.210 - - [13/May/2026:18:14:31 +0530] "GET /india/product/black-seed-500g/ HTTP/1.1" 200 69109 "-" "Mozilla/5.0 (Linux; Android 7.0;) AppleWebKit/537.36 (KHTML, like Gecko) Mobile Safari/537.36 (compatible; PetalBot;+https://webmaster.petalsearch.com/site/petalbot)"
97.224.136.139 - - [13/May/2026:18:14:43 +0530] "GET /wp-json/wp/v2/posts HTTP/1.1" 404 - "-" "Mozilla/5.0 (Windows NT 10.0; Win64; x64) AppleWebKit/537.36 (KHTML, like Gecko) Chrome/120.0.0.0 Safari/537.36"
114.119.138.210 - - [13/May/2026:18:15:47 +0530] "GET /india/product/black-seed-500g?action=yith-woocompare-add-product&id=3894 HTTP/1.1" 302 - "-" "Mozilla/5.0 (Linux; Android 7.0;) AppleWebKit/537.36 (KHTML, like Gecko) Mobile Safari/537.36 (compatible; PetalBot;+https://webmaster.petalsearch.com/site/petalbot)"
114.119.138.210 - - [13/May/2026:18:15:51 +0530] "GET /india/product/black-seed-500g HTTP/1.1" 301 - "-" "Mozilla/5.0 (Linux; Android 7.0;) AppleWebKit/537.36 (KHTML, like Gecko) Mobile Safari/537.36 (compatible; PetalBot;+https://webmaster.petalsearch.com/site/petalbot)"
114.119.138.210 - - [13/May/2026:18:15:55 +0530] "GET /india/product/black-seed-500g/ HTTP/1.1" 200 69108 "-" "Mozilla/5.0 (Linux; Android 7.0;) AppleWebKit/537.36 (KHTML, like Gecko) Mobile Safari/537.36 (compatible; PetalBot;+https://webmaster.petalsearch.com/site/petalbot)"
17.246.23.36 - - [13/May/2026:18:16:01 +0530] "POST /india/product/extreme-shine-200ml/?wc-ajax=get_refreshed_fragments HTTP/1.1" 200 1532 "http://dermoviva.com/india/product/extreme-shine-200ml/" "Mozilla/5.0 (Macintosh; Intel Mac OS X 10_15_7) AppleWebKit/605.1.15 (KHTML, like Gecko) Version/17.4 Safari/605.1.15 (Applebot/0.1; +http://www.apple.com/go/applebot)"
107.189.10.248 - - [13/May/2026:18:15:54 +0530] "GET /india/?author=7 HTTP/1.1" 404 51766 "http://www.google.com.hk" "Mozilla/5.0 (Windows NT 6.1; WOW64) AppleWebKit/537.36 (KHTML, like Gecko) Chrome/42.0.2311.90 Safari/537.36"
17.22.245.203 - - [13/May/2026:18:16:13 +0530] "GET /india/product/fairness-glow-150ml/?action=yith-woocompare-add-product&id=3823&_wpnonce=b41494d26c HTTP/1.1" 302 - "-" "Mozilla/5.0 (Macintosh; Intel Mac OS X 10_15_7) AppleWebKit/605.1.15 (KHTML, like Gecko) Version/17.4 Safari/605.1.15 (Applebot/0.1; +http://www.apple.com/go/applebot)"
66.249.77.168 - - [13/May/2026:18:17:29 +0530] "GET /superfood/css/bootstrap.min.css HTTP/1.1" 200 153117 "http://dermoviva.com/superfood/" "Mozilla/5.0 (Linux; Android 6.0.1; Nexus 5X Build/MMB29P) AppleWebKit/537.36 (KHTML, like Gecko) Chrome/147.0.7727.116 Mobile Safari/537.36 (compatible; Googlebot/2.1; +http://www.google.com/bot.html)"
66.249.77.167 - - [13/May/2026:18:17:30 +0530] "GET /superfood/css/bootstrap.min.css HTTP/1.1" 200 153117 "http://dermoviva.com/superfood/" "Mozilla/5.0 (Linux; Android 6.0.1; Nexus 5X Build/MMB29P) AppleWebKit/537.36 (KHTML, like Gecko) Chrome/147.0.7727.116 Mobile Safari/537.36 (compatible; Googlebot/2.1; +http://www.google.com/bot.html)"
66.249.77.168 - - [13/May/2026:18:17:31 +0530] "GET /superfood/css/bootstrap.min.css HTTP/1.1" 200 153117 "http://dermoviva.com/superfood/" "Mozilla/5.0 (Linux; Android 6.0.1; Nexus 5X Build/MMB29P) AppleWebKit/537.36 (KHTML, like Gecko) Chrome/147.0.7727.116 Mobile Safari/537.36 (compatible; Googlebot/2.1; +http://www.google.com/bot.html)"
66.249.77.168 - - [13/May/2026:18:17:33 +0530] "GET /superfood/css/owl.theme.default.min.css HTTP/1.1" 200 1018 "http://dermoviva.com/superfood/" "Mozilla/5.0 (Linux; Android 6.0.1; Nexus 5X Build/MMB29P) AppleWebKit/537.36 (KHTML, like Gecko) Chrome/147.0.7727.116 Mobile Safari/537.36 (compatible; Googlebot/2.1; +http://www.google.com/bot.html)"
66.249.77.167 - - [13/May/2026:18:17:34 +0530] "GET /superfood/css/responsive.css HTTP/1.1" 200 7909 "http://dermoviva.com/superfood/" "Mozilla/5.0 (Linux; Android 6.0.1; Nexus 5X Build/MMB29P) AppleWebKit/537.36 (KHTML, like Gecko) Chrome/147.0.7727.116 Mobile Safari/537.36 (compatible; Googlebot/2.1; +http://www.google.com/bot.html)"
66.249.77.168 - - [13/May/2026:18:17:35 +0530] "GET /superfood/css/animate.min.css HTTP/1.1" 200 52617 "http://dermoviva.com/superfood/" "Mozilla/5.0 (Linux; Android 6.0.1; Nexus 5X Build/MMB29P) AppleWebKit/537.36 (KHTML, like Gecko) Chrome/147.0.7727.116 Mobile Safari/537.36 (compatible; Googlebot/2.1; +http://www.google.com/bot.html)"
66.249.77.168 - - [13/May/2026:18:17:35 +0530] "GET /superfood/css/style.css HTTP/1.1" 200 14427 "http://dermoviva.com/superfood/" "Mozilla/5.0 (Linux; Android 6.0.1; Nexus 5X Build/MMB29P) AppleWebKit/537.36 (KHTML, like Gecko) Chrome/147.0.7727.116 Mobile Safari/537.36 (compatible; Googlebot/2.1; +http://www.google.com/bot.html)"
66.249.77.168 - - [13/May/2026:18:17:36 +0530] "GET /superfood/css/owl.carousel.min.css HTTP/1.1" 200 3880 "http://dermoviva.com/superfood/" "Mozilla/5.0 (Linux; Android 6.0.1; Nexus 5X Build/MMB29P) AppleWebKit/537.36 (KHTML, like Gecko) Chrome/147.0.7727.116 Mobile Safari/537.36 (compatible; Googlebot/2.1; +http://www.google.com/bot.html)"
66.249.77.168 - - [13/May/2026:18:17:37 +0530] "GET /superfood/css/reset.min.css HTTP/1.1" 404 - "http://dermoviva.com/superfood/" "Mozilla/5.0 (Linux; Android 6.0.1; Nexus 5X Build/MMB29P) AppleWebKit/537.36 (KHTML, like Gecko) Chrome/147.0.7727.116 Mobile Safari/537.36 (compatible; Googlebot/2.1; +http://www.google.com/bot.html)"
66.249.77.167 - - [13/May/2026:18:17:38 +0530] "GET /superfood/css/bootstrap.min.css HTTP/1.1" 200 153117 "http://dermoviva.com/superfood/" "Mozilla/5.0 (Linux; Android 6.0.1; Nexus 5X Build/MMB29P) AppleWebKit/537.36 (KHTML, like Gecko) Chrome/147.0.7727.116 Mobile Safari/537.36 (compatible; Googlebot/2.1; +http://www.google.com/bot.html)"
66.249.77.167 - - [13/May/2026:18:17:39 +0530] "GET /superfood/css/animate.min.css HTTP/1.1" 200 52617 "http://dermoviva.com/superfood/" "Mozilla/5.0 (Linux; Android 6.0.1; Nexus 5X Build/MMB29P) AppleWebKit/537.36 (KHTML, like Gecko) Chrome/147.0.7727.116 Mobile Safari/537.36 (compatible; Googlebot/2.1; +http://www.google.com/bot.html)"
66.249.77.167 - - [13/May/2026:18:17:39 +0530] "GET /superfood/css/style.css HTTP/1.1" 200 14427 "http://dermoviva.com/superfood/" "Mozilla/5.0 (Linux; Android 6.0.1; Nexus 5X Build/MMB29P) AppleWebKit/537.36 (KHTML, like Gecko) Chrome/147.0.7727.116 Mobile Safari/537.36 (compatible; Googlebot/2.1; +http://www.google.com/bot.html)"
66.249.77.167 - - [13/May/2026:18:17:40 +0530] "GET /superfood/css/reset.min.css HTTP/1.1" 404 - "http://dermoviva.com/superfood/" "Mozilla/5.0 (Linux; Android 6.0.1; Nexus 5X Build/MMB29P) AppleWebKit/537.36 (KHTML, like Gecko) Chrome/147.0.7727.116 Mobile Safari/537.36 (compatible; Googlebot/2.1; +http://www.google.com/bot.html)"
66.249.77.167 - - [13/May/2026:18:17:40 +0530] "GET /superfood/css/responsive.css HTTP/1.1" 200 7909 "http://dermoviva.com/superfood/" "Mozilla/5.0 (Linux; Android 6.0.1; Nexus 5X Build/MMB29P) AppleWebKit/537.36 (KHTML, like Gecko) Chrome/147.0.7727.116 Mobile Safari/537.36 (compatible; Googlebot/2.1; +http://www.google.com/bot.html)"
66.249.77.167 - - [13/May/2026:18:17:41 +0530] "GET /superfood/css/bootstrap.min.css HTTP/1.1" 200 153117 "http://dermoviva.com/superfood/" "Mozilla/5.0 (Linux; Android 6.0.1; Nexus 5X Build/MMB29P) AppleWebKit/537.36 (KHTML, like Gecko) Chrome/147.0.7727.116 Mobile Safari/537.36 (compatible; Googlebot/2.1; +http://www.google.com/bot.html)"
66.249.77.167 - - [13/May/2026:18:17:42 +0530] "GET /superfood/css/owl.carousel.min.css HTTP/1.1" 200 3880 "http://dermoviva.com/superfood/" "Mozilla/5.0 (Linux; Android 6.0.1; Nexus 5X Build/MMB29P) AppleWebKit/537.36 (KHTML, like Gecko) Chrome/147.0.7727.116 Mobile Safari/537.36 (compatible; Googlebot/2.1; +http://www.google.com/bot.html)"
66.249.77.167 - - [13/May/2026:18:17:43 +0530] "GET /superfood/css/style.css HTTP/1.1" 200 14427 "http://dermoviva.com/superfood/" "Mozilla/5.0 (Linux; Android 6.0.1; Nexus 5X Build/MMB29P) AppleWebKit/537.36 (KHTML, like Gecko) Chrome/147.0.7727.116 Mobile Safari/537.36 (compatible; Googlebot/2.1; +http://www.google.com/bot.html)"
66.249.77.167 - - [13/May/2026:18:17:43 +0530] "GET /superfood/css/animate.min.css HTTP/1.1" 200 52617 "http://dermoviva.com/superfood/" "Mozilla/5.0 (Linux; Android 6.0.1; Nexus 5X Build/MMB29P) AppleWebKit/537.36 (KHTML, like Gecko) Chrome/147.0.7727.116 Mobile Safari/537.36 (compatible; Googlebot/2.1; +http://www.google.com/bot.html)"
66.249.77.167 - - [13/May/2026:18:17:44 +0530] "GET /superfood/css/bootstrap.min.css HTTP/1.1" 200 153117 "http://dermoviva.com/superfood/" "Mozilla/5.0 (Linux; Android 6.0.1; Nexus 5X Build/MMB29P) AppleWebKit/537.36 (KHTML, like Gecko) Chrome/147.0.7727.116 Mobile Safari/537.36 (compatible; Googlebot/2.1; +http://www.google.com/bot.html)"
66.249.77.167 - - [13/May/2026:18:17:45 +0530] "GET /superfood/css/owl.theme.default.min.css HTTP/1.1" 200 1018 "http://dermoviva.com/superfood/" "Mozilla/5.0 (Linux; Android 6.0.1; Nexus 5X Build/MMB29P) AppleWebKit/537.36 (KHTML, like Gecko) Chrome/147.0.7727.116 Mobile Safari/537.36 (compatible; Googlebot/2.1; +http://www.google.com/bot.html)"
66.249.77.167 - - [13/May/2026:18:17:46 +0530] "GET /superfood/css/responsive.css HTTP/1.1" 200 7909 "http://dermoviva.com/superfood/" "Mozilla/5.0 (Linux; Android 6.0.1; Nexus 5X Build/MMB29P) AppleWebKit/537.36 (KHTML, like Gecko) Chrome/147.0.7727.116 Mobile Safari/537.36 (compatible; Googlebot/2.1; +http://www.google.com/bot.html)"
34.231.77.232 - - [13/May/2026:18:18:55 +0530] "GET /india/product-category/products/page/2/?_wpnonce=311d07ad2a&action=yith-woocompare-add-product&id=3843 HTTP/1.1" 302 - "-" "Mozilla/5.0 AppleWebKit/537.36 (KHTML, like Gecko; compatible; Amazonbot/0.1; +https://developer.amazon.com/support/amazonbot) Chrome/119.0.6045.214 Safari/537.36"
18.215.49.176 - - [13/May/2026:18:18:59 +0530] "GET /india/product/deep-conditioning-500g/?_wpnonce=311d07ad2a&action=yith-woocompare-add-product&id=3871 HTTP/1.1" 302 - "-" "Mozilla/5.0 AppleWebKit/537.36 (KHTML, like Gecko; compatible; Amazonbot/0.1; +https://developer.amazon.com/support/amazonbot) Chrome/119.0.6045.214 Safari/537.36"
45.84.107.33 - - [13/May/2026:18:19:31 +0530] "GET /india/product/fairness-glow-70ml/ HTTP/1.0" 200 129708 "http://dermoviva.com/india/product/fairness-glow-70ml/#comment-113158" "Mozilla/5.0 (Windows NT 6.3; WOW64) AppleWebKit/537.36 (KHTML, like Gecko) Chrome/103.0.0.0 Safari/537.36"
34.194.14.255 - - [13/May/2026:18:19:35 +0530] "GET /india/wp-json/oembed/1.0/embed?format=xml&url=http://www.dermoviva.com/india/product/cucumber/ HTTP/1.1" 200 2615 "-" "Mozilla/5.0 AppleWebKit/537.36 (KHTML, like Gecko; compatible; Amazonbot/0.1; +https://developer.amazon.com/support/amazonbot) Chrome/119.0.6045.214 Safari/537.36"
3.216.86.144 - - [13/May/2026:18:19:39 +0530] "GET /india/product-category/products/skin-care/page/3/?_wpnonce=061a44e27d&action=yith-woocompare-add-product&id=3837 HTTP/1.1" 302 - "-" "Mozilla/5.0 AppleWebKit/537.36 (KHTML, like Gecko; compatible; Amazonbot/0.1; +https://developer.amazon.com/support/amazonbot) Chrome/119.0.6045.214 Safari/537.36"
17.241.75.254 - - [13/May/2026:18:19:40 +0530] "GET /india/product/fairness-glow-150ml-2/?action=yith-woocompare-add-product&id=3841&_wpnonce=5734effc66 HTTP/1.1" 302 - "-" "Mozilla/5.0 (Macintosh; Intel Mac OS X 10_15_7) AppleWebKit/605.1.15 (KHTML, like Gecko) Version/17.4 Safari/605.1.15 (Applebot/0.1; +http://www.apple.com/go/applebot)"
17.241.75.189 - - [13/May/2026:18:19:42 +0530] "GET /robots.txt HTTP/1.1" 404 - "-" "Mozilla/5.0 (Macintosh; Intel Mac OS X 10_15_7) AppleWebKit/605.1.15 (KHTML, like Gecko) Version/17.4 Safari/605.1.15 (Applebot/0.1; +http://www.apple.com/go/applebot)"
17.241.75.189 - - [13/May/2026:18:19:43 +0530] "GET /robots.txt HTTP/1.1" 404 - "-" "Mozilla/5.0 (Macintosh; Intel Mac OS X 10_15_7) AppleWebKit/605.1.15 (KHTML, like Gecko) Version/17.4 Safari/605.1.15 (Applebot/0.1; +http://www.apple.com/go/applebot)"
17.241.75.189 - - [13/May/2026:18:19:45 +0530] "GET /robots.txt HTTP/1.1" 404 - "-" "Mozilla/5.0 (Macintosh; Intel Mac OS X 10_15_7) AppleWebKit/605.1.15 (KHTML, like Gecko) Version/17.4 Safari/605.1.15 (Applebot/0.1; +http://www.apple.com/go/applebot)"
98.84.60.17 - - [13/May/2026:18:19:43 +0530] "GET /india/product/fairness-glow-150ml/?_wpnonce=061a44e27d&action=yith-woocompare-add-product&id=3823 HTTP/1.1" 302 - "-" "Mozilla/5.0 AppleWebKit/537.36 (KHTML, like Gecko; compatible; Amazonbot/0.1; +https://developer.amazon.com/support/amazonbot) Chrome/119.0.6045.214 Safari/537.36"
17.241.75.189 - - [13/May/2026:18:19:46 +0530] "GET /robots.txt HTTP/1.1" 404 - "-" "Mozilla/5.0 (Macintosh; Intel Mac OS X 10_15_7) AppleWebKit/605.1.15 (KHTML, like Gecko) Version/17.4 Safari/605.1.15 (Applebot/0.1; +http://www.apple.com/go/applebot)"
17.241.75.189 - - [13/May/2026:18:19:48 +0530] "GET /robots.txt HTTP/1.1" 404 - "-" "Mozilla/5.0 (Macintosh; Intel Mac OS X 10_15_7) AppleWebKit/605.1.15 (KHTML, like Gecko) Version/17.4 Safari/605.1.15 (Applebot/0.1; +http://www.apple.com/go/applebot)"
18.215.24.66 - - [13/May/2026:18:19:47 +0530] "GET /india/product/extreme-hold-250ml/?_wpnonce=061a44e27d&action=yith-woocompare-add-product&id=3872 HTTP/1.1" 302 - "-" "Mozilla/5.0 AppleWebKit/537.36 (KHTML, like Gecko; compatible; Amazonbot/0.1; +https://developer.amazon.com/support/amazonbot) Chrome/119.0.6045.214 Safari/537.36"
17.241.75.189 - - [13/May/2026:18:19:49 +0530] "GET /robots.txt HTTP/1.1" 404 - "-" "Mozilla/5.0 (Macintosh; Intel Mac OS X 10_15_7) AppleWebKit/605.1.15 (KHTML, like Gecko) Version/17.4 Safari/605.1.15 (Applebot/0.1; +http://www.apple.com/go/applebot)"
17.241.75.189 - - [13/May/2026:18:19:51 +0530] "GET /robots.txt HTTP/1.1" 404 - "-" "Mozilla/5.0 (Macintosh; Intel Mac OS X 10_15_7) AppleWebKit/605.1.15 (KHTML, like Gecko) Version/17.4 Safari/605.1.15 (Applebot/0.1; +http://www.apple.com/go/applebot)"
80.94.92.92 - - [13/May/2026:18:19:37 +0530] "POST /india/wp-comments-post.php HTTP/1.0" 302 - "http://dermoviva.com/india/product/fairness-glow-70ml/#comment-113158" "Mozilla/5.0 (Windows NT 6.3; WOW64) AppleWebKit/537.36 (KHTML, like Gecko) Chrome/103.0.0.0 Safari/537.36"
54.83.56.1 - - [13/May/2026:18:19:51 +0530] "GET /india/product/wet-look-250ml/?_wpnonce=061a44e27d&action=yith-woocompare-add-product&id=3861 HTTP/1.1" 302 - "-" "Mozilla/5.0 AppleWebKit/537.36 (KHTML, like Gecko; compatible; Amazonbot/0.1; +https://developer.amazon.com/support/amazonbot) Chrome/119.0.6045.214 Safari/537.36"
17.241.219.135 - - [13/May/2026:18:19:52 +0530] "GET /india/product/fairness-glow-150ml-2/ HTTP/1.1" 200 130127 "-" "Mozilla/5.0 (Macintosh; Intel Mac OS X 10_15_7) AppleWebKit/605.1.15 (KHTML, like Gecko) Version/17.4 Safari/605.1.15 (Applebot/0.1; +http://www.apple.com/go/applebot)"
114.119.131.200 - - [13/May/2026:18:19:54 +0530] "GET /india/product/black-seed-500g?action=yith-woocompare-add-product&id=3894 HTTP/1.1" 302 - "-" "Mozilla/5.0 (Linux; Android 7.0;) AppleWebKit/537.36 (KHTML, like Gecko) Mobile Safari/537.36 (compatible; PetalBot;+https://webmaster.petalsearch.com/site/petalbot)"
114.119.131.200 - - [13/May/2026:18:19:58 +0530] "GET /india/product/black-seed-500g HTTP/1.1" 301 - "-" "Mozilla/5.0 (Linux; Android 7.0;) AppleWebKit/537.36 (KHTML, like Gecko) Mobile Safari/537.36 (compatible; PetalBot;+https://webmaster.petalsearch.com/site/petalbot)"
114.119.131.200 - - [13/May/2026:18:20:03 +0530] "GET /india/product/black-seed-500g/ HTTP/1.1" 200 69107 "-" "Mozilla/5.0 (Linux; Android 7.0;) AppleWebKit/537.36 (KHTML, like Gecko) Mobile Safari/537.36 (compatible; PetalBot;+https://webmaster.petalsearch.com/site/petalbot)"
45.84.107.76 - - [13/May/2026:18:20:11 +0530] "GET /india/product/fairness-glow-70ml/ HTTP/1.0" 200 129707 "http://dermoviva.com/india/product/fairness-glow-70ml/#comment-113158" "Mozilla/5.0 (Windows NT 6.1; Win64; x64) AppleWebKit/537.36 (KHTML, like Gecko) Chrome/103.0.5060.66 Safari/537.36"
171.25.193.82 - - [13/May/2026:18:20:14 +0530] "GET /india/product/fairness-glow-70ml/ HTTP/1.0" 200 130856 "http://dermoviva.com/india/product/fairness-glow-70ml/#comment-140706" "Mozilla/5.0 (Windows NT 6.3; WOW64) AppleWebKit/537.36 (KHTML, like Gecko) Chrome/103.0.0.0 Safari/537.36"
192.42.116.109 - - [13/May/2026:18:20:14 +0530] "POST /india/wp-comments-post.php HTTP/1.0" 302 - "http://dermoviva.com/india/product/fairness-glow-70ml/#comment-113158" "Mozilla/5.0 (Windows NT 6.1; Win64; x64) AppleWebKit/537.36 (KHTML, like Gecko) Chrome/103.0.5060.66 Safari/537.36"
194.26.192.101 - - [13/May/2026:18:20:19 +0530] "GET /india/product/fairness-glow-70ml/ HTTP/1.0" 200 130816 "http://dermoviva.com/india/product/fairness-glow-70ml/#comment-140707" "Mozilla/5.0 (Windows NT 6.1; Win64; x64) AppleWebKit/537.36 (KHTML, like Gecko) Chrome/103.0.5060.66 Safari/537.36"
17.22.253.102 - - [13/May/2026:18:20:36 +0530] "GET /india/product/garlic-500g/?action=yith-woocompare-add-product&id=3875&_wpnonce=0a2af9356a HTTP/1.1" 302 - "-" "Mozilla/5.0 (Macintosh; Intel Mac OS X 10_15_7) AppleWebKit/605.1.15 (KHTML, like Gecko) Version/17.4 Safari/605.1.15 (Applebot/0.1; +http://www.apple.com/go/applebot)"
17.241.227.144 - - [13/May/2026:18:21:21 +0530] "GET /india/wp-content/plugins/contact-form-7/includes/css/styles.css?ver=4.3.1 HTTP/1.1" 200 1099 "http://dermoviva.com/india/product/fairness-glow-150ml-2/" "Mozilla/5.0 (Macintosh; Intel Mac OS X 10_15_7) AppleWebKit/605.1.15 (KHTML, like Gecko) Version/17.4 Safari/605.1.15 (Applebot/0.1; +http://www.apple.com/go/applebot)"
17.241.227.144 - - [13/May/2026:18:21:23 +0530] "GET /india/wp-includes/js/wp-emoji-release.min.js?ver=4.4.33 HTTP/1.1" 200 33853 "http://dermoviva.com/india/product/fairness-glow-150ml-2/" "Mozilla/5.0 (Macintosh; Intel Mac OS X 10_15_7) AppleWebKit/605.1.15 (KHTML, like Gecko) Version/17.4 Safari/605.1.15 (Applebot/0.1; +http://www.apple.com/go/applebot)"
17.241.227.144 - - [13/May/2026:18:21:24 +0530] "GET /india/wp-content/plugins/revslider/public/assets/css/settings.css?ver=5.0.4.1 HTTP/1.1" 200 33494 "http://dermoviva.com/india/product/fairness-glow-150ml-2/" "Mozilla/5.0 (Macintosh; Intel Mac OS X 10_15_7) AppleWebKit/605.1.15 (KHTML, like Gecko) Version/17.4 Safari/605.1.15 (Applebot/0.1; +http://www.apple.com/go/applebot)"
17.241.227.144 - - [13/May/2026:18:21:26 +0530] "GET /india/wp-content/plugins/rit-core/assets/css/rit-masonry.css?ver=1.0 HTTP/1.1" 200 2712 "http://dermoviva.com/india/product/fairness-glow-150ml-2/" "Mozilla/5.0 (Macintosh; Intel Mac OS X 10_15_7) AppleWebKit/605.1.15 (KHTML, like Gecko) Version/17.4 Safari/605.1.15 (Applebot/0.1; +http://www.apple.com/go/applebot)"
17.241.227.144 - - [13/May/2026:18:21:27 +0530] "GET /india/wp-content/plugins/rit-core/assets/css/blog-style.css?ver=1.0 HTTP/1.1" 200 - "http://dermoviva.com/india/product/fairness-glow-150ml-2/" "Mozilla/5.0 (Macintosh; Intel Mac OS X 10_15_7) AppleWebKit/605.1.15 (KHTML, like Gecko) Version/17.4 Safari/605.1.15 (Applebot/0.1; +http://www.apple.com/go/applebot)"
17.241.227.144 - - [13/May/2026:18:21:29 +0530] "GET /india/wp-content/plugins/rit-core/assets/css/rit-core-front.css?ver=1.0 HTTP/1.1" 200 13914 "http://dermoviva.com/india/product/fairness-glow-150ml-2/" "Mozilla/5.0 (Macintosh; Intel Mac OS X 10_15_7) AppleWebKit/605.1.15 (KHTML, like Gecko) Version/17.4 Safari/605.1.15 (Applebot/0.1; +http://www.apple.com/go/applebot)"
17.241.227.144 - - [13/May/2026:18:21:30 +0530] "GET /india/wp-content/plugins/rit-core/assets/css/rit-news.css?ver=1.0 HTTP/1.1" 200 5584 "http://dermoviva.com/india/product/fairness-glow-150ml-2/" "Mozilla/5.0 (Macintosh; Intel Mac OS X 10_15_7) AppleWebKit/605.1.15 (KHTML, like Gecko) Version/17.4 Safari/605.1.15 (Applebot/0.1; +http://www.apple.com/go/applebot)"
17.241.227.144 - - [13/May/2026:18:21:32 +0530] "GET /india/wp-content/uploads/maxmegamenu/style.css?ver=ae5934 HTTP/1.1" 200 33160 "http://dermoviva.com/india/product/fairness-glow-150ml-2/" "Mozilla/5.0 (Macintosh; Intel Mac OS X 10_15_7) AppleWebKit/605.1.15 (KHTML, like Gecko) Version/17.4 Safari/605.1.15 (Applebot/0.1; +http://www.apple.com/go/applebot)"
17.241.227.144 - - [13/May/2026:18:21:33 +0530] "GET /india/wp-includes/css/dashicons.min.css?ver=4.4.33 HTTP/1.1" 200 46136 "http://dermoviva.com/india/product/fairness-glow-150ml-2/" "Mozilla/5.0 (Macintosh; Intel Mac OS X 10_15_7) AppleWebKit/605.1.15 (KHTML, like Gecko) Version/17.4 Safari/605.1.15 (Applebot/0.1; +http://www.apple.com/go/applebot)"
17.241.227.144 - - [13/May/2026:18:21:35 +0530] "GET /india/wp-content/plugins/recent-facebook-posts/assets/css/default.min.css?ver=2.0.8 HTTP/1.1" 200 2339 "http://dermoviva.com/india/product/fairness-glow-150ml-2/" "Mozilla/5.0 (Macintosh; Intel Mac OS X 10_15_7) AppleWebKit/605.1.15 (KHTML, like Gecko) Version/17.4 Safari/605.1.15 (Applebot/0.1; +http://www.apple.com/go/applebot)"
17.241.227.144 - - [13/May/2026:18:21:36 +0530] "GET /india/wp-content/plugins/yith-woocommerce-compare/assets/css/colorbox.css?ver=4.4.33 HTTP/1.1" 200 3941 "http://dermoviva.com/india/product/fairness-glow-150ml-2/" "Mozilla/5.0 (Macintosh; Intel Mac OS X 10_15_7) AppleWebKit/605.1.15 (KHTML, like Gecko) Version/17.4 Safari/605.1.15 (Applebot/0.1; +http://www.apple.com/go/applebot)"
17.241.227.144 - - [13/May/2026:18:21:38 +0530] "GET /india/wp-content/plugins/yith-woocommerce-quick-view/assets/css/yith-quick-view.css?ver=4.4.33 HTTP/1.1" 200 3058 "http://dermoviva.com/india/product/fairness-glow-150ml-2/" "Mozilla/5.0 (Macintosh; Intel Mac OS X 10_15_7) AppleWebKit/605.1.15 (KHTML, like Gecko) Version/17.4 Safari/605.1.15 (Applebot/0.1; +http://www.apple.com/go/applebot)"
17.241.227.144 - - [13/May/2026:18:21:39 +0530] "GET /india/wp-content/plugins/woocommerce/assets/css/prettyPhoto.css?ver=3.1.6 HTTP/1.1" 200 8677 "http://dermoviva.com/india/product/fairness-glow-150ml-2/" "Mozilla/5.0 (Macintosh; Intel Mac OS X 10_15_7) AppleWebKit/605.1.15 (KHTML, like Gecko) Version/17.4 Safari/605.1.15 (Applebot/0.1; +http://www.apple.com/go/applebot)"
17.241.227.144 - - [13/May/2026:18:21:41 +0530] "GET /india/wp-content/plugins/yith-woocommerce-wishlist/assets/css/jquery.selectBox.css?ver=1.2.0 HTTP/1.1" 200 3572 "http://dermoviva.com/india/product/fairness-glow-150ml-2/" "Mozilla/5.0 (Macintosh; Intel Mac OS X 10_15_7) AppleWebKit/605.1.15 (KHTML, like Gecko) Version/17.4 Safari/605.1.15 (Applebot/0.1; +http://www.apple.com/go/applebot)"
17.241.227.144 - - [13/May/2026:18:21:42 +0530] "GET /india/wp-content/plugins/yith-woocommerce-wishlist/assets/css/style.css?ver=2.0.13 HTTP/1.1" 200 14197 "http://dermoviva.com/india/product/fairness-glow-150ml-2/" "Mozilla/5.0 (Macintosh; Intel Mac OS X 10_15_7) AppleWebKit/605.1.15 (KHTML, like Gecko) Version/17.4 Safari/605.1.15 (Applebot/0.1; +http://www.apple.com/go/applebot)"
17.241.227.144 - - [13/May/2026:18:21:44 +0530] "GET /india/wp-content/plugins/yith-woocommerce-wishlist/assets/css/font-awesome.min.css?ver=4.3.0 HTTP/1.1" 200 23775 "http://dermoviva.com/india/product/fairness-glow-150ml-2/" "Mozilla/5.0 (Macintosh; Intel Mac OS X 10_15_7) AppleWebKit/605.1.15 (KHTML, like Gecko) Version/17.4 Safari/605.1.15 (Applebot/0.1; +http://www.apple.com/go/applebot)"
17.241.227.144 - - [13/May/2026:18:21:45 +0530] "GET /india/wp-content/themes/ri-colias/css/bootstrap.css HTTP/1.1" 200 227565 "http://dermoviva.com/india/product/fairness-glow-150ml-2/" "Mozilla/5.0 (Macintosh; Intel Mac OS X 10_15_7) AppleWebKit/605.1.15 (KHTML, like Gecko) Version/17.4 Safari/605.1.15 (Applebot/0.1; +http://www.apple.com/go/applebot)"
17.241.227.144 - - [13/May/2026:18:21:47 +0530] "GET /india/wp-content/plugins/js_composer/assets/lib/bower/font-awesome/css/font-awesome.min.css?ver=4.8.1 HTTP/1.1" 200 21984 "http://dermoviva.com/india/product/fairness-glow-150ml-2/" "Mozilla/5.0 (Macintosh; Intel Mac OS X 10_15_7) AppleWebKit/605.1.15 (KHTML, like Gecko) Version/17.4 Safari/605.1.15 (Applebot/0.1; +http://www.apple.com/go/applebot)"
17.241.227.144 - - [13/May/2026:18:21:48 +0530] "GET /india/wp-content/themes/ri-colias/css/owl.carousel.css HTTP/1.1" 200 1476 "http://dermoviva.com/india/product/fairness-glow-150ml-2/" "Mozilla/5.0 (Macintosh; Intel Mac OS X 10_15_7) AppleWebKit/605.1.15 (KHTML, like Gecko) Version/17.4 Safari/605.1.15 (Applebot/0.1; +http://www.apple.com/go/applebot)"
17.241.227.144 - - [13/May/2026:18:21:50 +0530] "GET /india/wp-content/themes/ri-colias/css/owl.theme.css HTTP/1.1" 200 1327 "http://dermoviva.com/india/product/fairness-glow-150ml-2/" "Mozilla/5.0 (Macintosh; Intel Mac OS X 10_15_7) AppleWebKit/605.1.15 (KHTML, like Gecko) Version/17.4 Safari/605.1.15 (Applebot/0.1; +http://www.apple.com/go/applebot)"
17.241.227.144 - - [13/May/2026:18:21:51 +0530] "GET /india/wp-content/themes/ri-colias/style.css HTTP/1.1" 200 5454 "http://dermoviva.com/india/product/fairness-glow-150ml-2/" "Mozilla/5.0 (Macintosh; Intel Mac OS X 10_15_7) AppleWebKit/605.1.15 (KHTML, like Gecko) Version/17.4 Safari/605.1.15 (Applebot/0.1; +http://www.apple.com/go/applebot)"
17.241.227.144 - - [13/May/2026:18:21:53 +0530] "GET /india/wp-content/themes/ri-colias/css/style-default.css?ver=4.4.33 HTTP/1.1" 200 192094 "http://dermoviva.com/india/product/fairness-glow-150ml-2/" "Mozilla/5.0 (Macintosh; Intel Mac OS X 10_15_7) AppleWebKit/605.1.15 (KHTML, like Gecko) Version/17.4 Safari/605.1.15 (Applebot/0.1; +http://www.apple.com/go/applebot)"
17.241.227.144 - - [13/May/2026:18:21:54 +0530] "GET /india/wp-content/themes/ri-colias/assets/masterslider/css/masterslider.main.min.css?ver=4.4.33 HTTP/1.1" 200 53954 "http://dermoviva.com/india/product/fairness-glow-150ml-2/" "Mozilla/5.0 (Macintosh; Intel Mac OS X 10_15_7) AppleWebKit/605.1.15 (KHTML, like Gecko) Version/17.4 Safari/605.1.15 (Applebot/0.1; +http://www.apple.com/go/applebot)"
17.241.227.144 - - [13/May/2026:18:21:56 +0530] "GET /india/wp-content/themes/ri-colias/assets/easyResponsiveTabs/easy-responsive-tabs.css?ver=4.4.33 HTTP/1.1" 200 3538 "http://dermoviva.com/india/product/fairness-glow-150ml-2/" "Mozilla/5.0 (Macintosh; Intel Mac OS X 10_15_7) AppleWebKit/605.1.15 (KHTML, like Gecko) Version/17.4 Safari/605.1.15 (Applebot/0.1; +http://www.apple.com/go/applebot)"
17.241.227.144 - - [13/May/2026:18:21:57 +0530] "GET /india/wp-content/themes/ri-colias/css/slicknav.css?ver=4.4.33 HTTP/1.1" 200 6304 "http://dermoviva.com/india/product/fairness-glow-150ml-2/" "Mozilla/5.0 (Macintosh; Intel Mac OS X 10_15_7) AppleWebKit/605.1.15 (KHTML, like Gecko) Version/17.4 Safari/605.1.15 (Applebot/0.1; +http://www.apple.com/go/applebot)"
17.241.227.144 - - [13/May/2026:18:21:59 +0530] "GET /india/wp-content/plugins/footer-putter/styles/footer-credits.css?ver=1.14.1 HTTP/1.1" 200 2807 "http://dermoviva.com/india/product/fairness-glow-150ml-2/" "Mozilla/5.0 (Macintosh; Intel Mac OS X 10_15_7) AppleWebKit/605.1.15 (KHTML, like Gecko) Version/17.4 Safari/605.1.15 (Applebot/0.1; +http://www.apple.com/go/applebot)"
17.241.227.144 - - [13/May/2026:18:22:00 +0530] "GET /india/wp-content/plugins/yith-woocommerce-zoom-magnifier/assets/css/yith_magnifier.css?ver=4.4.33 HTTP/1.1" 200 1177 "http://dermoviva.com/india/product/fairness-glow-150ml-2/" "Mozilla/5.0 (Macintosh; Intel Mac OS X 10_15_7) AppleWebKit/605.1.15 (KHTML, like Gecko) Version/17.4 Safari/605.1.15 (Applebot/0.1; +http://www.apple.com/go/applebot)"
17.241.227.144 - - [13/May/2026:18:22:02 +0530] "GET /india/wp-content/plugins/yith-woocommerce-zoom-magnifier/assets/css/frontend.css?ver=4.4.33 HTTP/1.1" 200 1360 "http://dermoviva.com/india/product/fairness-glow-150ml-2/" "Mozilla/5.0 (Macintosh; Intel Mac OS X 10_15_7) AppleWebKit/605.1.15 (KHTML, like Gecko) Version/17.4 Safari/605.1.15 (Applebot/0.1; +http://www.apple.com/go/applebot)"
17.241.227.144 - - [13/May/2026:18:22:03 +0530] "GET /india/wp-content/plugins/mailchimp-for-wp/assets/css/form-themes.min.css?ver=3.0.9 HTTP/1.1" 200 9502 "http://dermoviva.com/india/product/fairness-glow-150ml-2/" "Mozilla/5.0 (Macintosh; Intel Mac OS X 10_15_7) AppleWebKit/605.1.15 (KHTML, like Gecko) Version/17.4 Safari/605.1.15 (Applebot/0.1; +http://www.apple.com/go/applebot)"
17.241.227.144 - - [13/May/2026:18:22:05 +0530] "GET /india/wp-content/plugins/woocommerce-currency-switcher/css/front.css?ver=4.4.33 HTTP/1.1" 200 1524 "http://dermoviva.com/india/product/fairness-glow-150ml-2/" "Mozilla/5.0 (Macintosh; Intel Mac OS X 10_15_7) AppleWebKit/605.1.15 (KHTML, like Gecko) Version/17.4 Safari/605.1.15 (Applebot/0.1; +http://www.apple.com/go/applebot)"
17.241.227.144 - - [13/May/2026:18:22:06 +0530] "GET /india/wp-content/plugins/jetpack/css/jetpack.css?ver=3.3.2 HTTP/1.1" 200 52258 "http://dermoviva.com/india/product/fairness-glow-150ml-2/" "Mozilla/5.0 (Macintosh; Intel Mac OS X 10_15_7) AppleWebKit/605.1.15 (KHTML, like Gecko) Version/17.4 Safari/605.1.15 (Applebot/0.1; +http://www.apple.com/go/applebot)"
17.241.227.144 - - [13/May/2026:18:22:08 +0530] "GET /india/wp-includes/js/jquery/jquery.js?ver=1.11.3 HTTP/1.1" 200 95977 "http://dermoviva.com/india/product/fairness-glow-150ml-2/" "Mozilla/5.0 (Macintosh; Intel Mac OS X 10_15_7) AppleWebKit/605.1.15 (KHTML, like Gecko) Version/17.4 Safari/605.1.15 (Applebot/0.1; +http://www.apple.com/go/applebot)"
17.241.227.144 - - [13/May/2026:18:22:09 +0530] "GET /india/wp-includes/js/jquery/jquery-migrate.min.js?ver=1.2.1 HTTP/1.1" 200 7200 "http://dermoviva.com/india/product/fairness-glow-150ml-2/" "Mozilla/5.0 (Macintosh; Intel Mac OS X 10_15_7) AppleWebKit/605.1.15 (KHTML, like Gecko) Version/17.4 Safari/605.1.15 (Applebot/0.1; +http://www.apple.com/go/applebot)"
17.241.227.144 - - [13/May/2026:18:22:10 +0530] "GET /india/wp-includes/js/jquery/ui/core.min.js?ver=1.11.4 HTTP/1.1" 200 3929 "http://dermoviva.com/india/product/fairness-glow-150ml-2/" "Mozilla/5.0 (Macintosh; Intel Mac OS X 10_15_7) AppleWebKit/605.1.15 (KHTML, like Gecko) Version/17.4 Safari/605.1.15 (Applebot/0.1; +http://www.apple.com/go/applebot)"
17.241.227.144 - - [13/May/2026:18:22:12 +0530] "GET /india/wp-includes/js/jquery/ui/widget.min.js?ver=1.11.4 HTTP/1.1" 200 6832 "http://dermoviva.com/india/product/fairness-glow-150ml-2/" "Mozilla/5.0 (Macintosh; Intel Mac OS X 10_15_7) AppleWebKit/605.1.15 (KHTML, like Gecko) Version/17.4 Safari/605.1.15 (Applebot/0.1; +http://www.apple.com/go/applebot)"
17.241.227.144 - - [13/May/2026:18:22:13 +0530] "GET /india/wp-includes/js/jquery/ui/mouse.min.js?ver=1.11.4 HTTP/1.1" 200 3142 "http://dermoviva.com/india/product/fairness-glow-150ml-2/" "Mozilla/5.0 (Macintosh; Intel Mac OS X 10_15_7) AppleWebKit/605.1.15 (KHTML, like Gecko) Version/17.4 Safari/605.1.15 (Applebot/0.1; +http://www.apple.com/go/applebot)"
