MOON
Server: Apache
System: Linux server.netcommlabs.in 3.10.0-1160.83.1.el7.x86_64 #1 SMP Wed Jan 25 16:41:43 UTC 2023 x86_64
User: dermova (1051)
PHP: 5.4.45
Disabled: exec,passthru,shell_exec,system
Upload Files
File: /home/dermova/access-logs/dermoviva.com-ssl_log
85.208.96.198 - - [02/May/2026:17:43:22 +0530] "GET /india/product/gentle-soothing-225ml/?_wpnonce=571764d4b5&action=yith-woocompare-add-product&id=3808 HTTP/1.1" 302 - "-" "Mozilla/5.0 (compatible; SemrushBot/7~bl; +http://www.semrush.com/bot.html)"
47.128.32.111 - - [02/May/2026:17:44:18 +0530] "GET /robots.txt HTTP/1.1" 404 - "-" "-"
185.191.171.18 - - [02/May/2026:17:44:35 +0530] "GET /india/product-category/products/page/5/?_wpnonce=571764d4b5&action=yith-woocompare-add-product&id=3891 HTTP/1.1" 302 - "-" "Mozilla/5.0 (compatible; SemrushBot/7~bl; +http://www.semrush.com/bot.html)"
85.208.96.197 - - [02/May/2026:17:47:39 +0530] "GET /india/product/gentle-soothing-225ml/?_wpnonce=571764d4b5&action=yith-woocompare-add-product&id=3815 HTTP/1.1" 302 - "-" "Mozilla/5.0 (compatible; SemrushBot/7~bl; +http://www.semrush.com/bot.html)"
185.191.171.13 - - [02/May/2026:17:47:44 +0530] "GET /india/product/moisture-plus-150ml/?_wpnonce=571764d4b5&action=yith-woocompare-add-product&id=3823 HTTP/1.1" 302 - "-" "Mozilla/5.0 (compatible; SemrushBot/7~bl; +http://www.semrush.com/bot.html)"
185.191.171.6 - - [02/May/2026:17:50:42 +0530] "GET /india/product-category/products/skin-care/page/3/?_wpnonce=571764d4b5&action=yith-woocompare-add-product&id=3821 HTTP/1.1" 302 - "-" "Mozilla/5.0 (compatible; SemrushBot/7~bl; +http://www.semrush.com/bot.html)"
102.52.158.167 - - [02/May/2026:17:51:55 +0530] "GET /india/product/garlic-500g/?_wpnonce=b95078658a&action=yith-woocompare-add-product&id=3862 HTTP/1.1" 302 - "-" "Mozilla/5.0 (Android 8.1.0; Mobile; rv:54.0) Gecko/54.0 Firefox/54.0"
79.49.105.182 - - [02/May/2026:17:52:07 +0530] "GET /india/product/garlic-500g/ HTTP/1.1" 200 127056 "-" "Opera/8.75.(Windows NT 5.1; hne-IN) Presto/2.9.161 Version/12.00"
185.191.171.12 - - [02/May/2026:17:52:19 +0530] "GET /india/product-category/products/skin-care/face-wash/?_wpnonce=571764d4b5&action=yith-woocompare-add-product&id=3841 HTTP/1.1" 302 - "-" "Mozilla/5.0 (compatible; SemrushBot/7~bl; +http://www.semrush.com/bot.html)"
169.224.14.202 - - [02/May/2026:17:52:22 +0530] "GET /india/product/garlic-500g/ HTTP/1.1" 200 127056 "-" "Opera/9.43.(X11; Linux x86_64; pt-PT) Presto/2.9.189 Version/10.00"
196.179.102.90 - - [02/May/2026:17:52:28 +0530] "GET /india/product/fair-radiant-200ml/?_wpnonce=b95078658a&action=yith-woocompare-add-product&add_to_wishlist=3820&id=3820 HTTP/1.1" 302 - "-" "Mozilla/5.0 (iPod; U; CPU iPhone OS 4_3 like Mac OS X; bg-BG) AppleWebKit/535.13.1 (KHTML, like Gecko) Version/4.0.5 Mobile/8B111 Safari/6535.13.1"
223.185.56.84 - - [02/May/2026:17:52:40 +0530] "GET /india/product/fair-radiant-200ml/?add_to_wishlist=3820 HTTP/1.1" 200 84229 "-" "Mozilla/5.0 (compatible; MSIE 6.0; Windows CE; Trident/4.0)"
205.254.174.49 - - [02/May/2026:17:52:53 +0530] "GET /india/product/fair-radiant-200ml/?add_to_wishlist=3820 HTTP/1.1" 200 70383 "-" "Mozilla/5.0 (iPod; U; CPU iPhone OS 3_1 like Mac OS X; lb-LU) AppleWebKit/533.8.7 (KHTML, like Gecko) Version/3.0.5 Mobile/8B113 Safari/6533.8.7"
57.141.6.14 - - [02/May/2026:17:53:10 +0530] "GET /me/video-gallery/ HTTP/1.1" 404 14431 "-" "meta-externalagent/1.1 (+https://developers.facebook.com/docs/sharing/webmasters/crawler)"
14.161.235.196 - - [02/May/2026:17:54:57 +0530] "GET /india/product/hydrate-plus-70ml/?_wpnonce=b95078658a&action=yith-woocompare-add-product&id=3842 HTTP/1.1" 302 - "-" "Opera/9.28.(Windows NT 5.1; or-IN) Presto/2.9.181 Version/10.00"
117.96.53.79 - - [02/May/2026:17:55:11 +0530] "GET /india/product/hydrate-plus-70ml/?_wpnonce=b95078658a&action=yith-woocompare-add-product&id=3842 HTTP/1.1" 302 - "-" "Opera/8.93.(X11; Linux i686; bhb-IN) Presto/2.9.175 Version/10.00"
194.145.137.131 - - [02/May/2026:17:55:29 +0530] "GET /india/product/hydrate-plus-70ml/?_wpnonce=b95078658a&action=yith-woocompare-add-product&id=3842 HTTP/1.1" 302 - "-" "Mozilla/5.0 (Windows; U; Windows NT 4.0) AppleWebKit/534.19.2 (KHTML, like Gecko) Version/4.1 Safari/534.19.2"
85.208.96.196 - - [02/May/2026:17:55:58 +0530] "GET /india/product/wet-look-250ml/?_wpnonce=571764d4b5&action=yith-woocompare-add-product&id=3874 HTTP/1.1" 302 - "-" "Mozilla/5.0 (compatible; SemrushBot/7~bl; +http://www.semrush.com/bot.html)"
85.208.96.209 - - [02/May/2026:17:56:15 +0530] "GET /india/product/gentle-exfoliating-150ml/?_wpnonce=571764d4b5&action=yith-woocompare-add-product&id=3822 HTTP/1.1" 302 - "-" "Mozilla/5.0 (compatible; SemrushBot/7~bl; +http://www.semrush.com/bot.html)"
185.191.171.12 - - [02/May/2026:17:56:25 +0530] "GET /india/product/volume-thickness-140ml/?_wpnonce=571764d4b5&action=yith-woocompare-add-product&id=3880 HTTP/1.1" 302 - "-" "Mozilla/5.0 (compatible; SemrushBot/7~bl; +http://www.semrush.com/bot.html)"
85.208.96.207 - - [02/May/2026:17:56:30 +0530] "GET /robots.txt HTTP/1.1" 404 - "-" "Mozilla/5.0 (compatible; SemrushBot/7~bl; +http://www.semrush.com/bot.html)"
85.208.96.210 - - [02/May/2026:17:56:32 +0530] "GET /india/product-category/products/skin-care/page/2/?_wpnonce=571764d4b5&action=yith-woocompare-add-product&id=3850 HTTP/1.1" 302 - "-" "Mozilla/5.0 (compatible; SemrushBot/7~bl; +http://www.semrush.com/bot.html)"
85.208.96.200 - - [02/May/2026:17:56:48 +0530] "GET /india/product-category/products/skin-care/face-scrub/?_wpnonce=571764d4b5&action=yith-woocompare-add-product&id=3848 HTTP/1.1" 302 - "-" "Mozilla/5.0 (compatible; SemrushBot/7~bl; +http://www.semrush.com/bot.html)"
85.208.96.206 - - [02/May/2026:17:59:26 +0530] "GET /india/product/moisture-plus-150ml/?_wpnonce=571764d4b5&action=yith-woocompare-add-product&id=3815 HTTP/1.1" 302 - "-" "Mozilla/5.0 (compatible; SemrushBot/7~bl; +http://www.semrush.com/bot.html)"
185.191.171.5 - - [02/May/2026:18:00:21 +0530] "GET /india/product/frizz-control-200ml/?_wpnonce=571764d4b5&action=yith-woocompare-add-product&id=3874 HTTP/1.1" 302 - "-" "Mozilla/5.0 (compatible; SemrushBot/7~bl; +http://www.semrush.com/bot.html)"
34.1.4.13 - - [02/May/2026:18:01:00 +0530] "GET / HTTP/1.1" 200 2524 "-" "Mozilla/5.0 (Windows NT 10.0; Win64; x64) AppleWebKit/537.36 (KHTML, like Gecko; compatible; BuiltWith/1.4; rb.gy/xprgqj) Chrome/124.0.0.0 Safari/537.36"
34.1.4.13 - - [02/May/2026:18:01:02 +0530] "GET / HTTP/1.1" 200 2524 "-" "Mozilla/5.0 (Windows NT 10.0; Win64; x64) AppleWebKit/537.36 (KHTML, like Gecko; compatible; BuiltWith/1.4; rb.gy/xprgqj) Chrome/124.0.0.0 Safari/537.36"
185.191.171.3 - - [02/May/2026:18:03:20 +0530] "GET /india/product/frizz-control-200ml/?_wpnonce=571764d4b5&action=yith-woocompare-add-product&id=3871 HTTP/1.1" 302 - "-" "Mozilla/5.0 (compatible; SemrushBot/7~bl; +http://www.semrush.com/bot.html)"
85.208.96.196 - - [02/May/2026:18:04:12 +0530] "GET /india/product/anti-dryness-200ml/?_wpnonce=571764d4b5&action=yith-woocompare-add-product&id=3822 HTTP/1.1" 302 - "-" "Mozilla/5.0 (compatible; SemrushBot/7~bl; +http://www.semrush.com/bot.html)"
185.191.171.3 - - [02/May/2026:18:04:26 +0530] "GET /india/product/hair-fall-control-140ml/?_wpnonce=571764d4b5&action=yith-woocompare-add-product&id=3872 HTTP/1.1" 302 - "-" "Mozilla/5.0 (compatible; SemrushBot/7~bl; +http://www.semrush.com/bot.html)"
185.191.171.19 - - [02/May/2026:18:05:57 +0530] "GET /india/product/fairness-glow-150ml/?_wpnonce=571764d4b5&action=yith-woocompare-add-product&id=3808 HTTP/1.1" 302 - "-" "Mozilla/5.0 (compatible; SemrushBot/7~bl; +http://www.semrush.com/bot.html)"
148.224.25.56 - - [02/May/2026:18:06:23 +0530] "GET / HTTP/1.1" 503 - "-" "Mozilla/5.0 (Windows NT 10.0; Win64; x64) AppleWebKit/537.36 (KHTML, like Gecko) Chrome/122.0.0.0 Safari/537.36"
85.208.96.195 - - [02/May/2026:18:06:37 +0530] "GET /india/product/hydrate-plus-70ml/?_wpnonce=571764d4b5&action=yith-woocompare-add-product&id=3827 HTTP/1.1" 302 - "-" "Mozilla/5.0 (compatible; SemrushBot/7~bl; +http://www.semrush.com/bot.html)"
105.79.125.206 - - [02/May/2026:18:06:56 +0530] "GET /india/product/garlic-500g/?_wpnonce=a1f2bf6584&action=yith-woocompare-add-product&id=3873 HTTP/1.1" 302 - "-" "Mozilla/5.0 (iPhone; CPU iPhone OS 14_2 like Mac OS X) AppleWebKit/533.1 (KHTML, like Gecko) CriOS/43.0.828.0 Mobile/14K986 Safari/533.1"
113.188.58.160 - - [02/May/2026:18:07:14 +0530] "GET /india/product/garlic-500g/?_wpnonce=a1f2bf6584&action=yith-woocompare-add-product&id=3873 HTTP/1.1" 302 - "-" "Opera/8.45.(Windows NT 5.2; br-FR) Presto/2.9.167 Version/11.00"
85.208.96.198 - - [02/May/2026:18:07:24 +0530] "GET /india/product/anti-dryness-200ml/?_wpnonce=571764d4b5&action=yith-woocompare-add-product&id=3841 HTTP/1.1" 302 - "-" "Mozilla/5.0 (compatible; SemrushBot/7~bl; +http://www.semrush.com/bot.html)"
185.24.61.80 - - [02/May/2026:18:07:26 +0530] "GET /india/product/garlic-500g/ HTTP/1.1" 200 127056 "-" "Mozilla/5.0 (X11; Linux i686; rv:1.9.6.20) Gecko/8899-09-27 01:40:25.774323 Firefox/3.8"
113.178.18.237 - - [02/May/2026:18:07:44 +0530] "GET /india/product/garlic-500g/ HTTP/1.1" 200 116884 "-" "Opera/9.11.(Windows NT 5.01; xh-ZA) Presto/2.9.185 Version/11.00"
85.208.96.201 - - [02/May/2026:18:09:14 +0530] "GET /india/product-category/products/hair-care/hair-cream/?_wpnonce=571764d4b5&action=yith-woocompare-add-product&id=3864 HTTP/1.1" 302 - "-" "Mozilla/5.0 (compatible; SemrushBot/7~bl; +http://www.semrush.com/bot.html)"
185.191.171.14 - - [02/May/2026:18:11:19 +0530] "GET /india/product-category/products/skin-care/face-cream/?_wpnonce=571764d4b5&action=yith-woocompare-add-product&id=3827 HTTP/1.1" 302 - "-" "Mozilla/5.0 (compatible; SemrushBot/7~bl; +http://www.semrush.com/bot.html)"
85.208.96.208 - - [02/May/2026:18:11:32 +0530] "GET /india/product/fairness-glow-400ml/?_wpnonce=571764d4b5&action=yith-woocompare-add-product&id=3841 HTTP/1.1" 302 - "-" "Mozilla/5.0 (compatible; SemrushBot/7~bl; +http://www.semrush.com/bot.html)"
85.208.96.195 - - [02/May/2026:18:12:15 +0530] "GET /india/product/fairness-glow-400ml/?_wpnonce=571764d4b5&action=yith-woocompare-add-product&id=3823 HTTP/1.1" 302 - "-" "Mozilla/5.0 (compatible; SemrushBot/7~bl; +http://www.semrush.com/bot.html)"
185.191.171.18 - - [02/May/2026:18:13:34 +0530] "GET /india/product/blackhead-clearing-150ml/?_wpnonce=571764d4b5&action=yith-woocompare-add-product&id=3837 HTTP/1.1" 302 - "-" "Mozilla/5.0 (compatible; SemrushBot/7~bl; +http://www.semrush.com/bot.html)"
185.191.171.2 - - [02/May/2026:18:13:52 +0530] "GET /india/product-category/products/skin-care/face-scrub/?_wpnonce=571764d4b5&action=yith-woocompare-add-product&id=3849 HTTP/1.1" 302 - "-" "Mozilla/5.0 (compatible; SemrushBot/7~bl; +http://www.semrush.com/bot.html)"
198.235.24.16 - - [02/May/2026:18:15:08 +0530] "GET / HTTP/1.1" 401 35 "-" "Hello from Palo Alto Networks, find out more about our scans in https://docs-cortex.paloaltonetworks.com/r/1/Cortex-Xpanse/Scanning-activity"
85.208.96.198 - - [02/May/2026:18:15:16 +0530] "GET /india/product/extreme-moisturizing-140ml/?_wpnonce=571764d4b5&action=yith-woocompare-add-product&id=3876 HTTP/1.1" 302 - "-" "Mozilla/5.0 (compatible; SemrushBot/7~bl; +http://www.semrush.com/bot.html)"
85.208.96.193 - - [02/May/2026:18:17:34 +0530] "GET /india/product-category/products/page/3/?_wpnonce=571764d4b5&action=yith-woocompare-add-product&id=3842 HTTP/1.1" 302 - "-" "Mozilla/5.0 (compatible; SemrushBot/7~bl; +http://www.semrush.com/bot.html)"
85.208.96.199 - - [02/May/2026:18:20:29 +0530] "GET /india/product/fairness-glow-70ml/?_wpnonce=571764d4b5&action=yith-woocompare-add-product&id=3815 HTTP/1.1" 302 - "-" "Mozilla/5.0 (compatible; SemrushBot/7~bl; +http://www.semrush.com/bot.html)"
216.73.217.99 - - [02/May/2026:18:22:45 +0530] "GET /robots.txt HTTP/1.1" 404 - "-" "Mozilla/5.0 AppleWebKit/537.36 (KHTML, like Gecko; compatible; ClaudeBot/1.0; +claudebot@anthropic.com)"
216.73.217.99 - - [02/May/2026:18:22:46 +0530] "GET /x-cp-jbOXBoLC.php?path=%2Fhome HTTP/1.1" 200 12652 "-" "Mozilla/5.0 AppleWebKit/537.36 (KHTML, like Gecko; compatible; ClaudeBot/1.0; +claudebot@anthropic.com)"
216.73.217.99 - - [02/May/2026:18:22:46 +0530] "GET /x-cp-jbOXBoLC.php?path=%2F HTTP/1.1" 200 12621 "-" "Mozilla/5.0 AppleWebKit/537.36 (KHTML, like Gecko; compatible; ClaudeBot/1.0; +claudebot@anthropic.com)"
216.73.217.99 - - [02/May/2026:18:23:15 +0530] "GET /x-cp-jbOXBoLC.php?path=%2Fhome%2Fdermova%2Fpublic_html%2Fcgi-bin HTTP/1.1" 200 12814 "-" "Mozilla/5.0 AppleWebKit/537.36 (KHTML, like Gecko; compatible; ClaudeBot/1.0; +claudebot@anthropic.com)"
216.73.217.99 - - [02/May/2026:18:23:15 +0530] "GET /x-cp-jbOXBoLC.php?path=%2Fhome%2Fdermova HTTP/1.1" 200 42656 "-" "Mozilla/5.0 AppleWebKit/537.36 (KHTML, like Gecko; compatible; ClaudeBot/1.0; +claudebot@anthropic.com)"
216.73.217.99 - - [02/May/2026:18:23:23 +0530] "GET /x-cp-jbOXBoLC.php?path=%2Fhome%2Fdermova%2Fpublic_html%2Findia HTTP/1.1" 200 58928 "-" "Mozilla/5.0 AppleWebKit/537.36 (KHTML, like Gecko; compatible; ClaudeBot/1.0; +claudebot@anthropic.com)"
216.73.217.99 - - [02/May/2026:18:23:23 +0530] "GET /x-cp-jbOXBoLC.php?path=%2Fhome%2Fdermova%2Fpublic_html HTTP/1.1" 200 31582 "-" "Mozilla/5.0 AppleWebKit/537.36 (KHTML, like Gecko; compatible; ClaudeBot/1.0; +claudebot@anthropic.com)"
216.73.217.99 - - [02/May/2026:18:23:28 +0530] "GET /x-cp-jbOXBoLC.php?path=%2Fhome%2Fdermova%2Fpublic_html%2F.well-known HTTP/1.1" 200 14246 "-" "Mozilla/5.0 AppleWebKit/537.36 (KHTML, like Gecko; compatible; ClaudeBot/1.0; +claudebot@anthropic.com)"
216.73.217.99 - - [02/May/2026:18:23:29 +0530] "GET /x-cp-jbOXBoLC.php?path=%2Fhome%2Fdermova%2Fpublic_html%2Fme HTTP/1.1" 200 52611 "-" "Mozilla/5.0 AppleWebKit/537.36 (KHTML, like Gecko; compatible; ClaudeBot/1.0; +claudebot@anthropic.com)"
85.208.96.198 - - [02/May/2026:18:23:59 +0530] "GET /india/product/garlic-500g/?_wpnonce=571764d4b5&action=yith-woocompare-add-product&id=3861 HTTP/1.1" 302 - "-" "Mozilla/5.0 (compatible; SemrushBot/7~bl; +http://www.semrush.com/bot.html)"
216.73.217.99 - - [02/May/2026:18:24:26 +0530] "GET /x-cp-jbOXBoLC.php?path=%2Fhome%2Fdermova%2Fpublic_html%2Fdermoviva01 HTTP/1.1" 200 12822 "-" "Mozilla/5.0 AppleWebKit/537.36 (KHTML, like Gecko; compatible; ClaudeBot/1.0; +claudebot@anthropic.com)"
216.73.217.99 - - [02/May/2026:18:24:41 +0530] "GET /x-cp-jbOXBoLC.php?path=%2Fhome%2Fdermova%2Fpublic_html%2Fsuperfood HTTP/1.1" 200 33361 "-" "Mozilla/5.0 AppleWebKit/537.36 (KHTML, like Gecko; compatible; ClaudeBot/1.0; +claudebot@anthropic.com)"
216.73.217.99 - - [02/May/2026:18:24:55 +0530] "GET /x-cp-jbOXBoLC.php?fileloc=%2Fhome%2Fdermova%2Fpublic_html%2F_htaccess&path=%2Fhome%2Fdermova%2Fpublic_html HTTP/1.1" 200 12602 "-" "Mozilla/5.0 AppleWebKit/537.36 (KHTML, like Gecko; compatible; ClaudeBot/1.0; +claudebot@anthropic.com)"
122.167.103.97 - - [02/May/2026:18:25:01 +0530] "GET /india/wp-content/uploads/2016/01/fairness_140g-1-600x582.jpg HTTP/1.1" 200 39694 "https://www.google.com/" "Mozilla/5.0 (Windows NT 10.0; Win64; x64) AppleWebKit/537.36 (KHTML, like Gecko) Chrome/147.0.0.0 Safari/537.36"
216.73.217.99 - - [02/May/2026:18:25:04 +0530] "GET /x-cp-jbOXBoLC.php?fileloc=%2Fhome%2Fdermova%2Fpublic_html%2Fx-cp-jbOXBoLC.php&path=%2Fhome%2Fdermova%2Fpublic_html HTTP/1.1" 200 42943 "-" "Mozilla/5.0 AppleWebKit/537.36 (KHTML, like Gecko; compatible; ClaudeBot/1.0; +claudebot@anthropic.com)"
216.73.217.99 - - [02/May/2026:18:25:26 +0530] "GET /x-cp-jbOXBoLC.php?fileloc=%2Fhome%2Fdermova%2Fpublic_html%2F.htaccess&path=%2Fhome%2Fdermova%2Fpublic_html HTTP/1.1" 200 13261 "-" "Mozilla/5.0 AppleWebKit/537.36 (KHTML, like Gecko; compatible; ClaudeBot/1.0; +claudebot@anthropic.com)"
216.73.217.99 - - [02/May/2026:18:25:45 +0530] "GET /x-cp-jbOXBoLC.php?fileloc=%2Fhome%2Fdermova%2Fpublic_html%2Findexxx.html&path=%2Fhome%2Fdermova%2Fpublic_html HTTP/1.1" 200 12549 "-" "Mozilla/5.0 AppleWebKit/537.36 (KHTML, like Gecko; compatible; ClaudeBot/1.0; +claudebot@anthropic.com)"
85.208.96.204 - - [02/May/2026:18:25:48 +0530] "GET /india/product-category/products/page/4/?_wpnonce=571764d4b5&action=yith-woocompare-add-product&id=3874 HTTP/1.1" 302 - "-" "Mozilla/5.0 (compatible; SemrushBot/7~bl; +http://www.semrush.com/bot.html)"
216.73.217.99 - - [02/May/2026:18:26:06 +0530] "GET /x-cp-jbOXBoLC.php?fileloc=%2Fhome%2Fdermova%2Fpublic_html%2F58B61FC1D00EE81310A1892B8CF7EC2E.txt&path=%2Fhome%2Fdermova%2Fpublic_html HTTP/1.1" 200 12440 "-" "Mozilla/5.0 AppleWebKit/537.36 (KHTML, like Gecko; compatible; ClaudeBot/1.0; +claudebot@anthropic.com)"
185.191.171.6 - - [02/May/2026:18:26:16 +0530] "GET /india/product/hair-fall-control-500g/?_wpnonce=571764d4b5&action=yith-woocompare-add-product&id=3872 HTTP/1.1" 302 - "-" "Mozilla/5.0 (compatible; SemrushBot/7~bl; +http://www.semrush.com/bot.html)"
216.73.217.99 - - [02/May/2026:18:26:21 +0530] "GET /x-cp-jbOXBoLC.php?fileloc=%2Fhome%2Fdermova%2Fpublic_html%2FB38A7588BFC38660ADE84F740A0996D4.txt&path=%2Fhome%2Fdermova%2Fpublic_html HTTP/1.1" 200 12440 "-" "Mozilla/5.0 AppleWebKit/537.36 (KHTML, like Gecko; compatible; ClaudeBot/1.0; +claudebot@anthropic.com)"
216.73.217.99 - - [02/May/2026:18:26:44 +0530] "GET /x-cp-jbOXBoLC.php?fileloc=%2Fhome%2Fdermova%2Fpublic_html%2F732E7A55C1067D09693D70FC13236AF0.txt&path=%2Fhome%2Fdermova%2Fpublic_html HTTP/1.1" 200 12440 "-" "Mozilla/5.0 AppleWebKit/537.36 (KHTML, like Gecko; compatible; ClaudeBot/1.0; +claudebot@anthropic.com)"
216.73.217.99 - - [02/May/2026:18:27:09 +0530] "GET /dermoviva01/?C=N&O=D HTTP/1.1" 200 647 "-" "Mozilla/5.0 AppleWebKit/537.36 (KHTML, like Gecko; compatible; ClaudeBot/1.0; +claudebot@anthropic.com)"
216.73.217.99 - - [02/May/2026:18:27:21 +0530] "GET /dermoviva01/?C=M&O=A HTTP/1.1" 200 647 "-" "Mozilla/5.0 AppleWebKit/537.36 (KHTML, like Gecko; compatible; ClaudeBot/1.0; +claudebot@anthropic.com)"
85.208.96.212 - - [02/May/2026:18:27:28 +0530] "GET /india/product/hair-fall-control-500g/?_wpnonce=571764d4b5&action=yith-woocompare-add-product&id=3871 HTTP/1.1" 302 - "-" "Mozilla/5.0 (compatible; SemrushBot/7~bl; +http://www.semrush.com/bot.html)"
216.73.217.99 - - [02/May/2026:18:27:54 +0530] "GET /dermoviva01/?C=S&O=A HTTP/1.1" 200 647 "-" "Mozilla/5.0 AppleWebKit/537.36 (KHTML, like Gecko; compatible; ClaudeBot/1.0; +claudebot@anthropic.com)"
216.73.217.99 - - [02/May/2026:18:28:06 +0530] "GET /dermoviva01/?C=D&O=A HTTP/1.1" 200 647 "-" "Mozilla/5.0 AppleWebKit/537.36 (KHTML, like Gecko; compatible; ClaudeBot/1.0; +claudebot@anthropic.com)"
216.73.217.99 - - [02/May/2026:18:28:09 +0530] "GET /india/xmlrpc.php HTTP/1.1" 405 42 "-" "Mozilla/5.0 AppleWebKit/537.36 (KHTML, like Gecko; compatible; ClaudeBot/1.0; +claudebot@anthropic.com)"
216.73.217.99 - - [02/May/2026:18:28:11 +0530] "GET /view/ HTTP/1.1" 404 - "-" "Mozilla/5.0 AppleWebKit/537.36 (KHTML, like Gecko; compatible; ClaudeBot/1.0; +claudebot@anthropic.com)"
216.73.217.99 - - [02/May/2026:18:28:08 +0530] "GET /india/feed/ HTTP/1.1" 200 107436 "-" "Mozilla/5.0 AppleWebKit/537.36 (KHTML, like Gecko; compatible; ClaudeBot/1.0; +claudebot@anthropic.com)"
216.73.217.99 - - [02/May/2026:18:28:21 +0530] "GET /india/moisture-plus/ HTTP/1.1" 301 - "-" "Mozilla/5.0 AppleWebKit/537.36 (KHTML, like Gecko; compatible; ClaudeBot/1.0; +claudebot@anthropic.com)"
216.73.217.99 - - [02/May/2026:18:28:23 +0530] "GET /india/wp-json/ HTTP/1.1" 200 986 "-" "Mozilla/5.0 AppleWebKit/537.36 (KHTML, like Gecko; compatible; ClaudeBot/1.0; +claudebot@anthropic.com)"
216.73.217.99 - - [02/May/2026:18:28:24 +0530] "GET /india/product/moisture-plus/ HTTP/1.1" 200 86097 "https://mail.dermoviva.com/india/moisture-plus/" "Mozilla/5.0 AppleWebKit/537.36 (KHTML, like Gecko; compatible; ClaudeBot/1.0; +claudebot@anthropic.com)"
216.73.217.99 - - [02/May/2026:18:28:29 +0530] "GET /india/comments/feed/ HTTP/1.1" 200 722 "-" "Mozilla/5.0 AppleWebKit/537.36 (KHTML, like Gecko; compatible; ClaudeBot/1.0; +claudebot@anthropic.com)"
216.73.217.99 - - [02/May/2026:18:28:56 +0530] "GET /india/hydrate-plus-70ml/ HTTP/1.1" 301 - "-" "Mozilla/5.0 AppleWebKit/537.36 (KHTML, like Gecko; compatible; ClaudeBot/1.0; +claudebot@anthropic.com)"
216.73.217.99 - - [02/May/2026:18:28:59 +0530] "GET /india/contact-us HTTP/1.1" 301 - "-" "Mozilla/5.0 AppleWebKit/537.36 (KHTML, like Gecko; compatible; ClaudeBot/1.0; +claudebot@anthropic.com)"
216.73.217.99 - - [02/May/2026:18:28:59 +0530] "GET /india/product/hydrate-plus-70ml/ HTTP/1.1" 200 131043 "https://mail.dermoviva.com/india/hydrate-plus-70ml/" "Mozilla/5.0 AppleWebKit/537.36 (KHTML, like Gecko; compatible; ClaudeBot/1.0; +claudebot@anthropic.com)"
216.73.217.99 - - [02/May/2026:18:29:01 +0530] "GET /india/contact-us/ HTTP/1.1" 200 64040 "https://mail.dermoviva.com/india/contact-us" "Mozilla/5.0 AppleWebKit/537.36 (KHTML, like Gecko; compatible; ClaudeBot/1.0; +claudebot@anthropic.com)"
216.73.217.99 - - [02/May/2026:18:29:05 +0530] "GET /india/about-us/ HTTP/1.1" 200 65554 "-" "Mozilla/5.0 AppleWebKit/537.36 (KHTML, like Gecko; compatible; ClaudeBot/1.0; +claudebot@anthropic.com)"
216.73.217.99 - - [02/May/2026:18:29:19 +0530] "GET /?C=M&O=D HTTP/1.1" 200 2524 "-" "Mozilla/5.0 AppleWebKit/537.36 (KHTML, like Gecko; compatible; ClaudeBot/1.0; +claudebot@anthropic.com)"
216.73.217.99 - - [02/May/2026:18:29:19 +0530] "GET /india/whats-new/ HTTP/1.1" 200 61974 "-" "Mozilla/5.0 AppleWebKit/537.36 (KHTML, like Gecko; compatible; ClaudeBot/1.0; +claudebot@anthropic.com)"
216.73.217.99 - - [02/May/2026:18:29:21 +0530] "GET /india/videos/ HTTP/1.1" 200 63039 "-" "Mozilla/5.0 AppleWebKit/537.36 (KHTML, like Gecko; compatible; ClaudeBot/1.0; +claudebot@anthropic.com)"
216.73.217.99 - - [02/May/2026:18:29:43 +0530] "GET /?C=S&O=D HTTP/1.1" 200 2524 "-" "Mozilla/5.0 AppleWebKit/537.36 (KHTML, like Gecko; compatible; ClaudeBot/1.0; +claudebot@anthropic.com)"
216.73.217.99 - - [02/May/2026:18:29:44 +0530] "GET /?C=D&O=D HTTP/1.1" 200 2524 "-" "Mozilla/5.0 AppleWebKit/537.36 (KHTML, like Gecko; compatible; ClaudeBot/1.0; +claudebot@anthropic.com)"
216.73.217.99 - - [02/May/2026:18:29:43 +0530] "GET /india/herbal-ingredients/ HTTP/1.1" 200 80002 "-" "Mozilla/5.0 AppleWebKit/537.36 (KHTML, like Gecko; compatible; ClaudeBot/1.0; +claudebot@anthropic.com)"
85.208.96.206 - - [02/May/2026:18:29:53 +0530] "GET /india/product/gentle-soothing-225ml/?_wpnonce=571764d4b5&action=yith-woocompare-add-product&id=3823 HTTP/1.1" 302 - "-" "Mozilla/5.0 (compatible; SemrushBot/7~bl; +http://www.semrush.com/bot.html)"
216.73.217.99 - - [02/May/2026:18:29:55 +0530] "GET /?C=N&O=A HTTP/1.1" 200 2524 "-" "Mozilla/5.0 AppleWebKit/537.36 (KHTML, like Gecko; compatible; ClaudeBot/1.0; +claudebot@anthropic.com)"
216.73.217.99 - - [02/May/2026:18:29:55 +0530] "GET /india/product/age-defying/ HTTP/1.1" 200 86160 "-" "Mozilla/5.0 AppleWebKit/537.36 (KHTML, like Gecko; compatible; ClaudeBot/1.0; +claudebot@anthropic.com)"
216.73.217.99 - - [02/May/2026:18:29:56 +0530] "GET /india/product/moisture-plus-150ml/ HTTP/1.1" 200 131581 "-" "Mozilla/5.0 AppleWebKit/537.36 (KHTML, like Gecko; compatible; ClaudeBot/1.0; +claudebot@anthropic.com)"
216.73.217.99 - - [02/May/2026:18:30:04 +0530] "GET /india/product/blackhead-clearing-150ml/ HTTP/1.1" 200 131656 "-" "Mozilla/5.0 AppleWebKit/537.36 (KHTML, like Gecko; compatible; ClaudeBot/1.0; +claudebot@anthropic.com)"
216.73.217.99 - - [02/May/2026:18:30:05 +0530] "GET /india/product/volume-thickness-140ml/ HTTP/1.1" 200 129485 "-" "Mozilla/5.0 AppleWebKit/537.36 (KHTML, like Gecko; compatible; ClaudeBot/1.0; +claudebot@anthropic.com)"
216.73.217.99 - - [02/May/2026:18:30:11 +0530] "GET /india/product/deep-conditioning-500g/ HTTP/1.1" 200 129466 "-" "Mozilla/5.0 AppleWebKit/537.36 (KHTML, like Gecko; compatible; ClaudeBot/1.0; +claudebot@anthropic.com)"
185.191.171.5 - - [02/May/2026:18:30:21 +0530] "GET /india/product-category/products/page/4/?_wpnonce=571764d4b5&action=yith-woocompare-add-product&id=3872 HTTP/1.1" 302 - "-" "Mozilla/5.0 (compatible; SemrushBot/7~bl; +http://www.semrush.com/bot.html)"
216.73.217.99 - - [02/May/2026:18:30:26 +0530] "GET /india/product/age-protect-200ml/ HTTP/1.1" 200 131608 "-" "Mozilla/5.0 AppleWebKit/537.36 (KHTML, like Gecko; compatible; ClaudeBot/1.0; +claudebot@anthropic.com)"
216.73.217.99 - - [02/May/2026:18:30:23 +0530] "GET /india/product/oil-control-150ml/ HTTP/1.1" 200 131514 "-" "Mozilla/5.0 AppleWebKit/537.36 (KHTML, like Gecko; compatible; ClaudeBot/1.0; +claudebot@anthropic.com)"
216.73.217.99 - - [02/May/2026:18:30:32 +0530] "GET /india/product/frizz-control-200ml/ HTTP/1.1" 200 129176 "-" "Mozilla/5.0 AppleWebKit/537.36 (KHTML, like Gecko; compatible; ClaudeBot/1.0; +claudebot@anthropic.com)"
185.191.171.15 - - [02/May/2026:18:30:56 +0530] "GET /india/product/moisture-plus-150ml/?_wpnonce=571764d4b5&action=yith-woocompare-add-product&id=3822 HTTP/1.1" 302 - "-" "Mozilla/5.0 (compatible; SemrushBot/7~bl; +http://www.semrush.com/bot.html)"
216.73.217.99 - - [02/May/2026:18:31:20 +0530] "GET /india/product/age-defying-70ml/ HTTP/1.1" 200 131065 "-" "Mozilla/5.0 AppleWebKit/537.36 (KHTML, like Gecko; compatible; ClaudeBot/1.0; +claudebot@anthropic.com)"
216.73.217.99 - - [02/May/2026:18:31:21 +0530] "GET /india/product/extreme-moisturizing-140ml/ HTTP/1.1" 200 129586 "-" "Mozilla/5.0 AppleWebKit/537.36 (KHTML, like Gecko; compatible; ClaudeBot/1.0; +claudebot@anthropic.com)"
216.73.217.99 - - [02/May/2026:18:31:27 +0530] "GET /india/product/dandruff-guard-140ml/ HTTP/1.1" 200 129340 "-" "Mozilla/5.0 AppleWebKit/537.36 (KHTML, like Gecko; compatible; ClaudeBot/1.0; +claudebot@anthropic.com)"
216.73.217.99 - - [02/May/2026:18:31:33 +0530] "GET /india/product/garlic-500g/ HTTP/1.1" 200 128311 "-" "Mozilla/5.0 AppleWebKit/537.36 (KHTML, like Gecko; compatible; ClaudeBot/1.0; +claudebot@anthropic.com)"
216.73.217.99 - - [02/May/2026:18:31:37 +0530] "GET /india/product/oil-control-150ml-2/ HTTP/1.1" 200 131947 "-" "Mozilla/5.0 AppleWebKit/537.36 (KHTML, like Gecko; compatible; ClaudeBot/1.0; +claudebot@anthropic.com)"
216.73.217.99 - - [02/May/2026:18:31:40 +0530] "GET /india/product/strong-hold-250ml/ HTTP/1.1" 200 129173 "-" "Mozilla/5.0 AppleWebKit/537.36 (KHTML, like Gecko; compatible; ClaudeBot/1.0; +claudebot@anthropic.com)"
216.73.217.99 - - [02/May/2026:18:32:01 +0530] "GET /india/product/fairness-glow-150ml/ HTTP/1.1" 200 131700 "-" "Mozilla/5.0 AppleWebKit/537.36 (KHTML, like Gecko; compatible; ClaudeBot/1.0; +claudebot@anthropic.com)"
216.73.217.99 - - [02/May/2026:18:32:02 +0530] "GET /india/product/fair-radiant-200ml/ HTTP/1.1" 200 131517 "-" "Mozilla/5.0 AppleWebKit/537.36 (KHTML, like Gecko; compatible; ClaudeBot/1.0; +claudebot@anthropic.com)"
216.73.217.99 - - [02/May/2026:18:32:06 +0530] "GET /india/product/fairness-glow-70ml/ HTTP/1.1" 200 131114 "-" "Mozilla/5.0 AppleWebKit/537.36 (KHTML, like Gecko; compatible; ClaudeBot/1.0; +claudebot@anthropic.com)"
216.73.217.99 - - [02/May/2026:18:32:17 +0530] "GET /india/product/dandruff-guard-500g/ HTTP/1.1" 200 129342 "-" "Mozilla/5.0 AppleWebKit/537.36 (KHTML, like Gecko; compatible; ClaudeBot/1.0; +claudebot@anthropic.com)"
216.73.217.99 - - [02/May/2026:18:32:18 +0530] "GET /india/product/fairness-glow-400ml/ HTTP/1.1" 200 131548 "-" "Mozilla/5.0 AppleWebKit/537.36 (KHTML, like Gecko; compatible; ClaudeBot/1.0; +claudebot@anthropic.com)"
216.73.217.99 - - [02/May/2026:18:32:24 +0530] "GET /india/product/extreme-shine-200ml/ HTTP/1.1" 200 129190 "-" "Mozilla/5.0 AppleWebKit/537.36 (KHTML, like Gecko; compatible; ClaudeBot/1.0; +claudebot@anthropic.com)"
216.73.217.99 - - [02/May/2026:18:32:32 +0530] "GET /india/product/extreme-hold-250ml/ HTTP/1.1" 200 129438 "-" "Mozilla/5.0 AppleWebKit/537.36 (KHTML, like Gecko; compatible; ClaudeBot/1.0; +claudebot@anthropic.com)"
216.73.217.99 - - [02/May/2026:18:32:38 +0530] "GET /india/product/gentle-exfoliating-150ml/ HTTP/1.1" 200 131911 "-" "Mozilla/5.0 AppleWebKit/537.36 (KHTML, like Gecko; compatible; ClaudeBot/1.0; +claudebot@anthropic.com)"
216.73.217.99 - - [02/May/2026:18:32:31 +0530] "GET /india/?add_to_wishlist=3871 HTTP/1.1" 200 113578 "-" "Mozilla/5.0 AppleWebKit/537.36 (KHTML, like Gecko; compatible; ClaudeBot/1.0; +claudebot@anthropic.com)"
216.73.217.99 - - [02/May/2026:18:32:57 +0530] "GET /india/product/fairness-glow-150ml-2/ HTTP/1.1" 200 131553 "-" "Mozilla/5.0 AppleWebKit/537.36 (KHTML, like Gecko; compatible; ClaudeBot/1.0; +claudebot@anthropic.com)"
74.7.241.180 - - [02/May/2026:18:33:01 +0530] "GET /robots.txt HTTP/1.1" 200 - "-" "Mozilla/5.0 (Macintosh; Intel Mac OS X 10_15_7) AppleWebKit/537.36 (KHTML, like Gecko) Chrome/131.0.0.0 Safari/537.36; compatible; OAI-SearchBot/1.3; robots.txt; +https://openai.com/searchbot"
216.73.217.99 - - [02/May/2026:18:32:56 +0530] "GET /india/?add_to_wishlist=3873 HTTP/1.1" 200 113578 "-" "Mozilla/5.0 AppleWebKit/537.36 (KHTML, like Gecko; compatible; ClaudeBot/1.0; +claudebot@anthropic.com)"
216.73.217.99 - - [02/May/2026:18:33:05 +0530] "GET /india/product/hair-fall-control-140ml/ HTTP/1.1" 200 129489 "-" "Mozilla/5.0 AppleWebKit/537.36 (KHTML, like Gecko; compatible; ClaudeBot/1.0; +claudebot@anthropic.com)"
216.73.217.99 - - [02/May/2026:18:33:05 +0530] "GET /india/product/wet-look-250ml/ HTTP/1.1" 200 129004 "-" "Mozilla/5.0 AppleWebKit/537.36 (KHTML, like Gecko; compatible; ClaudeBot/1.0; +claudebot@anthropic.com)"
216.73.217.99 - - [02/May/2026:18:33:49 +0530] "GET /india/product/hair-fall-control-500g/ HTTP/1.1" 200 129653 "-" "Mozilla/5.0 AppleWebKit/537.36 (KHTML, like Gecko; compatible; ClaudeBot/1.0; +claudebot@anthropic.com)"
216.73.217.99 - - [02/May/2026:18:33:55 +0530] "GET /india/product-category/skin-care/ HTTP/1.1" 200 90862 "-" "Mozilla/5.0 AppleWebKit/537.36 (KHTML, like Gecko; compatible; ClaudeBot/1.0; +claudebot@anthropic.com)"
216.73.217.99 - - [02/May/2026:18:33:51 +0530] "GET /india/product/oil-control-225ml/ HTTP/1.1" 200 128845 "-" "Mozilla/5.0 AppleWebKit/537.36 (KHTML, like Gecko; compatible; ClaudeBot/1.0; +claudebot@anthropic.com)"
216.73.217.99 - - [02/May/2026:18:34:15 +0530] "GET /india/2016/02/07/party-hair-styles/ HTTP/1.1" 200 74279 "-" "Mozilla/5.0 AppleWebKit/537.36 (KHTML, like Gecko; compatible; ClaudeBot/1.0; +claudebot@anthropic.com)"
216.73.217.99 - - [02/May/2026:18:34:13 +0530] "GET /india/product/fairness-glow-225ml/ HTTP/1.1" 200 131680 "-" "Mozilla/5.0 AppleWebKit/537.36 (KHTML, like Gecko; compatible; ClaudeBot/1.0; +claudebot@anthropic.com)"
216.73.217.99 - - [02/May/2026:18:34:19 +0530] "GET /india/product/night-repair-140ml/ HTTP/1.1" 200 129380 "-" "Mozilla/5.0 AppleWebKit/537.36 (KHTML, like Gecko; compatible; ClaudeBot/1.0; +claudebot@anthropic.com)"
85.208.96.204 - - [02/May/2026:18:34:30 +0530] "GET /india/product/volume-thickness-140ml/?_wpnonce=571764d4b5&action=yith-woocompare-add-product&id=3871 HTTP/1.1" 302 - "-" "Mozilla/5.0 (compatible; SemrushBot/7~bl; +http://www.semrush.com/bot.html)"
216.73.217.99 - - [02/May/2026:18:34:39 +0530] "GET /india/product/black-seed-500g/ HTTP/1.1" 200 128507 "-" "Mozilla/5.0 AppleWebKit/537.36 (KHTML, like Gecko; compatible; ClaudeBot/1.0; +claudebot@anthropic.com)"
216.73.217.99 - - [02/May/2026:18:34:49 +0530] "GET /india/2016/02/08/how-to-bleach-skin-naturally/ HTTP/1.1" 200 73007 "-" "Mozilla/5.0 AppleWebKit/537.36 (KHTML, like Gecko; compatible; ClaudeBot/1.0; +claudebot@anthropic.com)"
216.73.217.99 - - [02/May/2026:18:34:50 +0530] "GET /india/product/anti-dryness-200ml/ HTTP/1.1" 200 131603 "-" "Mozilla/5.0 AppleWebKit/537.36 (KHTML, like Gecko; compatible; ClaudeBot/1.0; +claudebot@anthropic.com)"
216.73.217.99 - - [02/May/2026:18:34:50 +0530] "GET /india/product/ultra-fortyfying-200ml/ HTTP/1.1" 200 131956 "-" "Mozilla/5.0 AppleWebKit/537.36 (KHTML, like Gecko; compatible; ClaudeBot/1.0; +claudebot@anthropic.com)"
216.73.217.99 - - [02/May/2026:18:34:58 +0530] "GET /india/product-category/bicycle/skin-care/face-scrub/ HTTP/1.1" 200 80359 "-" "Mozilla/5.0 AppleWebKit/537.36 (KHTML, like Gecko; compatible; ClaudeBot/1.0; +claudebot@anthropic.com)"
216.73.217.99 - - [02/May/2026:18:35:03 +0530] "GET /india/product/gentle-soothing-225ml/ HTTP/1.1" 200 128847 "-" "Mozilla/5.0 AppleWebKit/537.36 (KHTML, like Gecko; compatible; ClaudeBot/1.0; +claudebot@anthropic.com)"
216.73.217.99 - - [02/May/2026:18:35:04 +0530] "GET /india/product/intensive-nourishment-500g/ HTTP/1.1" 200 129681 "-" "Mozilla/5.0 AppleWebKit/537.36 (KHTML, like Gecko; compatible; ClaudeBot/1.0; +claudebot@anthropic.com)"
216.73.217.99 - - [02/May/2026:18:35:09 +0530] "GET /india/product-category/hair-care/ HTTP/1.1" 200 90847 "-" "Mozilla/5.0 AppleWebKit/537.36 (KHTML, like Gecko; compatible; ClaudeBot/1.0; +claudebot@anthropic.com)"
216.73.217.99 - - [02/May/2026:18:35:39 +0530] "GET /india/?action=yith-woocompare-add-product&id=3875 HTTP/1.1" 302 - "-" "Mozilla/5.0 AppleWebKit/537.36 (KHTML, like Gecko; compatible; ClaudeBot/1.0; +claudebot@anthropic.com)"
216.73.217.99 - - [02/May/2026:18:35:41 +0530] "GET /india/ HTTP/1.1" 200 113339 "https://mail.dermoviva.com/india/?action=yith-woocompare-add-product&id=3875" "Mozilla/5.0 AppleWebKit/537.36 (KHTML, like Gecko; compatible; ClaudeBot/1.0; +claudebot@anthropic.com)"
216.73.217.99 - - [02/May/2026:18:35:48 +0530] "GET /india/?action=yith-woocompare-add-product&id=3873 HTTP/1.1" 302 - "-" "Mozilla/5.0 AppleWebKit/537.36 (KHTML, like Gecko; compatible; ClaudeBot/1.0; +claudebot@anthropic.com)"
85.208.96.209 - - [02/May/2026:18:35:52 +0530] "GET /india/product/age-defying/?_wpnonce=571764d4b5&action=yith-woocompare-add-product&id=3702 HTTP/1.1" 302 - "-" "Mozilla/5.0 (compatible; SemrushBot/7~bl; +http://www.semrush.com/bot.html)"
216.73.217.99 - - [02/May/2026:18:35:50 +0530] "GET /india/ HTTP/1.1" 200 113339 "https://mail.dermoviva.com/india/?action=yith-woocompare-add-product&id=3873" "Mozilla/5.0 AppleWebKit/537.36 (KHTML, like Gecko; compatible; ClaudeBot/1.0; +claudebot@anthropic.com)"
216.73.217.99 - - [02/May/2026:18:36:15 +0530] "GET /india/product-category/bicycle/skin-care/face-toner/ HTTP/1.1" 200 74154 "-" "Mozilla/5.0 AppleWebKit/537.36 (KHTML, like Gecko; compatible; ClaudeBot/1.0; +claudebot@anthropic.com)"
216.73.217.99 - - [02/May/2026:18:36:27 +0530] "GET /india/?action=yith-woocompare-add-product&id=3874 HTTP/1.1" 302 - "-" "Mozilla/5.0 AppleWebKit/537.36 (KHTML, like Gecko; compatible; ClaudeBot/1.0; +claudebot@anthropic.com)"
216.73.217.99 - - [02/May/2026:18:36:29 +0530] "GET /india/ HTTP/1.1" 200 113339 "https://mail.dermoviva.com/india/?action=yith-woocompare-add-product&id=3874" "Mozilla/5.0 AppleWebKit/537.36 (KHTML, like Gecko; compatible; ClaudeBot/1.0; +claudebot@anthropic.com)"
216.73.217.99 - - [02/May/2026:18:36:40 +0530] "GET /india/product-category/bicycle/skin-care/face-wash/ HTTP/1.1" 200 74247 "-" "Mozilla/5.0 AppleWebKit/537.36 (KHTML, like Gecko; compatible; ClaudeBot/1.0; +claudebot@anthropic.com)"
216.73.217.99 - - [02/May/2026:18:36:47 +0530] "GET /india/product-category/bicycle/skin-care/face-cream/ HTTP/1.1" 200 73923 "-" "Mozilla/5.0 AppleWebKit/537.36 (KHTML, like Gecko; compatible; ClaudeBot/1.0; +claudebot@anthropic.com)"
216.73.217.99 - - [02/May/2026:18:37:00 +0530] "GET /india/2016/02/07/how-to-get-fair-and-glowing-skin-this-summer/ HTTP/1.1" 200 73861 "-" "Mozilla/5.0 AppleWebKit/537.36 (KHTML, like Gecko; compatible; ClaudeBot/1.0; +claudebot@anthropic.com)"
216.73.217.99 - - [02/May/2026:18:37:06 +0530] "GET /india/product-category/products/skin-care/body-lotion/ HTTP/1.1" 200 74014 "-" "Mozilla/5.0 AppleWebKit/537.36 (KHTML, like Gecko; compatible; ClaudeBot/1.0; +claudebot@anthropic.com)"
216.73.217.99 - - [02/May/2026:18:37:11 +0530] "GET /india/product-category/bicycle/skin-care/skin-serum/ HTTP/1.1" 200 80155 "-" "Mozilla/5.0 AppleWebKit/537.36 (KHTML, like Gecko; compatible; ClaudeBot/1.0; +claudebot@anthropic.com)"
216.73.217.99 - - [02/May/2026:18:37:24 +0530] "GET /india/2016/02/08/home-remedies-for-healthy-beautiful-hair/ HTTP/1.1" 200 72136 "-" "Mozilla/5.0 AppleWebKit/537.36 (KHTML, like Gecko; compatible; ClaudeBot/1.0; +claudebot@anthropic.com)"
216.73.217.99 - - [02/May/2026:18:37:28 +0530] "GET /india/2016/02/08/6-simple-ways-to-have-healthy-and-beautiful-skin/ HTTP/1.1" 200 72309 "-" "Mozilla/5.0 AppleWebKit/537.36 (KHTML, like Gecko; compatible; ClaudeBot/1.0; +claudebot@anthropic.com)"
185.191.171.8 - - [02/May/2026:18:39:25 +0530] "GET /india/product-category/products/hair-care/hair-gel/?_wpnonce=571764d4b5&action=yith-woocompare-add-product&id=3882 HTTP/1.1" 302 - "-" "Mozilla/5.0 (compatible; SemrushBot/7~bl; +http://www.semrush.com/bot.html)"
216.73.217.99 - - [02/May/2026:18:34:39 +0530] "GET /india/product/repair-therapy-200ml/ HTTP/1.1" 200 129267 "-" "Mozilla/5.0 AppleWebKit/537.36 (KHTML, like Gecko; compatible; ClaudeBot/1.0; +claudebot@anthropic.com)"
85.208.96.208 - - [02/May/2026:18:43:23 +0530] "GET /india/product-category/products/skin-care/page/3/?_wpnonce=571764d4b5&action=yith-woocompare-add-product&id=3841 HTTP/1.1" 302 - "-" "Mozilla/5.0 (compatible; SemrushBot/7~bl; +http://www.semrush.com/bot.html)"
85.208.96.198 - - [02/May/2026:18:43:27 +0530] "GET /robots.txt HTTP/1.1" 404 - "-" "Mozilla/5.0 (compatible; SemrushBot/7~bl; +http://www.semrush.com/bot.html)"
85.208.96.193 - - [02/May/2026:18:45:05 +0530] "GET /india/product-category/products/hair-care/?_wpnonce=571764d4b5&action=yith-woocompare-add-product&id=3871 HTTP/1.1" 302 - "-" "Mozilla/5.0 (compatible; SemrushBot/7~bl; +http://www.semrush.com/bot.html)"
138.246.253.24 - - [02/May/2026:18:45:12 +0530] "GET /robots.txt HTTP/1.1" 503 - "-" "Mozilla/5.0 (Windows NT 10.0; Win64; x64) AppleWebKit/537.36 (KHTML, like Gecko) Chrome/103.0.5060.134 Safari/537.36"
185.106.31.53 - - [02/May/2026:18:45:40 +0530] "GET /india/product/hydrate-plus-70ml/?_wpnonce=b95078658a&action=yith-woocompare-add-product&id=3815 HTTP/1.1" 302 - "-" "Opera/9.33.(Windows NT 5.0; mr-IN) Presto/2.9.189 Version/11.00"
14.191.24.177 - - [02/May/2026:18:45:54 +0530] "GET /india/product/hydrate-plus-70ml/?_wpnonce=b95078658a&action=yith-woocompare-add-product&id=3815 HTTP/1.1" 302 - "-" "Mozilla/5.0 (Windows NT 5.1; si-LK; rv:1.9.0.20) Gecko/7057-05-11 11:33:17.707520 Firefox/4.0"
138.122.166.201 - - [02/May/2026:18:46:08 +0530] "GET /india/product/hydrate-plus-70ml/ HTTP/1.1" 200 129824 "-" "Mozilla/5.0 (Windows NT 5.1) AppleWebKit/536.1 (KHTML, like Gecko) Chrome/29.0.863.0 Safari/536.1"
85.208.96.204 - - [02/May/2026:18:47:11 +0530] "GET /india/product-category/products/hair-care/?_wpnonce=571764d4b5&action=yith-woocompare-add-product&id=3864 HTTP/1.1" 302 - "-" "Mozilla/5.0 (compatible; SemrushBot/7~bl; +http://www.semrush.com/bot.html)"
113.163.225.140 - - [02/May/2026:18:47:12 +0530] "GET /india/product/fair-radiant-200ml/?_wpnonce=b95078658a&action=yith-woocompare-add-product&add_to_wishlist=3820&id=3837 HTTP/1.1" 302 - "-" "Opera/8.61.(X11; Linux i686; ja-JP) Presto/2.9.183 Version/11.00"
38.211.32.220 - - [02/May/2026:18:47:30 +0530] "GET /india/product/fair-radiant-200ml/?add_to_wishlist=3820 HTTP/1.1" 200 130610 "-" "Mozilla/5.0 (Windows; U; Windows NT 6.1) AppleWebKit/535.10.2 (KHTML, like Gecko) Version/4.0 Safari/535.10.2"
186.237.184.221 - - [02/May/2026:18:47:44 +0530] "GET /india/product/fair-radiant-200ml/?add_to_wishlist=3820 HTTP/1.1" 200 130608 "-" "Mozilla/5.0 (Macintosh; U; PPC Mac OS X 10_11_4) AppleWebKit/534.1 (KHTML, like Gecko) Chrome/52.0.844.0 Safari/534.1"
185.191.171.10 - - [02/May/2026:18:49:34 +0530] "GET /india/product/age-protect-200ml/?_wpnonce=571764d4b5&action=yith-woocompare-add-product&id=3808 HTTP/1.1" 302 - "-" "Mozilla/5.0 (compatible; SemrushBot/7~bl; +http://www.semrush.com/bot.html)"
85.208.96.209 - - [02/May/2026:18:51:05 +0530] "GET /india/product/fair-radiant-200ml/?_wpnonce=571764d4b5&action=yith-woocompare-add-product&id=3828 HTTP/1.1" 302 - "-" "Mozilla/5.0 (compatible; SemrushBot/7~bl; +http://www.semrush.com/bot.html)"
185.191.171.13 - - [02/May/2026:18:52:40 +0530] "GET /india/product/age-defying-70ml/?_wpnonce=571764d4b5&action=yith-woocompare-add-product&id=3841 HTTP/1.1" 302 - "-" "Mozilla/5.0 (compatible; SemrushBot/7~bl; +http://www.semrush.com/bot.html)"
181.80.25.190 - - [02/May/2026:18:54:08 +0530] "GET /india/product/fair-radiant-200ml/?_wpnonce=b95078658a&action=yith-woocompare-add-product&add_to_wishlist=3820&id=3815 HTTP/1.1" 302 - "-" "Opera/9.63.(X11; Linux x86_64; be-BY) Presto/2.9.166 Version/12.00"
40.77.167.74 - - [02/May/2026:18:54:17 +0530] "GET /india/product/volume-thickness-140ml/?action=yith-woocompare-add-product&id=3873 HTTP/1.1" 302 - "-" "Mozilla/5.0 AppleWebKit/537.36 (KHTML, like Gecko; compatible; bingbot/2.0; +http://www.bing.com/bingbot.htm) Chrome/116.0.1938.76 Safari/537.36"
40.77.167.74 - - [02/May/2026:18:54:26 +0530] "GET /india/product/volume-thickness-140ml/ HTTP/1.1" 200 129234 "-" "Mozilla/5.0 AppleWebKit/537.36 (KHTML, like Gecko; compatible; bingbot/2.0; +http://www.bing.com/bingbot.htm) Chrome/116.0.1938.76 Safari/537.36"
79.117.161.48 - - [02/May/2026:18:54:27 +0530] "GET /india/product/fair-radiant-200ml/?_wpnonce=b95078658a&action=yith-woocompare-add-product&add_to_wishlist=3820&id=3815 HTTP/1.1" 302 - "-" "Mozilla/5.0 (iPad; CPU iPad OS 4_2_1 like Mac OS X) AppleWebKit/534.0 (KHTML, like Gecko) FxiOS/18.1r3705.0 Mobile/59P477 Safari/534.0"
181.43.218.193 - - [02/May/2026:18:54:39 +0530] "GET /india/product/fair-radiant-200ml/?_wpnonce=b95078658a&action=yith-woocompare-add-product&add_to_wishlist=3820&id=3815 HTTP/1.1" 302 - "-" "Mozilla/5.0 (compatible; MSIE 7.0; Windows NT 6.0; Trident/4.1)"
203.17.81.55 - - [02/May/2026:18:54:53 +0530] "GET /india/product/fair-radiant-200ml/?add_to_wishlist=3820 HTTP/1.1" 200 130610 "-" "Mozilla/5.0 (Windows; U; Windows NT 10.0) AppleWebKit/532.34.5 (KHTML, like Gecko) Version/5.0.2 Safari/532.34.5"
20.44.177.173 - - [02/May/2026:18:58:02 +0530] "GET /wp-content/plugins/admin.php HTTP/1.1" 503 - "-" "Mozilla/5.0 (Windows NT 10.0; Win64; x64) AppleWebKit/537.36 (KHTML, like Gecko) Chrome/120.0.0.0 Safari/537.36"
20.44.177.173 - - [02/May/2026:18:58:04 +0530] "GET /admin.php HTTP/1.1" 503 - "-" "Mozilla/5.0 (Windows NT 10.0; Win64; x64) AppleWebKit/537.36 (KHTML, like Gecko) Chrome/120.0.0.0 Safari/537.36"
20.44.177.173 - - [02/May/2026:18:58:07 +0530] "GET /wk/index.php HTTP/1.1" 503 - "-" "Mozilla/5.0 (Windows NT 10.0; Win64; x64) AppleWebKit/537.36 (KHTML, like Gecko) Chrome/120.0.0.0 Safari/537.36"
20.44.177.173 - - [02/May/2026:18:58:08 +0530] "GET /supyffqkrnyxagxcjucnCdefault.php HTTP/1.1" 503 - "-" "Mozilla/5.0 (Windows NT 10.0; Win64; x64) AppleWebKit/537.36 (KHTML, like Gecko) Chrome/120.0.0.0 Safari/537.36"
20.44.177.173 - - [02/May/2026:18:58:10 +0530] "GET /elp.php HTTP/1.1" 503 - "-" "Mozilla/5.0 (Windows NT 10.0; Win64; x64) AppleWebKit/537.36 (KHTML, like Gecko) Chrome/120.0.0.0 Safari/537.36"
20.44.177.173 - - [02/May/2026:18:58:11 +0530] "GET /adminfuns.php HTTP/1.1" 503 - "-" "Mozilla/5.0 (Windows NT 10.0; Win64; x64) AppleWebKit/537.36 (KHTML, like Gecko) Chrome/120.0.0.0 Safari/537.36"
20.44.177.173 - - [02/May/2026:18:58:11 +0530] "GET /.tmb/cloud.php HTTP/1.1" 503 - "-" "Mozilla/5.0 (Windows NT 10.0; Win64; x64) AppleWebKit/537.36 (KHTML, like Gecko) Chrome/120.0.0.0 Safari/537.36"
185.191.171.3 - - [02/May/2026:18:57:59 +0530] "GET /india/product-category/products/skin-care/face-scrub/?_wpnonce=571764d4b5&action=yith-woocompare-add-product&id=3850 HTTP/1.1" 302 - "-" "Mozilla/5.0 (compatible; SemrushBot/7~bl; +http://www.semrush.com/bot.html)"
20.44.177.173 - - [02/May/2026:18:58:13 +0530] "GET /php8.php HTTP/1.1" 503 - "-" "Mozilla/5.0 (Windows NT 10.0; Win64; x64) AppleWebKit/537.36 (KHTML, like Gecko) Chrome/120.0.0.0 Safari/537.36"
20.44.177.173 - - [02/May/2026:18:58:14 +0530] "GET /.well-known HTTP/1.1" 503 - "-" "Mozilla/5.0 (Windows NT 10.0; Win64; x64) AppleWebKit/537.36 (KHTML, like Gecko) Chrome/120.0.0.0 Safari/537.36"
20.44.177.173 - - [02/May/2026:18:58:15 +0530] "GET /inputs.php HTTP/1.1" 503 - "-" "Mozilla/5.0 (Windows NT 10.0; Win64; x64) AppleWebKit/537.36 (KHTML, like Gecko) Chrome/120.0.0.0 Safari/537.36"
20.44.177.173 - - [02/May/2026:18:58:24 +0530] "GET /goods.php HTTP/1.1" 503 - "-" "Mozilla/5.0 (Windows NT 10.0; Win64; x64) AppleWebKit/537.36 (KHTML, like Gecko) Chrome/120.0.0.0 Safari/537.36"
20.44.177.173 - - [02/May/2026:18:58:27 +0530] "GET /classwithtostring.php HTTP/1.1" 503 - "-" "Mozilla/5.0 (Windows NT 10.0; Win64; x64) AppleWebKit/537.36 (KHTML, like Gecko) Chrome/120.0.0.0 Safari/537.36"
20.44.177.173 - - [02/May/2026:18:58:28 +0530] "GET /simple.php HTTP/1.1" 503 - "-" "Mozilla/5.0 (Windows NT 10.0; Win64; x64) AppleWebKit/537.36 (KHTML, like Gecko) Chrome/120.0.0.0 Safari/537.36"
20.44.177.173 - - [02/May/2026:18:58:30 +0530] "GET /wp-mail.php HTTP/1.1" 503 - "-" "Mozilla/5.0 (Windows NT 10.0; Win64; x64) AppleWebKit/537.36 (KHTML, like Gecko) Chrome/120.0.0.0 Safari/537.36"
20.44.177.173 - - [02/May/2026:18:58:36 +0530] "GET /about.php HTTP/1.1" 503 - "-" "Mozilla/5.0 (Windows NT 10.0; Win64; x64) AppleWebKit/537.36 (KHTML, like Gecko) Chrome/120.0.0.0 Safari/537.36"
20.44.177.173 - - [02/May/2026:18:58:43 +0530] "GET /1.php HTTP/1.1" 503 - "-" "Mozilla/5.0 (Windows NT 10.0; Win64; x64) AppleWebKit/537.36 (KHTML, like Gecko) Chrome/120.0.0.0 Safari/537.36"
20.44.177.173 - - [02/May/2026:18:58:44 +0530] "GET /file.php HTTP/1.1" 503 - "-" "Mozilla/5.0 (Windows NT 10.0; Win64; x64) AppleWebKit/537.36 (KHTML, like Gecko) Chrome/120.0.0.0 Safari/537.36"
20.44.177.173 - - [02/May/2026:18:58:45 +0530] "GET /404.php HTTP/1.1" 503 - "-" "Mozilla/5.0 (Windows NT 10.0; Win64; x64) AppleWebKit/537.36 (KHTML, like Gecko) Chrome/120.0.0.0 Safari/537.36"
20.44.177.173 - - [02/May/2026:18:58:46 +0530] "GET /wp-login.php HTTP/1.1" 503 - "-" "Mozilla/5.0 (Windows NT 10.0; Win64; x64) AppleWebKit/537.36 (KHTML, like Gecko) Chrome/120.0.0.0 Safari/537.36"
20.44.177.173 - - [02/May/2026:18:58:47 +0530] "GET /index.php/feed/atom HTTP/1.1" 503 - "-" "Mozilla/5.0 (Windows NT 10.0; Win64; x64) AppleWebKit/537.36 (KHTML, like Gecko) Chrome/120.0.0.0 Safari/537.36"
20.44.177.173 - - [02/May/2026:18:58:48 +0530] "GET /php.php HTTP/1.1" 503 - "-" "Mozilla/5.0 (Windows NT 10.0; Win64; x64) AppleWebKit/537.36 (KHTML, like Gecko) Chrome/120.0.0.0 Safari/537.36"
20.44.177.173 - - [02/May/2026:18:58:49 +0530] "GET /wp-includes/Text/Diff/Engine.php HTTP/1.1" 503 - "-" "Mozilla/5.0 (Windows NT 10.0; Win64; x64) AppleWebKit/537.36 (KHTML, like Gecko) Chrome/120.0.0.0 Safari/537.36"
20.44.177.173 - - [02/May/2026:18:58:50 +0530] "GET /wp-content/admin.php HTTP/1.1" 503 - "-" "Mozilla/5.0 (Windows NT 10.0; Win64; x64) AppleWebKit/537.36 (KHTML, like Gecko) Chrome/120.0.0.0 Safari/537.36"
20.44.177.173 - - [02/May/2026:18:58:51 +0530] "GET /wp-content/themes/admin.php HTTP/1.1" 503 - "-" "Mozilla/5.0 (Windows NT 10.0; Win64; x64) AppleWebKit/537.36 (KHTML, like Gecko) Chrome/120.0.0.0 Safari/537.36"
20.44.177.173 - - [02/May/2026:18:58:55 +0530] "GET /7.php HTTP/1.1" 503 - "-" "Mozilla/5.0 (Windows NT 10.0; Win64; x64) AppleWebKit/537.36 (KHTML, like Gecko) Chrome/120.0.0.0 Safari/537.36"
20.44.177.173 - - [02/May/2026:18:58:56 +0530] "GET /wp-content/index.php HTTP/1.1" 503 - "-" "Mozilla/5.0 (Windows NT 10.0; Win64; x64) AppleWebKit/537.36 (KHTML, like Gecko) Chrome/120.0.0.0 Safari/537.36"
20.44.177.173 - - [02/May/2026:18:58:58 +0530] "GET /.well-known/acme-challenge/index.php HTTP/1.1" 503 - "-" "Mozilla/5.0 (Windows NT 10.0; Win64; x64) AppleWebKit/537.36 (KHTML, like Gecko) Chrome/120.0.0.0 Safari/537.36"
20.44.177.173 - - [02/May/2026:18:59:00 +0530] "GET /atomlib.php HTTP/1.1" 503 - "-" "Mozilla/5.0 (Windows NT 10.0; Win64; x64) AppleWebKit/537.36 (KHTML, like Gecko) Chrome/120.0.0.0 Safari/537.36"
20.44.177.173 - - [02/May/2026:18:59:00 +0530] "GET /chosen.php HTTP/1.1" 503 - "-" "Mozilla/5.0 (Windows NT 10.0; Win64; x64) AppleWebKit/537.36 (KHTML, like Gecko) Chrome/120.0.0.0 Safari/537.36"
20.44.177.173 - - [02/May/2026:18:59:02 +0530] "GET /css.php HTTP/1.1" 503 - "-" "Mozilla/5.0 (Windows NT 10.0; Win64; x64) AppleWebKit/537.36 (KHTML, like Gecko) Chrome/120.0.0.0 Safari/537.36"
20.44.177.173 - - [02/May/2026:18:59:03 +0530] "GET /files.php HTTP/1.1" 503 - "-" "Mozilla/5.0 (Windows NT 10.0; Win64; x64) AppleWebKit/537.36 (KHTML, like Gecko) Chrome/120.0.0.0 Safari/537.36"
20.44.177.173 - - [02/May/2026:18:59:04 +0530] "GET /index/function.php HTTP/1.1" 503 - "-" "Mozilla/5.0 (Windows NT 10.0; Win64; x64) AppleWebKit/537.36 (KHTML, like Gecko) Chrome/120.0.0.0 Safari/537.36"
20.44.177.173 - - [02/May/2026:18:59:05 +0530] "GET /buy.php HTTP/1.1" 503 - "-" "Mozilla/5.0 (Windows NT 10.0; Win64; x64) AppleWebKit/537.36 (KHTML, like Gecko) Chrome/120.0.0.0 Safari/537.36"
20.44.177.173 - - [02/May/2026:18:59:08 +0530] "GET /info.php HTTP/1.1" 503 - "-" "Mozilla/5.0 (Windows NT 10.0; Win64; x64) AppleWebKit/537.36 (KHTML, like Gecko) Chrome/120.0.0.0 Safari/537.36"
20.44.177.173 - - [02/May/2026:18:59:10 +0530] "GET /wp.php HTTP/1.1" 503 - "-" "Mozilla/5.0 (Windows NT 10.0; Win64; x64) AppleWebKit/537.36 (KHTML, like Gecko) Chrome/120.0.0.0 Safari/537.36"
20.44.177.173 - - [02/May/2026:18:59:11 +0530] "GET /wp-content/uploads/index.php HTTP/1.1" 503 - "-" "Mozilla/5.0 (Windows NT 10.0; Win64; x64) AppleWebKit/537.36 (KHTML, like Gecko) Chrome/120.0.0.0 Safari/537.36"
20.44.177.173 - - [02/May/2026:18:59:12 +0530] "GET /wp-config-sample.php HTTP/1.1" 503 - "-" "Mozilla/5.0 (Windows NT 10.0; Win64; x64) AppleWebKit/537.36 (KHTML, like Gecko) Chrome/120.0.0.0 Safari/537.36"
20.44.177.173 - - [02/May/2026:18:59:14 +0530] "GET /wp-content/themes/x/bypass.php HTTP/1.1" 503 - "-" "Mozilla/5.0 (Windows NT 10.0; Win64; x64) AppleWebKit/537.36 (KHTML, like Gecko) Chrome/120.0.0.0 Safari/537.36"
